-- https://www.phpmyadmin.net/
--

START TRANSACTION;



--
-- Database: `buzzified`
--

-- --------------------------------------------------------

--
-- Table structure for table `activity_log`
--

CREATE TABLE IF NOT EXISTS `activity_log` (
  `id` bigint UNSIGNED NOT NULL AUTO_INCREMENT,
  `log_name` varchar(191) COLLATE utf8mb4_unicode_ci DEFAULT NULL,
  `description` text COLLATE utf8mb4_unicode_ci NOT NULL,
  `subject_type` varchar(191) COLLATE utf8mb4_unicode_ci DEFAULT NULL,
  `subject_id` bigint UNSIGNED DEFAULT NULL,
  `event` varchar(191) COLLATE utf8mb4_unicode_ci DEFAULT NULL,
  `causer_type` varchar(191) COLLATE utf8mb4_unicode_ci DEFAULT NULL,
  `causer_id` bigint UNSIGNED DEFAULT NULL,
  `attribute_changes` json DEFAULT NULL,
  `properties` json DEFAULT NULL,
  `created_at` timestamp NULL DEFAULT NULL,
  `updated_at` timestamp NULL DEFAULT NULL,
  PRIMARY KEY (`id`),
  KEY `subject` (`subject_type`,`subject_id`),
  KEY `causer` (`causer_type`,`causer_id`),
  KEY `activity_log_log_name_index` (`log_name`)
) ENGINE=MyISAM DEFAULT CHARSET=utf8mb4 COLLATE=utf8mb4_unicode_ci;

-- --------------------------------------------------------

--
-- Table structure for table `banners`
--

CREATE TABLE IF NOT EXISTS `banners` (
  `id` bigint UNSIGNED NOT NULL AUTO_INCREMENT,
  `module_id` bigint UNSIGNED DEFAULT NULL,
  `badge_text` varchar(191) COLLATE utf8mb4_unicode_ci DEFAULT NULL,
  `title` varchar(191) COLLATE utf8mb4_unicode_ci NOT NULL,
  `subtitle` varchar(191) COLLATE utf8mb4_unicode_ci DEFAULT NULL,
  `button_text` varchar(191) COLLATE utf8mb4_unicode_ci DEFAULT NULL,
  `button_link` varchar(191) COLLATE utf8mb4_unicode_ci DEFAULT NULL,
  `icon` varchar(191) COLLATE utf8mb4_unicode_ci DEFAULT NULL,
  `bg_image` varchar(191) COLLATE utf8mb4_unicode_ci DEFAULT NULL,
  `gradient_start` varchar(191) COLLATE utf8mb4_unicode_ci NOT NULL DEFAULT '#ffffff',
  `gradient_end` varchar(191) COLLATE utf8mb4_unicode_ci NOT NULL DEFAULT '#f3f4f6',
  `text_color_primary` varchar(191) COLLATE utf8mb4_unicode_ci NOT NULL DEFAULT '#111827',
  `text_color_secondary` varchar(191) COLLATE utf8mb4_unicode_ci NOT NULL DEFAULT '#4b5563',
  `is_active` tinyint(1) NOT NULL DEFAULT '1',
  `sort_order` int NOT NULL DEFAULT '0',
  `created_at` timestamp NULL DEFAULT NULL,
  `updated_at` timestamp NULL DEFAULT NULL,
  PRIMARY KEY (`id`),
  KEY `banners_module_id_index` (`module_id`)
) ENGINE=MyISAM AUTO_INCREMENT=9 DEFAULT CHARSET=utf8mb4 COLLATE=utf8mb4_unicode_ci;

--
-- Dumping data for table `banners`
--

INSERT INTO `banners` (`id`, `module_id`, `badge_text`, `title`, `subtitle`, `button_text`, `button_link`, `icon`, `bg_image`, `gradient_start`, `gradient_end`, `text_color_primary`, `text_color_secondary`, `is_active`, `sort_order`, `created_at`, `updated_at`) VALUES
(1, 10, 'Sale', 'Attractive offers', 'Beat the heat with our biggest clearance event.', 'Shop Now', './e-commerce/search?discount=true', 'sun', NULL, '#ffecd2', '#fcb69f', '#7c2d12', '#9a3412', 1, 2, '2026-08-21 01:01:01', '2026-08-21 01:43:21'),
(2, 10, 'Limited Time', '80% Off', 'Get discount above 80% with your favorite products', 'Shop Now', './e-commerce/search?discount=80', 'ticket', NULL, '#e0c3fc', '#8ec5fc', '#312e81', '#3730a3', 1, 1, '2026-08-21 01:01:01', '2026-08-21 01:43:06'),
(3, 10, 'New Collection', 'Fresh Arrivals', 'Discover the latest products added by our top vendors.', 'Explore New', 'http://localhost/buzzified/public/e-commerce/search?sort=latest', 'sparkles', 'banners/01M0J2KJA4JS19AN16VS2427X3.png', '#d4fc79', '#96e6a1', '#14532d', '#166534', 1, 3, '2026-08-21 01:01:01', '2026-08-21 06:21:53'),
(4, 10, 'Gift Guide', 'Perfect Presents', 'Find the ideal gift for your loved ones in our curated list.', 'View Guide', './e-commerce/search?category=89', 'gift', NULL, '#fdfbfb', '#e3e3e3', '#0f172a', '#475569', 1, 4, '2026-08-21 01:01:01', '2026-08-21 06:23:54'),
(5, 1, 'Exploring', 'Looking for Something?', 'Explore local classifieds and find products, services, and items available near you.', 'Find Items', './classifieds/search', 'tag', NULL, '#15b07f', '#38c7bb', '#ffffff', '#ccfbf1', 1, 2, '2026-08-23 12:12:15', '2026-08-23 12:50:28'),
(6, 1, 'Trending Deals', 'Verified Gadgets & Vehicles', 'Explore certified second-hand electronics, cars, and home goods with buyer protection.', 'Explore Deals', './classifieds/search', 'sparkles', NULL, '#8d88f2', '#9662f0', '#ffffff', '#e0e7ff', 1, 1, '2026-08-23 12:12:15', '2026-08-23 12:53:34'),
(7, 2, 'Premium Living', 'Discover Luxury Villas & Apartments', 'Explore verified residential properties with panoramic views and world-class amenities.', 'Browse Properties', './real-estate/search?category=34', 'home', NULL, '#0f766e', '#0d9488', '#ffffff', '#ccfbf1', 1, 1, '2026-08-23 12:12:15', '2026-08-23 12:51:47'),
(8, 2, 'For Property Owners', 'List Your Property with Zero Hassle', 'Connect directly with verified buyers & tenants. Enjoy fast closures with top visibility.', 'List Property', './real-estate/search?category=34', 'key', NULL, '#1e3a8a', '#2563eb', '#ffffff', '#dbeafe', 1, 2, '2026-08-23 12:12:15', '2026-08-23 12:52:59');

-- --------------------------------------------------------

--
-- Table structure for table `cache`
--

CREATE TABLE IF NOT EXISTS `cache` (
  `key` varchar(191) COLLATE utf8mb4_unicode_ci NOT NULL,
  `value` mediumtext COLLATE utf8mb4_unicode_ci NOT NULL,
  `expiration` bigint NOT NULL,
  PRIMARY KEY (`key`),
  KEY `cache_expiration_index` (`expiration`)
) ENGINE=MyISAM DEFAULT CHARSET=utf8mb4 COLLATE=utf8mb4_unicode_ci;

-- --------------------------------------------------------

--
-- Table structure for table `cache_locks`
--

CREATE TABLE IF NOT EXISTS `cache_locks` (
  `key` varchar(191) COLLATE utf8mb4_unicode_ci NOT NULL,
  `owner` varchar(191) COLLATE utf8mb4_unicode_ci NOT NULL,
  `expiration` bigint NOT NULL,
  PRIMARY KEY (`key`),
  KEY `cache_locks_expiration_index` (`expiration`)
) ENGINE=MyISAM DEFAULT CHARSET=utf8mb4 COLLATE=utf8mb4_unicode_ci;

-- --------------------------------------------------------

--
-- Table structure for table `classified_categories`
--

CREATE TABLE IF NOT EXISTS `classified_categories` (
  `id` bigint UNSIGNED NOT NULL AUTO_INCREMENT,
  `parent_id` bigint UNSIGNED DEFAULT NULL,
  `name` varchar(191) COLLATE utf8mb4_unicode_ci NOT NULL,
  `slug` varchar(191) COLLATE utf8mb4_unicode_ci NOT NULL,
  `icon` varchar(191) COLLATE utf8mb4_unicode_ci DEFAULT NULL,
  `module` varchar(50) COLLATE utf8mb4_unicode_ci NOT NULL DEFAULT 'classified',
  `is_active` tinyint(1) NOT NULL DEFAULT '1',
  `is_provider_usage` tinyint(1) NOT NULL DEFAULT '0',
  `created_at` timestamp NULL DEFAULT NULL,
  `updated_at` timestamp NULL DEFAULT NULL,
  PRIMARY KEY (`id`),
  UNIQUE KEY `classified_categories_slug_unique` (`slug`),
  KEY `classified_categories_parent_id_foreign` (`parent_id`),
  KEY `classified_categories_module_index` (`module`)
) ENGINE=MyISAM AUTO_INCREMENT=211 DEFAULT CHARSET=utf8mb4 COLLATE=utf8mb4_unicode_ci;

--
-- Dumping data for table `classified_categories`
--

INSERT INTO `classified_categories` (`id`, `parent_id`, `name`, `slug`, `icon`, `module`, `is_active`, `is_provider_usage`, `created_at`, `updated_at`) VALUES
(1, NULL, 'Furniture', 'furniture', NULL, 'classified', 1, 0, '2026-04-02 14:21:12', '2026-04-02 14:21:12'),
(2, NULL, 'Electronics', 'electronics', '📱', 'classified', 1, 0, '2026-04-07 06:28:48', '2026-04-07 06:28:48'),
(3, 2, 'Mobile Phones', 'mobile-phones', '📱', 'classified', 1, 0, '2026-04-07 06:28:48', '2026-04-07 06:28:48'),
(4, 2, 'Laptops', 'laptops', '💻', 'classified', 1, 0, '2026-04-07 06:28:48', '2026-04-07 06:28:48'),
(5, 2, 'Tablets', 'tablets', '📱', 'classified', 1, 0, '2026-04-07 06:28:48', '2026-04-07 06:28:48'),
(6, 2, 'Cameras', 'cameras', '📷', 'classified', 1, 0, '2026-04-07 06:28:48', '2026-04-07 06:28:48'),
(7, 2, 'Audio', 'audio', '🎧', 'classified', 1, 0, '2026-04-07 06:28:48', '2026-04-07 06:28:48'),
(8, NULL, 'Vehicles', 'vehicles', '🚗', 'classified', 1, 0, '2026-04-07 06:28:48', '2026-04-07 06:28:48'),
(9, 8, 'Cars', 'cars', '🚗', 'classified', 1, 0, '2026-04-07 06:28:48', '2026-04-07 06:28:48'),
(10, 8, 'Motorcycles', 'motorcycles', '🏍️', 'classified', 1, 0, '2026-04-07 06:28:48', '2026-04-07 06:28:48'),
(11, 8, 'Bicycles', 'bicycles', '🚲', 'classified', 1, 0, '2026-04-07 06:28:48', '2026-04-07 06:28:48'),
(12, NULL, 'Property', 'property', '🏠', 'classified', 1, 0, '2026-04-07 06:28:48', '2026-04-07 06:28:48'),
(13, 12, 'Apartments', 'apartments', '🏢', 'classified', 1, 0, '2026-04-07 06:28:48', '2026-04-07 06:28:48'),
(14, 12, 'Houses', 'houses', '🏠', 'classified', 1, 0, '2026-04-07 06:28:48', '2026-04-07 06:28:48'),
(15, 12, 'Land', 'land', '🌍', 'classified', 1, 0, '2026-04-07 06:28:48', '2026-04-07 06:28:48'),
(16, NULL, 'Fashion', 'fashion', '👗', 'classified', 1, 0, '2026-04-07 06:28:48', '2026-04-07 06:28:48'),
(17, NULL, 'Books', 'books', '📚', 'classified', 1, 0, '2026-04-07 06:28:48', '2026-04-07 06:28:48'),
(18, NULL, 'Sports', 'sports', '⚽', 'classified', 1, 0, '2026-04-07 06:28:48', '2026-04-07 06:28:48'),
(19, NULL, 'Jobs', 'jobs', '💼', 'classified', 1, 0, '2026-04-07 06:28:48', '2026-04-07 06:28:48'),
(20, NULL, 'Services', 'services', '🔧', 'classified', 1, 0, '2026-04-07 06:28:48', '2026-04-07 06:28:48'),
(21, NULL, 'Pets', 'pets', '🐕', 'classified', 1, 0, '2026-04-07 06:28:48', '2026-04-07 06:28:48'),
(22, NULL, 'Plumbing', 'hs-plumbing', '🔧', 'home_services', 1, 0, '2026-04-27 06:10:16', '2026-04-27 06:10:16'),
(23, NULL, 'Electrical', 'hs-electrical', '⚡', 'home_services', 1, 0, '2026-04-27 06:10:16', '2026-05-02 04:32:40'),
(24, NULL, 'Cleaning', 'hs-cleaning', '🧹', 'home_services', 1, 0, '2026-04-27 06:10:16', '2026-04-27 06:10:16'),
(25, NULL, 'Carpentry', 'hs-carpentry', '🪵', 'home_services', 1, 0, '2026-04-27 06:10:16', '2026-04-27 06:10:16'),
(26, NULL, 'Painting', 'hs-painting', '🖌️', 'home_services', 1, 0, '2026-04-27 06:10:16', '2026-04-27 06:10:16'),
(27, NULL, 'AC & Appliances', 'hs-ac-appliances', '❄️', 'home_services', 1, 0, '2026-04-27 06:10:16', '2026-04-27 06:10:16'),
(28, NULL, 'Pest Control', 'hs-pest-control', '🐛', 'home_services', 1, 0, '2026-04-27 06:10:16', '2026-04-27 06:10:16'),
(29, NULL, 'Landscaping', 'hs-landscaping', '🌿', 'home_services', 1, 0, '2026-04-27 06:10:16', '2026-04-27 06:10:16'),
(30, NULL, 'Security Systems', 'hs-security', '🔒', 'home_services', 1, 0, '2026-04-27 06:10:16', '2026-04-27 06:10:16'),
(31, NULL, 'Interior Design', 'hs-interior', '🏡', 'home_services', 1, 0, '2026-04-27 06:10:16', '2026-04-27 06:10:16'),
(32, NULL, 'Plumbing', 'plumbing-hs', NULL, 'home_services', 1, 1, '2026-05-02 01:58:51', '2026-05-02 01:58:51'),
(33, 32, 'Pipe Repair', 'pipe-repair-hs', NULL, 'home_services', 1, 1, '2026-05-02 01:58:51', '2026-05-02 01:58:51'),
(34, NULL, 'Residential', 're-residential', 'home', 'real_estate', 1, 0, '2026-06-01 02:49:02', '2026-06-01 02:49:02'),
(35, 34, 'Apartment', 're-apartment', NULL, 'real_estate', 1, 0, '2026-06-01 02:49:02', '2026-06-01 02:49:02'),
(36, 34, 'House', 're-house', NULL, 'real_estate', 1, 0, '2026-06-01 02:49:02', '2026-06-01 02:49:02'),
(37, 34, 'Villa', 're-villa', NULL, 'real_estate', 1, 0, '2026-06-01 02:49:02', '2026-06-01 02:49:02'),
(38, 34, 'Studio', 're-studio', NULL, 'real_estate', 1, 0, '2026-06-01 02:49:02', '2026-06-01 02:49:02'),
(39, 34, 'Penthouse', 're-penthouse', NULL, 'real_estate', 1, 0, '2026-06-01 02:49:02', '2026-06-01 02:49:02'),
(40, NULL, 'Commercial', 're-commercial', 'building-2', 'real_estate', 1, 0, '2026-06-01 02:49:02', '2026-06-01 02:49:02'),
(41, 40, 'Office', 're-office', NULL, 'real_estate', 1, 0, '2026-06-01 02:49:02', '2026-06-01 02:49:02'),
(42, 40, 'Shop', 're-shop', NULL, 'real_estate', 1, 0, '2026-06-01 02:49:02', '2026-06-01 02:49:02'),
(43, 40, 'Warehouse', 're-warehouse', NULL, 'real_estate', 1, 0, '2026-06-01 02:49:02', '2026-06-01 02:49:02'),
(44, 40, 'Showroom', 're-showroom', NULL, 'real_estate', 1, 0, '2026-06-01 02:49:02', '2026-06-01 02:49:02'),
(45, NULL, 'Land', 're-land', 'map', 'real_estate', 1, 0, '2026-06-01 02:49:02', '2026-06-01 02:49:02'),
(46, 45, 'Residential Plot', 're-residential-plot', NULL, 'real_estate', 1, 0, '2026-06-01 02:49:02', '2026-06-01 02:49:02'),
(47, 45, 'Commercial Plot', 're-commercial-plot', NULL, 'real_estate', 1, 0, '2026-06-01 02:49:02', '2026-06-01 02:49:02'),
(48, 45, 'Agricultural Land', 're-agricultural-land', NULL, 'real_estate', 1, 0, '2026-06-01 02:49:02', '2026-06-01 02:49:02'),
(49, NULL, 'Haircut', 'haircut-Wagq', 'scissors', 'salonspa', 1, 0, '2026-06-08 07:03:05', '2026-06-08 07:03:05'),
(50, NULL, 'Hair Styling', 'hair-styling-NNyu', 'sparkles', 'salonspa', 1, 0, '2026-06-08 07:03:05', '2026-06-08 07:03:05'),
(51, NULL, 'Hair Coloring', 'hair-coloring-pt4w', 'palette', 'salonspa', 1, 0, '2026-06-08 07:03:05', '2026-06-08 07:03:05'),
(52, NULL, 'Facial', 'facial-arlu', 'smile', 'salonspa', 1, 0, '2026-06-08 07:03:05', '2026-06-08 07:03:05'),
(53, NULL, 'Manicure', 'manicure-sHtq', 'hand', 'salonspa', 1, 0, '2026-06-08 07:03:05', '2026-06-08 07:03:05'),
(54, NULL, 'Pedicure', 'pedicure-Kbpx', 'footprints', 'salonspa', 1, 0, '2026-06-08 07:03:05', '2026-06-08 07:03:05'),
(55, NULL, 'Massage', 'massage-S6DJ', 'heart-pulse', 'salonspa', 1, 0, '2026-06-08 07:03:05', '2026-06-08 07:03:05'),
(56, NULL, 'Spa Therapy', 'spa-therapy-BkbT', 'droplets', 'salonspa', 1, 0, '2026-06-08 07:03:05', '2026-06-08 07:03:05'),
(57, NULL, 'Makeup', 'makeup-G6Bl', 'wand-2', 'salonspa', 1, 0, '2026-06-08 07:03:05', '2026-06-08 07:03:05'),
(58, NULL, 'Bridal Makeup', 'bridal-makeup-Y1mD', 'crown', 'salonspa', 1, 0, '2026-06-08 07:03:05', '2026-06-08 07:03:05'),
(59, NULL, 'Nail Art', 'nail-art-gIdM', 'paintbrush', 'salonspa', 1, 0, '2026-06-08 07:03:05', '2026-06-08 07:03:05'),
(60, NULL, 'Personal Training', 'personal-training-fitness', 'user', 'fitness_trainer', 1, 1, '2026-06-10 08:35:05', '2026-06-10 08:35:05'),
(61, NULL, 'Weight Loss', 'weight-loss-fitness', 'trending-down', 'fitness_trainer', 1, 1, '2026-06-10 08:35:05', '2026-06-10 08:35:05'),
(62, NULL, 'Weight Gain', 'weight-gain-fitness', 'trending-up', 'fitness_trainer', 1, 1, '2026-06-10 08:35:05', '2026-06-10 08:35:05'),
(63, NULL, 'Bodybuilding', 'bodybuilding-fitness', 'dumbbell', 'fitness_trainer', 1, 1, '2026-06-10 08:35:05', '2026-06-10 08:35:05'),
(64, NULL, 'Yoga', 'yoga-fitness', 'smile', 'fitness_trainer', 1, 1, '2026-06-10 08:35:05', '2026-06-10 08:35:05'),
(65, NULL, 'Zumba', 'zumba-fitness', 'music', 'fitness_trainer', 1, 1, '2026-06-10 08:35:05', '2026-06-10 08:35:05'),
(66, NULL, 'CrossFit', 'crossfit-fitness', 'activity', 'fitness_trainer', 1, 1, '2026-06-10 08:35:05', '2026-06-10 08:35:05'),
(67, NULL, 'Cardio', 'cardio-fitness', 'heart', 'fitness_trainer', 1, 1, '2026-06-10 08:35:05', '2026-06-10 08:35:05'),
(68, NULL, 'Strength Training', 'strength-training-fitness', 'anchor', 'fitness_trainer', 1, 1, '2026-06-10 08:35:05', '2026-06-10 08:35:05'),
(69, NULL, 'Martial Arts', 'martial-arts-fitness', 'shield', 'fitness_trainer', 1, 1, '2026-06-10 08:35:05', '2026-06-10 08:35:05'),
(70, NULL, 'Nutrition Coaching', 'nutrition-coaching-fitness', 'apple', 'fitness_trainer', 1, 1, '2026-06-10 08:35:05', '2026-06-10 08:35:05'),
(71, NULL, 'Electronics', 'electronics-ec', '💻', 'ecommerce', 1, 0, '2026-06-27 07:10:05', '2026-06-27 07:10:05'),
(72, NULL, 'Fashion & Apparel', 'fashion-apparel', '👕', 'ecommerce', 1, 0, '2026-06-27 07:10:05', '2026-06-27 07:10:05'),
(73, NULL, 'Grocery & Food', 'grocery-ec', '🛒', 'ecommerce', 1, 0, '2026-06-27 07:10:05', '2026-06-27 07:10:05'),
(74, NULL, 'Beauty & Personal Care', 'beauty-personal-care', '💄', 'ecommerce', 1, 0, '2026-06-27 07:10:05', '2026-06-27 07:10:05'),
(75, NULL, 'Furniture', 'furniture-ec', '🪑', 'ecommerce', 1, 0, '2026-06-27 07:10:05', '2026-06-27 07:10:05'),
(76, NULL, 'Books & Stationery', 'books-ec', '📚', 'ecommerce', 1, 0, '2026-06-27 07:10:05', '2026-06-27 07:10:05'),
(77, NULL, 'Sports & Fitness', 'sports-ec', '🏀', 'ecommerce', 1, 0, '2026-06-27 07:10:05', '2026-06-27 07:10:05'),
(78, NULL, 'Toys & Games', 'toys-ec', '🎮', 'ecommerce', 1, 0, '2026-06-27 07:10:05', '2026-06-27 07:10:05'),
(79, NULL, 'Shoes & Footwear', 'shoes-footwear-522', '👟', 'ecommerce', 1, 0, '2026-08-20 06:34:31', '2026-08-20 06:34:31'),
(80, NULL, 'Jewelry & Accessories', 'jewelry-accessories-327', '💍', 'ecommerce', 1, 0, '2026-08-20 06:34:31', '2026-08-20 06:34:31'),
(81, NULL, 'Mobile & Accessories', 'mobile-accessories-7004', '📱', 'ecommerce', 1, 0, '2026-08-20 06:35:19', '2026-08-20 06:35:19'),
(82, NULL, 'Home & Living', 'home-living-6322', '🏠', 'ecommerce', 1, 0, '2026-08-20 06:35:19', '2026-08-20 06:35:19'),
(83, NULL, 'Baby & Kids', 'baby-kids-8296', '👶', 'ecommerce', 1, 0, '2026-08-20 06:35:19', '2026-08-20 06:35:19'),
(84, NULL, 'Automotive', 'automotive-1243', '🚗', 'ecommerce', 1, 0, '2026-08-20 06:35:19', '2026-08-20 06:35:19'),
(85, NULL, 'Pet Supplies', 'pet-supplies-8731', '🐕', 'ecommerce', 1, 0, '2026-08-20 06:35:19', '2026-08-20 06:35:19'),
(86, NULL, 'Tools & Hardware', 'tools-hardware-6003', '🛠️', 'ecommerce', 1, 0, '2026-08-20 06:35:19', '2026-08-20 06:35:19'),
(87, NULL, 'Garden & Outdoor', 'garden-outdoor-2116', '🌿', 'ecommerce', 1, 0, '2026-08-20 06:35:19', '2026-08-20 06:35:19'),
(88, NULL, 'Travel & Luggage', 'travel-luggage-8675', '🧳', 'ecommerce', 1, 0, '2026-08-20 06:35:19', '2026-08-20 06:35:19'),
(89, NULL, 'Gifts & Collectibles', 'gifts-collectibles-6550', '🎁', 'ecommerce', 1, 0, '2026-08-20 06:35:19', '2026-08-20 06:35:19'),
(90, NULL, 'Health & Wellness', 'health-wellness-2912', '🏥', 'ecommerce', 1, 0, '2026-08-20 06:35:19', '2026-08-20 06:35:19'),
(91, 72, 'Men', 'fashion-apparel-men-6373', NULL, 'ecommerce', 1, 0, '2026-08-20 06:46:09', '2026-08-20 06:46:09'),
(92, 72, 'Women', 'fashion-apparel-women-5874', NULL, 'ecommerce', 1, 0, '2026-08-20 06:46:09', '2026-08-20 06:46:09'),
(93, 72, 'Kids', 'fashion-apparel-kids-5666', NULL, 'ecommerce', 1, 0, '2026-08-20 06:46:09', '2026-08-20 06:46:09'),
(94, 72, 'Ethnic Wear', 'fashion-apparel-ethnic-wear-5387', NULL, 'ecommerce', 1, 0, '2026-08-20 06:46:09', '2026-08-20 06:46:09'),
(95, 72, 'Innerwear', 'fashion-apparel-innerwear-9991', NULL, 'ecommerce', 1, 0, '2026-08-20 06:46:09', '2026-08-20 06:46:09'),
(96, 79, 'Men', 'shoes-footwear-men-6306', NULL, 'ecommerce', 1, 0, '2026-08-20 06:46:09', '2026-08-20 06:46:09'),
(97, 79, 'Women', 'shoes-footwear-women-3354', NULL, 'ecommerce', 1, 0, '2026-08-20 06:46:09', '2026-08-20 06:46:09'),
(98, 79, 'Kids', 'shoes-footwear-kids-6312', NULL, 'ecommerce', 1, 0, '2026-08-20 06:46:09', '2026-08-20 06:46:09'),
(99, 79, 'Sneakers', 'shoes-footwear-sneakers-2974', NULL, 'ecommerce', 1, 0, '2026-08-20 06:46:09', '2026-08-20 06:46:09'),
(100, 79, 'Sports', 'shoes-footwear-sports-6168', NULL, 'ecommerce', 1, 0, '2026-08-20 06:46:09', '2026-08-20 06:46:09'),
(101, 79, 'Formal', 'shoes-footwear-formal-8997', NULL, 'ecommerce', 1, 0, '2026-08-20 06:46:09', '2026-08-20 06:46:09'),
(102, 80, 'Rings', 'jewelry-accessories-rings-2657', NULL, 'ecommerce', 1, 0, '2026-08-20 06:46:09', '2026-08-20 06:46:09'),
(103, 80, 'Necklaces', 'jewelry-accessories-necklaces-2256', NULL, 'ecommerce', 1, 0, '2026-08-20 06:46:09', '2026-08-20 06:46:09'),
(104, 80, 'Earrings', 'jewelry-accessories-earrings-8105', NULL, 'ecommerce', 1, 0, '2026-08-20 06:46:09', '2026-08-20 06:46:09'),
(105, 80, 'Watches', 'jewelry-accessories-watches-3960', NULL, 'ecommerce', 1, 0, '2026-08-20 06:46:09', '2026-08-20 06:46:09'),
(106, 80, 'Bags', 'jewelry-accessories-bags-6542', NULL, 'ecommerce', 1, 0, '2026-08-20 06:46:09', '2026-08-20 06:46:09'),
(107, 80, 'Sunglasses', 'jewelry-accessories-sunglasses-8127', NULL, 'ecommerce', 1, 0, '2026-08-20 06:46:09', '2026-08-20 06:46:09'),
(108, 74, 'Skincare', 'beauty-personal-care-skincare-3315', NULL, 'ecommerce', 1, 0, '2026-08-20 06:46:09', '2026-08-20 06:46:09'),
(109, 74, 'Makeup', 'beauty-personal-care-makeup-7481', NULL, 'ecommerce', 1, 0, '2026-08-20 06:46:09', '2026-08-20 06:46:09'),
(110, 74, 'Hair Care', 'beauty-personal-care-hair-care-3784', NULL, 'ecommerce', 1, 0, '2026-08-20 06:46:09', '2026-08-20 06:46:09'),
(111, 74, 'Fragrance', 'beauty-personal-care-fragrance-4770', NULL, 'ecommerce', 1, 0, '2026-08-20 06:46:09', '2026-08-20 06:46:09'),
(112, 74, 'Grooming', 'beauty-personal-care-grooming-7345', NULL, 'ecommerce', 1, 0, '2026-08-20 06:46:09', '2026-08-20 06:46:09'),
(113, 71, 'TVs', 'electronics-tvs-2548', NULL, 'ecommerce', 1, 0, '2026-08-20 06:46:09', '2026-08-20 06:46:09'),
(114, 71, 'Laptops', 'electronics-laptops-3202', NULL, 'ecommerce', 1, 0, '2026-08-20 06:46:09', '2026-08-20 06:46:09'),
(115, 71, 'Cameras', 'electronics-cameras-9991', NULL, 'ecommerce', 1, 0, '2026-08-20 06:46:09', '2026-08-20 06:46:09'),
(116, 71, 'Audio', 'electronics-audio-7958', NULL, 'ecommerce', 1, 0, '2026-08-20 06:46:09', '2026-08-20 06:46:09'),
(117, 71, 'Gaming', 'electronics-gaming-7252', NULL, 'ecommerce', 1, 0, '2026-08-20 06:46:09', '2026-08-20 06:46:09'),
(118, 71, 'Computers', 'electronics-computers-9660', NULL, 'ecommerce', 1, 0, '2026-08-20 06:46:09', '2026-08-20 06:46:09'),
(119, 81, 'Phones', 'mobile-accessories-phones-6611', NULL, 'ecommerce', 1, 0, '2026-08-20 06:46:09', '2026-08-20 06:46:09'),
(120, 81, 'Cases', 'mobile-accessories-cases-6400', NULL, 'ecommerce', 1, 0, '2026-08-20 06:46:09', '2026-08-20 06:46:09'),
(121, 81, 'Chargers', 'mobile-accessories-chargers-6155', NULL, 'ecommerce', 1, 0, '2026-08-20 06:46:09', '2026-08-20 06:46:09'),
(122, 81, 'Cables', 'mobile-accessories-cables-7901', NULL, 'ecommerce', 1, 0, '2026-08-20 06:46:09', '2026-08-20 06:46:09'),
(123, 81, 'Earbuds', 'mobile-accessories-earbuds-3250', NULL, 'ecommerce', 1, 0, '2026-08-20 06:46:09', '2026-08-20 06:46:09'),
(124, 81, 'Smartwatches', 'mobile-accessories-smartwatches-2571', NULL, 'ecommerce', 1, 0, '2026-08-20 06:46:09', '2026-08-20 06:46:09'),
(125, 82, 'Kitchen', 'home-living-kitchen-5612', NULL, 'ecommerce', 1, 0, '2026-08-20 06:46:09', '2026-08-20 06:46:09'),
(126, 82, 'Decor', 'home-living-decor-3631', NULL, 'ecommerce', 1, 0, '2026-08-20 06:46:09', '2026-08-20 06:46:09'),
(127, 82, 'Lighting', 'home-living-lighting-9549', NULL, 'ecommerce', 1, 0, '2026-08-20 06:46:09', '2026-08-20 06:46:09'),
(128, 82, 'Bedding', 'home-living-bedding-4676', NULL, 'ecommerce', 1, 0, '2026-08-20 06:46:09', '2026-08-20 06:46:09'),
(129, 82, 'Storage', 'home-living-storage-2263', NULL, 'ecommerce', 1, 0, '2026-08-20 06:46:09', '2026-08-20 06:46:09'),
(130, 82, 'Appliances', 'home-living-appliances-4007', NULL, 'ecommerce', 1, 0, '2026-08-20 06:46:09', '2026-08-20 06:46:09'),
(131, 75, 'Living Room', 'furniture-living-room-5418', NULL, 'ecommerce', 1, 0, '2026-08-20 06:46:09', '2026-08-20 06:46:09'),
(132, 75, 'Bedroom', 'furniture-bedroom-5533', NULL, 'ecommerce', 1, 0, '2026-08-20 06:46:09', '2026-08-20 06:46:09'),
(133, 75, 'Dining', 'furniture-dining-8182', NULL, 'ecommerce', 1, 0, '2026-08-20 06:46:09', '2026-08-20 06:46:09'),
(134, 75, 'Office', 'furniture-office-5029', NULL, 'ecommerce', 1, 0, '2026-08-20 06:46:09', '2026-08-20 06:46:09'),
(135, 75, 'Outdoor', 'furniture-outdoor-5373', NULL, 'ecommerce', 1, 0, '2026-08-20 06:46:09', '2026-08-20 06:46:09'),
(136, 75, 'Kids', 'furniture-kids-5308', NULL, 'ecommerce', 1, 0, '2026-08-20 06:46:09', '2026-08-20 06:46:09'),
(137, 73, 'Fruits', 'grocery-food-fruits-9287', NULL, 'ecommerce', 1, 0, '2026-08-20 06:46:09', '2026-08-20 06:46:09'),
(138, 73, 'Vegetables', 'grocery-food-vegetables-4047', NULL, 'ecommerce', 1, 0, '2026-08-20 06:46:09', '2026-08-20 06:46:09'),
(139, 73, 'Dairy', 'grocery-food-dairy-7668', NULL, 'ecommerce', 1, 0, '2026-08-20 06:46:09', '2026-08-20 06:46:09'),
(140, 73, 'Meat', 'grocery-food-meat-5929', NULL, 'ecommerce', 1, 0, '2026-08-20 06:46:09', '2026-08-20 06:46:09'),
(141, 73, 'Snacks', 'grocery-food-snacks-8524', NULL, 'ecommerce', 1, 0, '2026-08-20 06:46:09', '2026-08-20 06:46:09'),
(142, 73, 'Beverages', 'grocery-food-beverages-2168', NULL, 'ecommerce', 1, 0, '2026-08-20 06:46:09', '2026-08-20 06:46:09'),
(143, 73, 'Packaged Food', 'grocery-food-packaged-food-7771', NULL, 'ecommerce', 1, 0, '2026-08-20 06:46:09', '2026-08-20 06:46:09'),
(144, 76, 'Fiction', 'books-stationery-fiction-7832', NULL, 'ecommerce', 1, 0, '2026-08-20 06:46:09', '2026-08-20 06:46:09'),
(145, 76, 'Academic', 'books-stationery-academic-8058', NULL, 'ecommerce', 1, 0, '2026-08-20 06:46:09', '2026-08-20 06:46:09'),
(146, 76, 'Kids', 'books-stationery-kids-6436', NULL, 'ecommerce', 1, 0, '2026-08-20 06:46:09', '2026-08-20 06:46:09'),
(147, 76, 'Comics', 'books-stationery-comics-5222', NULL, 'ecommerce', 1, 0, '2026-08-20 06:46:09', '2026-08-20 06:46:09'),
(148, 76, 'Notebooks', 'books-stationery-notebooks-2903', NULL, 'ecommerce', 1, 0, '2026-08-20 06:46:09', '2026-08-20 06:46:09'),
(149, 76, 'Office Supplies', 'books-stationery-office-supplies-5905', NULL, 'ecommerce', 1, 0, '2026-08-20 06:46:09', '2026-08-20 06:46:09'),
(150, 77, 'Gym', 'sports-fitness-gym-4397', NULL, 'ecommerce', 1, 0, '2026-08-20 06:46:09', '2026-08-20 06:46:09'),
(151, 77, 'Running', 'sports-fitness-running-6437', NULL, 'ecommerce', 1, 0, '2026-08-20 06:46:09', '2026-08-20 06:46:09'),
(152, 77, 'Football', 'sports-fitness-football-2635', NULL, 'ecommerce', 1, 0, '2026-08-20 06:46:09', '2026-08-20 06:46:09'),
(153, 77, 'Cricket', 'sports-fitness-cricket-8869', NULL, 'ecommerce', 1, 0, '2026-08-20 06:46:09', '2026-08-20 06:46:09'),
(154, 77, 'Cycling', 'sports-fitness-cycling-9761', NULL, 'ecommerce', 1, 0, '2026-08-20 06:46:09', '2026-08-20 06:46:09'),
(155, 77, 'Yoga', 'sports-fitness-yoga-9985', NULL, 'ecommerce', 1, 0, '2026-08-20 06:46:09', '2026-08-20 06:46:09'),
(156, 77, 'Outdoor', 'sports-fitness-outdoor-9703', NULL, 'ecommerce', 1, 0, '2026-08-20 06:46:09', '2026-08-20 06:46:09'),
(157, 78, 'Educational', 'toys-games-educational-3657', NULL, 'ecommerce', 1, 0, '2026-08-20 06:46:09', '2026-08-20 06:46:09'),
(158, 78, 'Dolls', 'toys-games-dolls-3690', NULL, 'ecommerce', 1, 0, '2026-08-20 06:46:09', '2026-08-20 06:46:09'),
(159, 78, 'Building Toys', 'toys-games-building-toys-6302', NULL, 'ecommerce', 1, 0, '2026-08-20 06:46:09', '2026-08-20 06:46:09'),
(160, 78, 'Board Games', 'toys-games-board-games-6757', NULL, 'ecommerce', 1, 0, '2026-08-20 06:46:09', '2026-08-20 06:46:09'),
(161, 78, 'Puzzles', 'toys-games-puzzles-2425', NULL, 'ecommerce', 1, 0, '2026-08-20 06:46:09', '2026-08-20 06:46:09'),
(162, 78, 'Gaming', 'toys-games-gaming-8396', NULL, 'ecommerce', 1, 0, '2026-08-20 06:46:09', '2026-08-20 06:46:09'),
(163, 83, 'Clothing', 'baby-kids-clothing-6888', NULL, 'ecommerce', 1, 0, '2026-08-20 06:46:09', '2026-08-20 06:46:09'),
(164, 83, 'Diapers', 'baby-kids-diapers-8786', NULL, 'ecommerce', 1, 0, '2026-08-20 06:46:09', '2026-08-20 06:46:09'),
(165, 83, 'Feeding', 'baby-kids-feeding-1986', NULL, 'ecommerce', 1, 0, '2026-08-20 06:46:09', '2026-08-20 06:46:09'),
(166, 83, 'Strollers', 'baby-kids-strollers-7705', NULL, 'ecommerce', 1, 0, '2026-08-20 06:46:09', '2026-08-20 06:46:09'),
(167, 83, 'Toys', 'baby-kids-toys-3709', NULL, 'ecommerce', 1, 0, '2026-08-20 06:46:09', '2026-08-20 06:46:09'),
(168, 83, 'Baby Care', 'baby-kids-baby-care-4066', NULL, 'ecommerce', 1, 0, '2026-08-20 06:46:09', '2026-08-20 06:46:09'),
(169, 84, 'Cars', 'automotive-cars-2459', NULL, 'ecommerce', 1, 0, '2026-08-20 06:46:09', '2026-08-20 06:46:09'),
(170, 84, 'Bikes', 'automotive-bikes-5324', NULL, 'ecommerce', 1, 0, '2026-08-20 06:46:09', '2026-08-20 06:46:09'),
(171, 84, 'Parts', 'automotive-parts-3804', NULL, 'ecommerce', 1, 0, '2026-08-20 06:46:09', '2026-08-20 06:46:09'),
(172, 84, 'Accessories', 'automotive-accessories-6278', NULL, 'ecommerce', 1, 0, '2026-08-20 06:46:09', '2026-08-20 06:46:09'),
(173, 84, 'Tires', 'automotive-tires-9442', NULL, 'ecommerce', 1, 0, '2026-08-20 06:46:09', '2026-08-20 06:46:09'),
(174, 84, 'Electronics', 'automotive-electronics-9288', NULL, 'ecommerce', 1, 0, '2026-08-20 06:46:09', '2026-08-20 06:46:09'),
(175, 84, 'Car Care', 'automotive-car-care-3051', NULL, 'ecommerce', 1, 0, '2026-08-20 06:46:09', '2026-08-20 06:46:09'),
(176, 85, 'Dog', 'pet-supplies-dog-2834', NULL, 'ecommerce', 1, 0, '2026-08-20 06:46:09', '2026-08-20 06:46:09'),
(177, 85, 'Cat', 'pet-supplies-cat-3766', NULL, 'ecommerce', 1, 0, '2026-08-20 06:46:09', '2026-08-20 06:46:09'),
(178, 85, 'Bird', 'pet-supplies-bird-9924', NULL, 'ecommerce', 1, 0, '2026-08-20 06:46:09', '2026-08-20 06:46:09'),
(179, 85, 'Food', 'pet-supplies-food-3725', NULL, 'ecommerce', 1, 0, '2026-08-20 06:46:09', '2026-08-20 06:46:09'),
(180, 85, 'Toys', 'pet-supplies-toys-2920', NULL, 'ecommerce', 1, 0, '2026-08-20 06:46:09', '2026-08-20 06:46:09'),
(181, 85, 'Grooming', 'pet-supplies-grooming-5533', NULL, 'ecommerce', 1, 0, '2026-08-20 06:46:09', '2026-08-20 06:46:09'),
(182, 85, 'Accessories', 'pet-supplies-accessories-7230', NULL, 'ecommerce', 1, 0, '2026-08-20 06:46:09', '2026-08-20 06:46:09'),
(183, 86, 'Hand Tools', 'tools-hardware-hand-tools-9278', NULL, 'ecommerce', 1, 0, '2026-08-20 06:46:09', '2026-08-20 06:46:09'),
(184, 86, 'Power Tools', 'tools-hardware-power-tools-8728', NULL, 'ecommerce', 1, 0, '2026-08-20 06:46:09', '2026-08-20 06:46:09'),
(185, 86, 'Electrical', 'tools-hardware-electrical-5048', NULL, 'ecommerce', 1, 0, '2026-08-20 06:46:09', '2026-08-20 06:46:09'),
(186, 86, 'Plumbing', 'tools-hardware-plumbing-9299', NULL, 'ecommerce', 1, 0, '2026-08-20 06:46:09', '2026-08-20 06:46:09'),
(187, 86, 'Safety', 'tools-hardware-safety-4330', NULL, 'ecommerce', 1, 0, '2026-08-20 06:46:09', '2026-08-20 06:46:09'),
(188, 86, 'Hardware', 'tools-hardware-hardware-4495', NULL, 'ecommerce', 1, 0, '2026-08-20 06:46:09', '2026-08-20 06:46:09'),
(189, 87, 'Plants', 'garden-outdoor-plants-3900', NULL, 'ecommerce', 1, 0, '2026-08-20 06:46:09', '2026-08-20 06:46:09'),
(190, 87, 'Seeds', 'garden-outdoor-seeds-7250', NULL, 'ecommerce', 1, 0, '2026-08-20 06:46:09', '2026-08-20 06:46:09'),
(191, 87, 'Tools', 'garden-outdoor-tools-4862', NULL, 'ecommerce', 1, 0, '2026-08-20 06:46:09', '2026-08-20 06:46:09'),
(192, 87, 'Furniture', 'garden-outdoor-furniture-5625', NULL, 'ecommerce', 1, 0, '2026-08-20 06:46:09', '2026-08-20 06:46:09'),
(193, 87, 'Lighting', 'garden-outdoor-lighting-2642', NULL, 'ecommerce', 1, 0, '2026-08-20 06:46:09', '2026-08-20 06:46:09'),
(194, 87, 'BBQ', 'garden-outdoor-bbq-6278', NULL, 'ecommerce', 1, 0, '2026-08-20 06:46:09', '2026-08-20 06:46:09'),
(195, 87, 'Camping', 'garden-outdoor-camping-2550', NULL, 'ecommerce', 1, 0, '2026-08-20 06:46:09', '2026-08-20 06:46:09'),
(196, 88, 'Suitcases', 'travel-luggage-suitcases-5463', NULL, 'ecommerce', 1, 0, '2026-08-20 06:46:09', '2026-08-20 06:46:09'),
(197, 88, 'Bags', 'travel-luggage-bags-9198', NULL, 'ecommerce', 1, 0, '2026-08-20 06:46:09', '2026-08-20 06:46:09'),
(198, 88, 'Backpacks', 'travel-luggage-backpacks-2322', NULL, 'ecommerce', 1, 0, '2026-08-20 06:46:09', '2026-08-20 06:46:09'),
(199, 88, 'Travel Accessories', 'travel-luggage-travel-accessories-3564', NULL, 'ecommerce', 1, 0, '2026-08-20 06:46:09', '2026-08-20 06:46:09'),
(200, 88, 'Organizers', 'travel-luggage-organizers-5223', NULL, 'ecommerce', 1, 0, '2026-08-20 06:46:09', '2026-08-20 06:46:09'),
(201, 89, 'Gifts', 'gifts-collectibles-gifts-9611', NULL, 'ecommerce', 1, 0, '2026-08-20 06:46:09', '2026-08-20 06:46:09'),
(202, 89, 'Flowers', 'gifts-collectibles-flowers-6869', NULL, 'ecommerce', 1, 0, '2026-08-20 06:46:09', '2026-08-20 06:46:09'),
(203, 89, 'Handmade', 'gifts-collectibles-handmade-4695', NULL, 'ecommerce', 1, 0, '2026-08-20 06:46:09', '2026-08-20 06:46:09'),
(204, 89, 'Collectibles', 'gifts-collectibles-collectibles-2998', NULL, 'ecommerce', 1, 0, '2026-08-20 06:46:09', '2026-08-20 06:46:09'),
(205, 89, 'Party Supplies', 'gifts-collectibles-party-supplies-6633', NULL, 'ecommerce', 1, 0, '2026-08-20 06:46:09', '2026-08-20 06:46:09'),
(206, 90, 'Health Equipment', 'health-wellness-health-equipment-2170', NULL, 'ecommerce', 1, 0, '2026-08-20 06:46:09', '2026-08-20 06:46:09'),
(207, 90, 'First Aid', 'health-wellness-first-aid-5940', NULL, 'ecommerce', 1, 0, '2026-08-20 06:46:09', '2026-08-20 06:46:09'),
(208, 90, 'Wellness', 'health-wellness-wellness-2696', NULL, 'ecommerce', 1, 0, '2026-08-20 06:46:09', '2026-08-20 06:46:09'),
(209, 90, 'Mobility', 'health-wellness-mobility-5505', NULL, 'ecommerce', 1, 0, '2026-08-20 06:46:09', '2026-08-20 06:46:09'),
(210, 90, 'Personal Care', 'health-wellness-personal-care-7456', NULL, 'ecommerce', 1, 0, '2026-08-20 06:46:09', '2026-08-20 06:46:09');

-- --------------------------------------------------------

--
-- Table structure for table `classified_listings`
--

CREATE TABLE IF NOT EXISTS `classified_listings` (
  `id` bigint UNSIGNED NOT NULL AUTO_INCREMENT,
  `user_id` bigint UNSIGNED NOT NULL,
  `category_id` bigint UNSIGNED NOT NULL,
  `module` varchar(50) COLLATE utf8mb4_unicode_ci NOT NULL DEFAULT 'classified',
  `title` varchar(191) COLLATE utf8mb4_unicode_ci NOT NULL,
  `description` text COLLATE utf8mb4_unicode_ci NOT NULL,
  `price` decimal(10,2) DEFAULT NULL,
  `currency_code` varchar(3) COLLATE utf8mb4_unicode_ci DEFAULT NULL,
  `exchange_rate` decimal(14,8) DEFAULT NULL,
  `base_price` decimal(12,2) DEFAULT NULL,
  `location` varchar(191) COLLATE utf8mb4_unicode_ci DEFAULT NULL,
  `latitude` decimal(11,8) DEFAULT NULL,
  `longitude` decimal(11,8) DEFAULT NULL,
  `phone` varchar(20) COLLATE utf8mb4_unicode_ci DEFAULT NULL,
  `status` varchar(50) COLLATE utf8mb4_unicode_ci NOT NULL DEFAULT 'active',
  `is_featured` tinyint(1) NOT NULL DEFAULT '0',
  `featured_expires_at` timestamp NULL DEFAULT NULL,
  `expires_at` timestamp NULL DEFAULT NULL,
  `created_at` timestamp NULL DEFAULT NULL,
  `updated_at` timestamp NULL DEFAULT NULL,
  PRIMARY KEY (`id`),
  KEY `classified_listings_user_id_foreign` (`user_id`),
  KEY `classified_listings_category_id_foreign` (`category_id`),
  KEY `classified_listings_module_index` (`module`)
) ENGINE=MyISAM AUTO_INCREMENT=21 DEFAULT CHARSET=utf8mb4 COLLATE=utf8mb4_unicode_ci;

--
-- Dumping data for table `classified_listings`
--

INSERT INTO `classified_listings` (`id`, `user_id`, `category_id`, `module`, `title`, `description`, `price`, `currency_code`, `exchange_rate`, `base_price`, `location`, `latitude`, `longitude`, `phone`, `status`, `is_featured`, `featured_expires_at`, `expires_at`, `created_at`, `updated_at`) VALUES
(1, 1, 11, 'classified', 'iPhone 15 Pro Max - 256GB - Excellent Condition', 'Selling my iPhone 15 Pro Max in excellent condition. Barely used for 3 months.\n\n• 256GB Storage\n• Natural Titanium color\n• Battery health: 98%\n• All original accessories included\n• No scratches or dents\n\nBought for ₹1,59,900. Selling because I\'m switching to a different brand.', 125000.00, NULL, NULL, 125000.00, 'Mumbai, Maharashtra', NULL, NULL, NULL, 'active', 1, NULL, '2026-04-30 06:28:48', '2026-04-07 06:28:48', '2026-04-07 06:28:48'),
(2, 1, 13, 'classified', 'MacBook Pro M3 14\" - 18GB RAM, 512GB SSD', 'MacBook Pro M3 in Space Black. Perfect for developers and creatives.\n\n• M3 Pro chip\n• 18GB Unified Memory\n• 512GB SSD\n• Under Apple warranty until Dec 2026\n\nComes with original box and charger.', 185000.00, NULL, NULL, 185000.00, 'Bangalore, Karnataka', NULL, NULL, NULL, 'active', 1, NULL, '2026-05-16 06:28:48', '2026-04-07 06:28:48', '2026-04-07 06:28:48'),
(3, 1, 14, 'classified', '2022 Royal Enfield Classic 350 - Only 5000 km', 'Selling my Royal Enfield Classic 350 (2022 model).\n\n• Halcyon Black color\n• Just 5,000 km driven\n• Single owner\n• Insurance valid till March 2027', 165000.00, NULL, NULL, 165000.00, 'Delhi NCR', NULL, NULL, NULL, 'active', 1, NULL, '2026-05-12 06:28:48', '2026-04-07 06:28:48', '2026-04-07 06:28:48'),
(4, 1, 9, 'classified', 'Herman Miller Aeron Chair - Size B', 'Authentic Herman Miller Aeron office chair.\n\n• Size B (medium)\n• Fully loaded with all adjustments\n• PostureFit lumbar support\n• Excellent condition', 58000.00, NULL, NULL, 58000.00, 'Pune, Maharashtra', NULL, NULL, NULL, 'active', 0, NULL, '2026-05-02 06:28:48', '2026-04-07 06:28:48', '2026-04-07 06:28:48'),
(5, 1, 14, 'classified', 'Sony WH-1000XM5 Noise Cancelling Headphones', 'Sony\'s flagship noise cancelling headphones.\n\n• Industry-leading noise cancellation\n• 30-hour battery life\n• Silver color\n• Comes with carry case', 18500.00, NULL, NULL, 18500.00, 'Hyderabad, Telangana', NULL, NULL, NULL, 'active', 0, NULL, '2026-04-15 06:28:48', '2026-04-07 06:28:48', '2026-04-07 06:28:48'),
(6, 1, 9, 'classified', '3BHK Apartment for Rent in Andheri West', 'Spacious 3BHK apartment available for rent.\n\n• Area: 1200 sq.ft\n• Semi-furnished\n• Near Andheri metro station\n• Gym and swimming pool in society', 55000.00, NULL, NULL, 55000.00, 'Andheri West, Mumbai', NULL, NULL, NULL, 'active', 1, NULL, '2026-04-23 06:28:48', '2026-04-07 06:28:48', '2026-04-07 06:28:48'),
(7, 1, 17, 'classified', 'Canon EOS R6 Mark II with RF 24-70mm f/2.8', 'Professional mirrorless camera setup.\n\n• Canon EOS R6 Mark II body\n• Canon RF 24-70mm f/2.8L IS USM lens\n• Extra battery\n• Mint condition', 295000.00, NULL, NULL, 295000.00, 'Chennai, Tamil Nadu', NULL, NULL, NULL, 'active', 0, NULL, '2026-05-31 06:28:48', '2026-04-07 06:28:48', '2026-04-07 06:28:48'),
(8, 1, 9, 'classified', 'Complete Home Gym Setup - Barely Used', 'Complete home gym setup.\n\n• Power rack with pull-up bar\n• Olympic barbell (20kg)\n• Weight plates: 150kg total\n• Adjustable bench\n• Dumbbells: 5kg to 25kg pairs', 45000.00, NULL, NULL, 45000.00, 'Noida, UP', NULL, NULL, NULL, 'active', 0, NULL, '2026-06-01 06:28:48', '2026-04-07 06:28:48', '2026-04-07 06:28:48'),
(9, 1, 19, 'classified', 'Golden Retriever Puppies - KCI Registered', 'Beautiful Golden Retriever puppies.\n\n• 2 months old\n• KCI registered parents\n• First vaccination done\n• Dewormed\n• Health certificate provided', 35000.00, NULL, NULL, 35000.00, 'Kolkata, West Bengal', NULL, NULL, NULL, 'active', 1, NULL, '2026-05-01 06:28:48', '2026-04-07 06:28:48', '2026-04-07 06:28:48'),
(10, 1, 4, 'classified', 'Samsung Galaxy S24 Ultra - Brand New Sealed', 'Samsung Galaxy S24 Ultra. Brand new in sealed box.\n\n• 12GB RAM, 256GB Storage\n• Titanium Violet\n• Indian retail unit with full warranty', 115000.00, NULL, NULL, 115000.00, 'Jaipur, Rajasthan', NULL, NULL, NULL, 'active', 0, NULL, '2026-05-29 06:28:48', '2026-04-07 06:28:48', '2026-04-07 06:28:48'),
(11, 1, 6, 'classified', 'IKEA Standing Desk + Monitor Arm Bundle', 'IKEA BEKANT electric sit-stand desk.\n\n• 160x80cm white top\n• Electric height adjustment\n• Ergotron LX monitor arm included\n• Cable management tray', 28000.00, NULL, NULL, 28000.00, 'Gurgaon, Haryana', NULL, NULL, NULL, 'active', 0, NULL, '2026-05-25 06:28:48', '2026-04-07 06:28:48', '2026-04-07 06:28:48'),
(12, 1, 12, 'classified', 'Vintage Vinyl Record Collection - 200+ Records', 'Curated vinyl collection.\n\n• 200+ records\n• Classic Rock, Jazz, Blues, Indian Classical\n• Most in excellent condition\n• Selling as a lot', 75000.00, NULL, NULL, 75000.00, 'Pondicherry', NULL, NULL, NULL, 'active', 0, NULL, '2026-05-24 06:28:48', '2026-04-07 06:28:48', '2026-04-07 06:28:48'),
(13, 2, 1, 'classified', 'MY Test', 'sdfsd', 1000.00, NULL, NULL, 1000.00, 'mohali chandigarh', NULL, NULL, NULL, 'active', 0, NULL, '2026-05-07 06:56:17', '2026-04-07 06:56:17', '2026-04-07 06:56:17'),
(14, 2, 1, 'classified', 'chair with tables', 'chair werjejrwe\r\ndsf', 1000.00, NULL, NULL, 1000.00, 'My Current Location', 30.73014651, 76.63866156, NULL, 'active', 0, NULL, '2026-05-08 12:49:39', '2026-04-08 12:49:39', '2026-04-09 05:44:46'),
(15, 5, 8, 'classified', 'test', 'test', 10.00, 'USD', 1.00000000, 10.00, 'My Current Location', 30.72983008, 76.63861856, '+919417649265', 'active', 0, NULL, '2026-07-05 23:02:57', '2026-06-05 23:02:57', '2026-06-05 23:02:57'),
(16, 6, 4, 'classified', 'provider ad', 'new labptop dfhsf', 100.00, 'USD', 1.00000000, 100.00, 'My Current Location', 30.72995187, 76.63860786, '285648558', 'active', 1, '2026-06-13 00:42:45', '2026-07-05 23:14:07', '2026-06-05 23:14:07', '2026-06-06 00:42:45'),
(17, 6, 34, 'classified', 'New house', 'descriptiona for thatdescriptiona for thatdescriptiona for thatdescriptiona for thatdescriptiona for thatdescriptiona for that', 200.00, 'USD', 1.00000000, 200.00, 'Chandigarh, India', 30.73331480, 76.77941790, '9854854859', 'active', 1, '2026-08-30 02:05:19', '2026-07-06 00:00:43', '2026-06-06 00:00:43', '2026-08-23 02:12:59'),
(18, 29, 3, 'classified', 'New phone', 'A phone (or mobile phone) is a portable electronic tool that connects to a radio network to let you talk, text, and use the internet from almost anywhere.', 150.00, 'USD', 1.00000000, 150.00, 'Gillco Valley kharar', 30.72975750, 76.64328990, '985658965', 'active', 0, NULL, '2026-09-05 06:44:27', '2026-08-06 06:44:27', '2026-08-06 06:44:27'),
(19, 29, 8, 'classified', 'Good condition car', 'A car is a wheeled motor vehicle with four wheels and an engine, built mainly to carry a small number of people on roads. It runs on gas, diesel, or electricity to turn fuel or battery power into motion', 2000.00, 'USD', 1.00000000, 2000.00, 'Sector 127, Kharar, Kharar Tahsil, Sahibzada Ajit Singh Nagar, Punjab, 140300, India', 30.73008284, 76.63866297, '985658965', 'active', 0, NULL, '2026-09-06 02:37:14', '2026-08-07 02:37:14', '2026-08-14 07:41:40'),
(20, 33, 7, 'classified', 'sdfdsf', 'ssfd', 10.00, 'USD', 1.00000000, 10.00, 'landra', 30.73018160, 76.63894070, '9874585474', 'active', 0, NULL, '2026-09-13 07:48:47', '2026-08-14 07:48:47', '2026-08-14 07:50:15');

-- --------------------------------------------------------

--
-- Table structure for table `classified_offers`
--

CREATE TABLE IF NOT EXISTS `classified_offers` (
  `id` bigint UNSIGNED NOT NULL AUTO_INCREMENT,
  `listing_id` bigint UNSIGNED NOT NULL,
  `user_id` bigint UNSIGNED DEFAULT NULL,
  `name` varchar(191) COLLATE utf8mb4_unicode_ci NOT NULL,
  `email` varchar(191) COLLATE utf8mb4_unicode_ci DEFAULT NULL,
  `phone` varchar(191) COLLATE utf8mb4_unicode_ci NOT NULL,
  `amount` decimal(12,2) DEFAULT NULL,
  `message` text COLLATE utf8mb4_unicode_ci,
  `status` enum('pending','accepted','rejected') COLLATE utf8mb4_unicode_ci NOT NULL DEFAULT 'pending',
  `created_at` timestamp NULL DEFAULT NULL,
  `updated_at` timestamp NULL DEFAULT NULL,
  PRIMARY KEY (`id`),
  KEY `classified_offers_listing_id_foreign` (`listing_id`),
  KEY `classified_offers_user_id_foreign` (`user_id`)
) ENGINE=MyISAM DEFAULT CHARSET=utf8mb4 COLLATE=utf8mb4_unicode_ci;

-- --------------------------------------------------------

--
-- Table structure for table `classified_promotions`
--

CREATE TABLE IF NOT EXISTS `classified_promotions` (
  `id` bigint UNSIGNED NOT NULL AUTO_INCREMENT,
  `listing_id` bigint UNSIGNED NOT NULL,
  `provider_id` bigint UNSIGNED NOT NULL,
  `promotion_plan_id` bigint UNSIGNED NOT NULL,
  `promotion_type` varchar(191) COLLATE utf8mb4_unicode_ci NOT NULL,
  `start_date` datetime DEFAULT NULL,
  `end_date` datetime DEFAULT NULL,
  `payment_id` bigint UNSIGNED DEFAULT NULL,
  `status` enum('pending','active','expired','cancelled') COLLATE utf8mb4_unicode_ci NOT NULL DEFAULT 'pending',
  `created_at` timestamp NULL DEFAULT NULL,
  `updated_at` timestamp NULL DEFAULT NULL,
  PRIMARY KEY (`id`),
  KEY `classified_promotions_listing_id_foreign` (`listing_id`),
  KEY `classified_promotions_provider_id_foreign` (`provider_id`),
  KEY `classified_promotions_promotion_plan_id_foreign` (`promotion_plan_id`),
  KEY `classified_promotions_payment_id_foreign` (`payment_id`)
) ENGINE=MyISAM AUTO_INCREMENT=4 DEFAULT CHARSET=utf8mb4 COLLATE=utf8mb4_unicode_ci;

--
-- Dumping data for table `classified_promotions`
--

INSERT INTO `classified_promotions` (`id`, `listing_id`, `provider_id`, `promotion_plan_id`, `promotion_type`, `start_date`, `end_date`, `payment_id`, `status`, `created_at`, `updated_at`) VALUES
(1, 16, 2, 6, 'featured', '2026-06-06 06:12:44', '2026-06-13 06:12:44', 21, 'active', '2026-06-06 00:42:12', '2026-08-23 02:00:21'),
(2, 17, 2, 6, 'featured', '2026-07-14 07:08:45', '2026-07-21 07:08:45', 83, 'active', '2026-07-14 01:38:27', '2026-07-14 01:38:45'),
(3, 17, 2, 6, 'featured', '2026-08-23 07:35:19', '2026-08-30 07:35:19', 189, 'active', '2026-08-23 02:05:13', '2026-08-23 02:05:19');

-- --------------------------------------------------------

--
-- Table structure for table `classified_reports`
--

CREATE TABLE IF NOT EXISTS `classified_reports` (
  `id` bigint UNSIGNED NOT NULL AUTO_INCREMENT,
  `user_id` bigint UNSIGNED NOT NULL,
  `listing_id` bigint UNSIGNED DEFAULT NULL,
  `reason` text COLLATE utf8mb4_unicode_ci NOT NULL,
  `created_at` timestamp NULL DEFAULT NULL,
  `updated_at` timestamp NULL DEFAULT NULL,
  `reported_user_id` bigint UNSIGNED DEFAULT NULL,
  PRIMARY KEY (`id`),
  KEY `classified_reports_user_id_foreign` (`user_id`),
  KEY `classified_reports_listing_id_foreign` (`listing_id`),
  KEY `classified_reports_reported_user_id_foreign` (`reported_user_id`)
) ENGINE=MyISAM AUTO_INCREMENT=4 DEFAULT CHARSET=utf8mb4 COLLATE=utf8mb4_unicode_ci;

--
-- Dumping data for table `classified_reports`
--

INSERT INTO `classified_reports` (`id`, `user_id`, `listing_id`, `reason`, `created_at`, `updated_at`, `reported_user_id`) VALUES
(1, 2, NULL, 'not good content', '2026-04-09 06:03:03', '2026-04-09 06:03:03', 1),
(2, 5, NULL, 'dfsdf', '2026-06-06 00:11:43', '2026-06-06 00:11:43', 6),
(3, 30, 19, 'this is mislead the other', '2026-08-07 03:11:34', '2026-08-07 03:11:34', NULL);

-- --------------------------------------------------------

--
-- Table structure for table `commissions`
--

CREATE TABLE IF NOT EXISTS `commissions` (
  `id` bigint UNSIGNED NOT NULL AUTO_INCREMENT,
  `module` varchar(191) COLLATE utf8mb4_unicode_ci NOT NULL,
  `type` enum('flat','percent') COLLATE utf8mb4_unicode_ci NOT NULL DEFAULT 'percent',
  `value` decimal(10,2) NOT NULL DEFAULT '0.00',
  `min_amount` decimal(10,2) DEFAULT NULL,
  `max_amount` decimal(10,2) DEFAULT NULL,
  `created_at` timestamp NULL DEFAULT NULL,
  `updated_at` timestamp NULL DEFAULT NULL,
  PRIMARY KEY (`id`),
  UNIQUE KEY `commissions_module_unique` (`module`)
) ENGINE=MyISAM AUTO_INCREMENT=13 DEFAULT CHARSET=utf8mb4 COLLATE=utf8mb4_unicode_ci;

--
-- Dumping data for table `commissions`
--

INSERT INTO `commissions` (`id`, `module`, `type`, `value`, `min_amount`, `max_amount`, `created_at`, `updated_at`) VALUES
(1, 'Classified', 'percent', 10.00, NULL, NULL, '2026-04-02 13:28:14', '2026-04-02 13:28:14'),
(2, 'RealEstate', 'percent', 10.00, NULL, NULL, '2026-04-02 13:28:14', '2026-04-02 13:28:14'),
(3, 'HomeServices', 'percent', 10.00, 1.00, NULL, '2026-04-02 13:28:14', '2026-05-28 02:06:34'),
(4, 'DoctorAppointment', 'percent', 10.00, NULL, NULL, '2026-04-02 13:28:14', '2026-04-02 13:28:14'),
(5, 'SalonSpa', 'percent', 10.00, NULL, NULL, '2026-04-02 13:28:14', '2026-04-02 13:28:14'),
(6, 'FitnessTrainer', 'percent', 10.00, NULL, NULL, '2026-04-02 13:28:14', '2026-04-02 13:28:14'),
(7, 'ParcelDelivery', 'percent', 10.00, NULL, NULL, '2026-04-02 13:28:14', '2026-04-02 13:28:14'),
(8, 'FoodDelivery', 'percent', 10.00, NULL, NULL, '2026-04-02 13:28:14', '2026-04-02 13:28:14'),
(9, 'EventManagement', 'percent', 10.00, NULL, NULL, '2026-04-02 13:28:14', '2026-04-02 13:28:14'),
(10, 'home_services', 'percent', 10.00, NULL, NULL, '2026-05-28 02:32:43', '2026-05-28 02:32:43'),
(11, 'real_estate', 'percent', 5.00, NULL, NULL, '2026-06-01 02:49:02', '2026-06-01 02:49:02'),
(12, 'ECommerce', 'percent', 10.00, NULL, NULL, '2026-06-27 06:22:42', '2026-06-27 06:22:42');

-- --------------------------------------------------------

--
-- Table structure for table `common_reports`
--

CREATE TABLE IF NOT EXISTS `common_reports` (
  `id` bigint UNSIGNED NOT NULL AUTO_INCREMENT,
  `module` varchar(50) COLLATE utf8mb4_unicode_ci NOT NULL,
  `reportable_type` varchar(191) COLLATE utf8mb4_unicode_ci DEFAULT NULL,
  `reportable_id` bigint UNSIGNED NOT NULL,
  `user_id` bigint UNSIGNED NOT NULL,
  `owner_id` bigint UNSIGNED DEFAULT NULL,
  `reason` varchar(191) COLLATE utf8mb4_unicode_ci NOT NULL,
  `comment` text COLLATE utf8mb4_unicode_ci,
  `status` enum('pending','under_review','resolved','rejected') COLLATE utf8mb4_unicode_ci NOT NULL DEFAULT 'pending',
  `reviewed_by` bigint UNSIGNED DEFAULT NULL,
  `reviewed_at` timestamp NULL DEFAULT NULL,
  `created_at` timestamp NULL DEFAULT NULL,
  `updated_at` timestamp NULL DEFAULT NULL,
  PRIMARY KEY (`id`),
  UNIQUE KEY `unique_user_module_item_report` (`user_id`,`module`,`reportable_id`),
  KEY `common_reports_owner_id_foreign` (`owner_id`),
  KEY `common_reports_reviewed_by_foreign` (`reviewed_by`)
) ENGINE=MyISAM AUTO_INCREMENT=25 DEFAULT CHARSET=utf8mb4 COLLATE=utf8mb4_unicode_ci;

--
-- Dumping data for table `common_reports`
--

INSERT INTO `common_reports` (`id`, `module`, `reportable_type`, `reportable_id`, `user_id`, `owner_id`, `reason`, `comment`, `status`, `reviewed_by`, `reviewed_at`, `created_at`, `updated_at`) VALUES
(1, 'classified', 'Modules\\Classified\\Models\\Listing', 19, 30, 29, 'Fake Listing', 'fadfsfsfs sfdf sadf', 'resolved', 1, '2026-08-07 03:47:36', '2026-08-07 03:30:38', '2026-08-07 03:47:36'),
(2, 'classified', 'App\\Models\\User', 29, 1, 29, 'Spam', 'this i face user', 'resolved', 1, '2026-08-07 03:46:00', '2026-08-07 03:39:42', '2026-08-07 03:46:00'),
(3, 'classified', 'App\\Models\\User', 29, 30, 29, 'Fake Account', 'this is fake account', 'pending', NULL, NULL, '2026-08-12 06:20:32', '2026-08-12 06:20:32'),
(4, 'classified', 'Modules\\Classified\\Models\\Listing', 18, 30, 29, 'Fake Listing', 'lsdfksdfsfsfsf fsd', 'rejected', 1, '2026-08-12 06:22:13', '2026-08-12 06:21:43', '2026-08-12 06:22:13'),
(5, 'real_estate', 'Modules\\RealEstate\\Models\\Property', 7, 27, 29, 'Spam', 'sdfsfsfsf', 'rejected', 1, '2026-08-14 06:25:49', '2026-08-14 06:25:14', '2026-08-14 06:25:49'),
(14, 'real_estate', 'App\\Models\\User', 33, 27, 33, 'Abuse', 'sss', 'pending', NULL, NULL, '2026-08-14 07:43:02', '2026-08-14 07:43:02'),
(13, 'real_estate', 'Modules\\RealEstate\\Models\\Property', 10, 27, 33, 'Fake Listing', 'sdfsf', 'pending', NULL, NULL, '2026-08-14 07:42:15', '2026-08-14 07:42:15'),
(15, 'classified', 'Modules\\Classified\\Models\\Listing', 20, 27, 33, 'Fraud / Scam', 'rrrrrr', 'resolved', 1, '2026-08-14 07:50:18', '2026-08-14 07:49:04', '2026-08-14 07:50:18'),
(18, 'home_services', 'App\\Models\\User', 6, 27, 6, 'Spam / Unsolicited', 'aaaa', 'rejected', 1, '2026-08-18 07:15:06', '2026-08-17 07:34:56', '2026-08-18 07:15:06'),
(24, 'ecommerce', 'App\\Models\\Provider', 30, 27, 33, 'Abuse', 'dfsdfsfds', 'pending', NULL, NULL, '2026-08-21 08:03:16', '2026-08-21 08:03:16'),
(22, 'fitness_trainer', 'App\\Models\\Provider', 28, 27, 33, 'Scam / Fraud', 'sdfsf', 'pending', NULL, NULL, '2026-08-18 07:15:24', '2026-08-18 07:15:24');

-- --------------------------------------------------------

--
-- Table structure for table `conversations`
--

CREATE TABLE IF NOT EXISTS `conversations` (
  `id` bigint UNSIGNED NOT NULL AUTO_INCREMENT,
  `module_type` varchar(191) COLLATE utf8mb4_unicode_ci NOT NULL DEFAULT 'classified',
  `reference_id` bigint UNSIGNED DEFAULT NULL,
  `sender_id` bigint UNSIGNED NOT NULL,
  `receiver_id` bigint UNSIGNED NOT NULL,
  `subject` varchar(191) COLLATE utf8mb4_unicode_ci DEFAULT NULL,
  `last_message_at` timestamp NULL DEFAULT NULL,
  `created_at` timestamp NULL DEFAULT NULL,
  `updated_at` timestamp NULL DEFAULT NULL,
  PRIMARY KEY (`id`),
  UNIQUE KEY `conversations_unique` (`module_type`,`reference_id`,`sender_id`,`receiver_id`),
  KEY `conversations_receiver_id_foreign` (`receiver_id`),
  KEY `conversations_sender_id_receiver_id_index` (`sender_id`,`receiver_id`),
  KEY `conversations_module_type_reference_id_index` (`module_type`,`reference_id`)
) ENGINE=MyISAM AUTO_INCREMENT=34 DEFAULT CHARSET=utf8mb4 COLLATE=utf8mb4_unicode_ci;

--
-- Dumping data for table `conversations`
--

INSERT INTO `conversations` (`id`, `module_type`, `reference_id`, `sender_id`, `receiver_id`, `subject`, `last_message_at`, `created_at`, `updated_at`) VALUES
(1, 'classified', 1, 5, 1, 'iPhone 15 Pro Max - 256GB - Excellent Condition', '2026-06-01 01:21:53', '2026-04-14 12:10:59', '2026-06-01 01:21:53'),
(2, 'classified', 14, 5, 2, 'chair with tables', '2026-04-14 12:14:00', '2026-04-14 12:12:41', '2026-04-14 12:14:00'),
(3, 'classified', 14, 4, 2, 'chair with tables', '2026-04-14 12:21:27', '2026-04-14 12:21:27', '2026-04-14 12:21:27'),
(4, 'home_services', 24, 5, 6, 'Booking #HS-GAHJULQJ', '2026-06-01 02:05:03', '2026-06-01 02:03:15', '2026-06-01 02:05:03'),
(5, 'real_estate', 1, 5, 6, 'Inquiry: 3BHK 3Baths', '2026-06-01 13:18:28', '2026-06-01 13:15:05', '2026-06-01 13:18:28'),
(6, 'classified', 17, 5, 6, 'New house', '2026-06-06 00:03:13', '2026-06-06 00:01:35', '2026-06-06 00:03:13'),
(7, 'parceldelivery', 13, 5, 6, 'Parcel PD-JSO5BHYT', '2026-06-26 04:39:14', '2026-06-26 04:38:20', '2026-06-26 04:39:14'),
(8, 'home_services', 32, 5, 6, 'Booking #HS-SB5QXE8Z', '2026-07-15 05:31:21', '2026-07-15 05:31:21', '2026-07-15 05:31:21'),
(9, 'home_services', 27, 5, 6, 'Booking #HS-XAC0PTHN', '2026-07-16 08:09:58', '2026-07-16 08:09:10', '2026-07-16 08:09:58'),
(10, 'home_services', 26, 5, 6, 'Booking #HS-TIGFGMDI', '2026-07-16 08:10:29', '2026-07-16 08:10:29', '2026-07-16 08:10:29'),
(11, 'home_services', 25, 5, 6, 'Booking #HS-DXXAFW1E', '2026-07-16 08:10:41', '2026-07-16 08:10:41', '2026-07-16 08:10:41'),
(12, 'home_services', 35, 5, 6, 'Booking #HS-9EEPUOHQ', '2026-07-16 08:10:54', '2026-07-16 08:10:54', '2026-07-16 08:10:54'),
(13, 'home_services', 34, 5, 6, 'Booking #HS-GXA1P14Q', '2026-07-16 08:13:33', '2026-07-16 08:13:33', '2026-07-16 08:13:33'),
(14, 'home_services', 33, 5, 6, 'Booking #HS-SHPUO4GS', '2026-07-16 08:13:39', '2026-07-16 08:13:39', '2026-07-16 08:13:39'),
(15, 'home_services', 36, 5, 6, 'Booking #HS-ACTUXLUT', '2026-07-16 08:14:21', '2026-07-16 08:14:21', '2026-07-16 08:14:21'),
(16, 'home_services', 37, 5, 6, 'Booking #HS-YU4Y94SI', '2026-07-16 08:17:30', '2026-07-16 08:17:30', '2026-07-16 08:17:30'),
(17, 'home_services', 50, 5, 6, 'Booking #HS-PSKOUPOL', '2026-07-24 07:29:33', '2026-07-24 07:29:33', '2026-07-24 07:29:33'),
(18, 'home_services', 49, 5, 6, 'Booking #HS-B3YDPKZN', '2026-07-24 07:29:48', '2026-07-24 07:29:48', '2026-07-24 07:29:48'),
(19, 'home_services', 47, 5, 6, 'Booking #HS-IPUG0HCO', '2026-07-24 07:29:54', '2026-07-24 07:29:54', '2026-07-24 07:29:54'),
(20, 'home_services', 46, 5, 6, 'Booking #HS-FUGDSWG1', '2026-07-24 07:30:00', '2026-07-24 07:30:00', '2026-07-24 07:30:00'),
(21, 'home_services', 45, 5, 6, 'Booking #HS-LQTQYZRY', '2026-07-24 07:30:07', '2026-07-24 07:30:07', '2026-07-24 07:30:07'),
(22, 'home_services', 51, 5, 6, 'Booking #HS-NXXL209E', '2026-07-24 07:31:07', '2026-07-24 07:31:07', '2026-07-24 07:31:07'),
(23, 'home_services', 52, 5, 6, 'Booking #HS-D32HNWNQ', '2026-07-24 07:39:56', '2026-07-24 07:39:56', '2026-07-24 07:39:56'),
(24, 'home_services', 60, 5, 6, 'Booking #HS-3YMA85KR', '2026-08-12 11:57:36', '2026-08-04 05:51:05', '2026-08-12 11:57:36'),
(25, 'classified', 19, 30, 29, 'Good condition car', '2026-08-07 02:47:19', '2026-08-07 02:39:30', '2026-08-07 02:47:19'),
(26, 'classified', 0, 30, 29, 'Message to ClassiBuzz', '2026-08-07 02:48:49', '2026-08-07 02:47:49', '2026-08-07 02:48:49'),
(27, 'classified', 18, 30, 29, 'New phone', '2026-08-12 11:44:57', '2026-08-12 11:44:57', '2026-08-12 11:44:57'),
(28, 'real_estate', 7, 27, 29, 'Offer: Mohali estate', '2026-08-13 08:55:55', '2026-08-13 08:41:11', '2026-08-13 08:55:55'),
(29, 'classified', 18, 27, 29, 'New phone', '2026-08-13 08:58:17', '2026-08-13 08:57:45', '2026-08-13 08:58:17'),
(30, 'home_services', 62, 27, 33, 'Booking #HS-6CTDPEEV', '2026-08-14 13:21:28', '2026-08-14 13:20:38', '2026-08-14 13:21:28'),
(31, 'fitness', 6, 27, 6, 'Inquiry for Fitnex', '2026-08-18 07:03:07', '2026-08-18 07:02:17', '2026-08-18 07:03:07'),
(32, 'fitness', 28, 27, 33, 'Inquiry for FitterNest', '2026-08-18 07:06:26', '2026-08-18 07:03:55', '2026-08-18 07:06:26'),
(33, 'parceldelivery', 31, 27, 33, 'Parcel PD-AYTBONLQ', '2026-08-19 04:00:47', '2026-08-19 04:00:47', '2026-08-19 04:00:47');

-- --------------------------------------------------------

--
-- Table structure for table `currencies`
--

CREATE TABLE IF NOT EXISTS `currencies` (
  `id` bigint UNSIGNED NOT NULL AUTO_INCREMENT,
  `code` varchar(191) COLLATE utf8mb4_unicode_ci NOT NULL,
  `name` varchar(191) COLLATE utf8mb4_unicode_ci DEFAULT NULL,
  `symbol` varchar(191) COLLATE utf8mb4_unicode_ci DEFAULT NULL,
  `exchange_rate` decimal(15,6) NOT NULL DEFAULT '1.000000',
  `is_base` tinyint(1) NOT NULL DEFAULT '0',
  `is_enabled` tinyint(1) NOT NULL DEFAULT '1',
  `created_at` timestamp NULL DEFAULT NULL,
  `updated_at` timestamp NULL DEFAULT NULL,
  PRIMARY KEY (`id`),
  UNIQUE KEY `currencies_code_unique` (`code`)
) ENGINE=MyISAM AUTO_INCREMENT=11 DEFAULT CHARSET=utf8mb4 COLLATE=utf8mb4_unicode_ci;

--
-- Dumping data for table `currencies`
--

INSERT INTO `currencies` (`id`, `code`, `name`, `symbol`, `exchange_rate`, `is_base`, `is_enabled`, `created_at`, `updated_at`) VALUES
(1, 'USD', 'US Dollar', '$', 1.000000, 1, 1, NULL, '2026-07-21 11:58:23'),
(2, 'INR', 'Indian Rupee', '₹', 95.780000, 0, 1, NULL, '2026-06-03 00:47:12'),
(3, 'EUR', 'Euro', '€', 1.000000, 0, 1, NULL, '2026-07-21 11:58:11'),
(4, 'AED', 'UAE Dirham', 'د.إ', 3.670000, 0, 1, NULL, '2026-06-03 00:43:58'),
(5, 'GBP', 'British Pound', '£', 1.000000, 0, 1, NULL, '2026-07-15 06:21:56'),
(6, 'SAR', 'Saudi Riyal', '﷼', 3.750000, 0, 1, '2026-06-03 00:43:58', '2026-06-03 00:43:58'),
(7, 'AUD', 'Australian Dollar', 'A$', 1.540000, 0, 1, '2026-06-03 00:43:58', '2026-06-03 00:43:58'),
(8, 'CAD', 'Canadian Dollar', 'C$', 1.370000, 0, 1, '2026-06-03 00:43:58', '2026-06-03 00:43:58'),
(9, 'SGD', 'Singapore Dollar', 'S$', 1.000000, 0, 1, '2026-06-03 00:43:58', '2026-07-15 06:22:55'),
(10, 'MYR', 'Malaysian Ringgit', 'RM', 1.000000, 0, 1, '2026-06-03 00:43:58', '2026-07-21 11:58:23');

-- --------------------------------------------------------

--
-- Table structure for table `da_appointments`
--

CREATE TABLE IF NOT EXISTS `da_appointments` (
  `id` bigint UNSIGNED NOT NULL AUTO_INCREMENT,
  `user_id` bigint UNSIGNED NOT NULL,
  `provider_id` bigint UNSIGNED NOT NULL,
  `clinic_id` bigint UNSIGNED DEFAULT NULL,
  `appointment_ref` varchar(191) COLLATE utf8mb4_unicode_ci NOT NULL,
  `scheduled_date` date NOT NULL,
  `scheduled_time` time NOT NULL,
  `consultation_type` enum('in_person','video','phone') COLLATE utf8mb4_unicode_ci NOT NULL DEFAULT 'in_person',
  `patient_name` varchar(191) COLLATE utf8mb4_unicode_ci NOT NULL,
  `patient_phone` varchar(191) COLLATE utf8mb4_unicode_ci NOT NULL,
  `patient_age` tinyint UNSIGNED DEFAULT NULL,
  `patient_gender` enum('male','female','other') COLLATE utf8mb4_unicode_ci DEFAULT NULL,
  `symptoms` text COLLATE utf8mb4_unicode_ci,
  `notes` text COLLATE utf8mb4_unicode_ci,
  `amount` decimal(10,2) NOT NULL DEFAULT '0.00',
  `status` enum('draft','pending','confirmed','in_progress','completed','cancelled','no_show') COLLATE utf8mb4_unicode_ci NOT NULL DEFAULT 'draft',
  `payment_status` enum('unpaid','paid','refunded') COLLATE utf8mb4_unicode_ci NOT NULL DEFAULT 'unpaid',
  `payment_method` varchar(191) COLLATE utf8mb4_unicode_ci DEFAULT NULL,
  `confirmed_at` timestamp NULL DEFAULT NULL,
  `completed_at` timestamp NULL DEFAULT NULL,
  `cancelled_at` timestamp NULL DEFAULT NULL,
  `cancellation_reason` text COLLATE utf8mb4_unicode_ci,
  `review_requested` tinyint(1) NOT NULL DEFAULT '0',
  `created_at` timestamp NULL DEFAULT NULL,
  `updated_at` timestamp NULL DEFAULT NULL,
  PRIMARY KEY (`id`),
  UNIQUE KEY `da_appointments_appointment_ref_unique` (`appointment_ref`),
  KEY `da_appointments_clinic_id_foreign` (`clinic_id`),
  KEY `da_appointments_provider_id_scheduled_date_index` (`provider_id`,`scheduled_date`),
  KEY `da_appointments_user_id_status_index` (`user_id`,`status`),
  KEY `da_appointments_status_index` (`status`)
) ENGINE=MyISAM AUTO_INCREMENT=21 DEFAULT CHARSET=utf8mb4 COLLATE=utf8mb4_unicode_ci;

--
-- Dumping data for table `da_appointments`
--

INSERT INTO `da_appointments` (`id`, `user_id`, `provider_id`, `clinic_id`, `appointment_ref`, `scheduled_date`, `scheduled_time`, `consultation_type`, `patient_name`, `patient_phone`, `patient_age`, `patient_gender`, `symptoms`, `notes`, `amount`, `status`, `payment_status`, `payment_method`, `confirmed_at`, `completed_at`, `cancelled_at`, `cancellation_reason`, `review_requested`, `created_at`, `updated_at`) VALUES
(1, 5, 4, 1, 'DA-5DFCXSX5', '2026-06-05', '09:00:00', 'in_person', 'user3', '9854874548', 3, 'female', 'testing', 'ssss', 50.00, 'pending', 'unpaid', NULL, NULL, NULL, NULL, NULL, 0, '2026-06-05 05:03:00', '2026-06-05 05:03:00'),
(2, 5, 4, 1, 'DA-7L4NUYRJ', '2026-06-05', '09:15:00', 'in_person', 'user3', '9854874548', 22, 'male', 'ewr', 'wer', 50.00, 'cancelled', 'unpaid', NULL, NULL, NULL, '2026-06-05 05:40:59', NULL, 0, '2026-06-05 05:03:53', '2026-06-05 05:40:59'),
(3, 5, 4, 1, 'DA-V4TLF2DT', '2026-06-05', '09:30:00', 'in_person', 'user3', '9854874548', 33, 'male', '3errw', 'sdfsd', 50.00, 'cancelled', 'unpaid', NULL, NULL, NULL, '2026-06-05 05:08:26', NULL, 0, '2026-06-05 05:04:43', '2026-06-05 05:08:26'),
(4, 5, 4, 1, 'DA-HWCTKN9H', '2026-06-05', '09:30:00', 'in_person', 'user3', '9854874548', 22, 'male', 'dddddddd', 'aaaaaaa', 50.00, 'completed', 'paid', 'stripe', '2026-06-05 05:20:46', '2026-06-05 05:21:42', '2026-06-05 05:20:26', NULL, 0, '2026-06-05 05:09:08', '2026-06-05 05:21:42'),
(5, 5, 4, 1, 'DA-BV22ZYMU', '2026-06-09', '09:00:00', 'in_person', 'user3', '9854874548', 26, 'male', 'jfsdjfh', NULL, 50.00, 'completed', 'paid', 'stripe', '2026-06-09 04:26:39', '2026-06-09 04:27:34', NULL, NULL, 0, '2026-06-09 04:24:07', '2026-06-09 04:27:34'),
(6, 5, 4, 1, 'DA-CZB5HJLX', '2026-06-09', '09:00:00', 'in_person', 'user3', '9854874548', 33, 'male', 'test view', 'ssss', 50.00, 'completed', 'paid', 'stripe', '2026-06-09 04:33:46', '2026-06-09 04:34:51', NULL, NULL, 0, '2026-06-09 04:32:59', '2026-06-09 04:34:51'),
(7, 5, 4, 1, 'DA-MPRNDGXN', '2026-06-09', '09:00:00', 'in_person', 'user3', '9854874548', 20, 'male', 'sdsdsadsda', NULL, 50.00, 'completed', 'paid', 'stripe', '2026-06-09 04:41:25', '2026-06-09 04:41:33', NULL, NULL, 0, '2026-06-09 04:39:47', '2026-06-09 04:41:33'),
(8, 5, 4, 1, 'DA-5MSQ27IJ', '2026-07-16', '10:45:00', 'in_person', 'User Singh', '9854874548', 44, 'male', 'fdgdfg', NULL, 50.00, 'completed', 'paid', 'cash', NULL, '2026-07-15 05:44:02', NULL, NULL, 0, '2026-07-15 05:39:55', '2026-07-15 05:44:02'),
(9, 5, 4, 1, 'DA-ZMI6FGVG', '2026-07-16', '09:15:00', 'in_person', 'User Singh', '9854874548', 12, 'male', 'sd', 'ds', 50.00, 'cancelled', 'paid', 'wallet', NULL, NULL, '2026-07-16 08:19:07', NULL, 0, '2026-07-16 08:18:37', '2026-07-16 08:19:07'),
(10, 5, 4, NULL, 'DA-QL8G78T3', '2026-07-16', '09:00:00', 'video', 'User Singh', '9854874548', 1, 'female', 'ss', 's', 50.00, 'cancelled', 'refunded', 'stripe', NULL, NULL, '2026-07-16 08:23:00', NULL, 0, '2026-07-16 08:22:19', '2026-07-16 08:23:00'),
(11, 5, 4, 1, 'DA-P5QBRGHS', '2026-07-30', '09:15:00', 'in_person', 'User Singh', '43432', NULL, 'male', 'd', NULL, 50.00, 'pending', 'unpaid', NULL, NULL, NULL, NULL, NULL, 0, '2026-07-18 07:10:53', '2026-07-18 07:10:53'),
(12, 5, 4, 1, 'DA-ESUX6X2A', '2026-07-31', '09:30:00', 'in_person', 'User Singh 22', '43432', NULL, 'male', 'd', NULL, 50.00, 'cancelled', 'refunded', 'wallet', NULL, NULL, '2026-07-18 07:24:19', NULL, 0, '2026-07-18 07:23:31', '2026-07-18 07:24:19'),
(13, 5, 4, 1, 'DA-CYZGIBBZ', '2026-08-05', '09:00:00', 'in_person', 'User Singh', '9854874548', 23, 'male', 'dd', NULL, 50.00, 'pending', 'unpaid', NULL, NULL, NULL, NULL, NULL, 0, '2026-08-04 06:08:50', '2026-08-04 06:08:50'),
(14, 5, 4, 1, 'DA-WIDI1NSF', '2026-08-04', '09:15:00', 'in_person', 'User Singh', '9854874548', 34, 'male', 'fg', NULL, 59.00, 'completed', 'paid', 'wallet', '2026-08-04 06:16:19', '2026-08-04 06:16:31', NULL, NULL, 0, '2026-08-04 06:13:01', '2026-08-04 06:16:31'),
(15, 5, 4, 1, 'DA-MFUEULNY', '2026-08-04', '09:00:00', 'in_person', 'User Singh', '9854874548', 22, 'male', 'ert', 'rter', 50.00, 'completed', 'paid', 'wallet', NULL, '2026-08-04 06:28:08', NULL, NULL, 0, '2026-08-04 06:27:25', '2026-08-04 06:28:08'),
(16, 27, 26, 2, 'DA-GMXFFQUE', '2026-08-18', '09:00:00', 'in_person', 'John Doe', '9854874548', 22, 'male', 'sdfsdf', NULL, 100.00, 'cancelled', 'unpaid', NULL, NULL, NULL, '2026-08-17 08:00:20', NULL, 0, '2026-08-17 07:48:12', '2026-08-17 08:00:20'),
(17, 27, 26, 2, 'DA-DEQCWJTC', '2026-08-26', '09:30:00', 'in_person', 'John Doe', '9854874548', 22, 'male', '2313', 'esd', 105.00, 'completed', 'paid', 'stripe', '2026-08-17 07:50:54', '2026-08-17 08:07:27', NULL, NULL, 0, '2026-08-17 07:50:14', '2026-08-17 08:07:27'),
(18, 27, 26, 2, 'DA-M8FSHTLA', '2026-08-27', '12:30:00', 'in_person', 'John Doe', '9854874548', 33, 'male', 'dfs', NULL, 105.00, 'cancelled', 'refunded', 'stripe', '2026-08-17 08:06:28', NULL, '2026-08-17 08:06:50', NULL, 0, '2026-08-17 08:01:19', '2026-08-17 08:06:50'),
(19, 27, 26, 2, 'DA-XUV6RBMM', '2026-08-20', '09:30:00', 'in_person', 'John', '3423424', 33, NULL, 'dfsdf', NULL, 105.00, 'cancelled', 'unpaid', NULL, NULL, NULL, '2026-08-19 05:58:05', NULL, 0, '2026-08-19 05:50:17', '2026-08-19 05:58:05'),
(20, 27, 26, 2, 'DA-PQKAPV2C', '2026-08-20', '10:00:00', 'in_person', 'John', '3423424', 33, NULL, 'dfsdf', NULL, 105.00, 'pending', 'paid', 'stripe', NULL, NULL, NULL, NULL, 0, '2026-08-19 05:58:19', '2026-08-19 06:00:40');

-- --------------------------------------------------------

--
-- Table structure for table `da_clinics`
--

CREATE TABLE IF NOT EXISTS `da_clinics` (
  `id` bigint UNSIGNED NOT NULL AUTO_INCREMENT,
  `provider_id` bigint UNSIGNED NOT NULL,
  `name` varchar(191) COLLATE utf8mb4_unicode_ci NOT NULL,
  `address` text COLLATE utf8mb4_unicode_ci NOT NULL,
  `city` varchar(191) COLLATE utf8mb4_unicode_ci DEFAULT NULL,
  `latitude` decimal(10,7) DEFAULT NULL,
  `longitude` decimal(10,7) DEFAULT NULL,
  `phone` varchar(191) COLLATE utf8mb4_unicode_ci DEFAULT NULL,
  `email` varchar(191) COLLATE utf8mb4_unicode_ci DEFAULT NULL,
  `is_active` tinyint(1) NOT NULL DEFAULT '1',
  `sort_order` int UNSIGNED NOT NULL DEFAULT '0',
  `created_at` timestamp NULL DEFAULT NULL,
  `updated_at` timestamp NULL DEFAULT NULL,
  PRIMARY KEY (`id`),
  KEY `da_clinics_provider_id_is_active_index` (`provider_id`,`is_active`),
  KEY `da_clinics_latitude_longitude_index` (`latitude`,`longitude`)
) ENGINE=MyISAM AUTO_INCREMENT=3 DEFAULT CHARSET=utf8mb4 COLLATE=utf8mb4_unicode_ci;

--
-- Dumping data for table `da_clinics`
--

INSERT INTO `da_clinics` (`id`, `provider_id`, `name`, `address`, `city`, `latitude`, `longitude`, `phone`, `email`, `is_active`, `sort_order`, `created_at`, `updated_at`) VALUES
(1, 4, 'City clinic', 'sector 90 mohai chanidgahr', 'chandigarh', NULL, NULL, '6985475856', 'clinic1@gmail.com', 1, 0, '2026-06-05 02:48:26', '2026-06-05 12:23:22'),
(2, 26, 'Dr. Rajan', '369, 3b2, Mohali', 'Mohali', 30.6990693, 76.7230616, '98545858', 'rajcl@gmail.com', 1, 0, '2026-08-17 07:47:21', '2026-08-17 07:47:21');

-- --------------------------------------------------------

--
-- Table structure for table `da_doctor_profiles`
--

CREATE TABLE IF NOT EXISTS `da_doctor_profiles` (
  `id` bigint UNSIGNED NOT NULL AUTO_INCREMENT,
  `provider_id` bigint UNSIGNED NOT NULL,
  `specialization_id` bigint UNSIGNED DEFAULT NULL,
  `qualification` varchar(191) COLLATE utf8mb4_unicode_ci DEFAULT NULL,
  `experience_years` tinyint UNSIGNED NOT NULL DEFAULT '0',
  `registration_number` varchar(191) COLLATE utf8mb4_unicode_ci DEFAULT NULL,
  `languages` json DEFAULT NULL,
  `gender` enum('male','female','other') COLLATE utf8mb4_unicode_ci DEFAULT NULL,
  `consultation_types` json DEFAULT NULL,
  `consultation_fee` decimal(10,2) NOT NULL DEFAULT '0.00',
  `currency_code` varchar(3) COLLATE utf8mb4_unicode_ci DEFAULT NULL,
  `exchange_rate` decimal(15,8) NOT NULL DEFAULT '1.00000000',
  `base_fee` decimal(10,2) NOT NULL DEFAULT '0.00',
  `about` text COLLATE utf8mb4_unicode_ci,
  `created_at` timestamp NULL DEFAULT NULL,
  `updated_at` timestamp NULL DEFAULT NULL,
  PRIMARY KEY (`id`),
  UNIQUE KEY `da_doctor_profiles_provider_id_unique` (`provider_id`),
  KEY `da_doctor_profiles_specialization_id_foreign` (`specialization_id`)
) ENGINE=MyISAM AUTO_INCREMENT=3 DEFAULT CHARSET=utf8mb4 COLLATE=utf8mb4_unicode_ci;

--
-- Dumping data for table `da_doctor_profiles`
--

INSERT INTO `da_doctor_profiles` (`id`, `provider_id`, `specialization_id`, `qualification`, `experience_years`, `registration_number`, `languages`, `gender`, `consultation_types`, `consultation_fee`, `currency_code`, `exchange_rate`, `base_fee`, `about`, `created_at`, `updated_at`) VALUES
(1, 4, 6, 'MBBS', 5, NULL, '[\"English\", \"Hindi\"]', 'male', '[\"in_person\", \"video\", \"phone\"]', 50.00, 'USD', 1.00000000, 50.00, NULL, '2026-06-05 02:25:57', '2026-06-05 02:41:00'),
(2, 26, 7, 'MD', 10, 'ES5485', '[\"English\", \"Hindi\"]', 'male', '[\"in_person\"]', 100.00, 'USD', 1.00000000, 100.00, NULL, '2026-08-17 07:39:00', '2026-08-17 07:39:39');

-- --------------------------------------------------------

--
-- Table structure for table `da_doctor_promotions`
--

CREATE TABLE IF NOT EXISTS `da_doctor_promotions` (
  `id` bigint UNSIGNED NOT NULL AUTO_INCREMENT,
  `provider_id` bigint UNSIGNED NOT NULL,
  `promotion_plan_id` bigint UNSIGNED NOT NULL,
  `promotion_type` varchar(191) COLLATE utf8mb4_unicode_ci NOT NULL,
  `status` enum('pending','active','expired','cancelled') COLLATE utf8mb4_unicode_ci NOT NULL DEFAULT 'pending',
  `start_date` timestamp NULL DEFAULT NULL,
  `end_date` timestamp NULL DEFAULT NULL,
  `payment_id` bigint UNSIGNED DEFAULT NULL,
  `created_at` timestamp NULL DEFAULT NULL,
  `updated_at` timestamp NULL DEFAULT NULL,
  PRIMARY KEY (`id`),
  KEY `da_doctor_promotions_promotion_plan_id_foreign` (`promotion_plan_id`),
  KEY `da_doctor_promotions_payment_id_foreign` (`payment_id`),
  KEY `da_doctor_promotions_provider_id_status_index` (`provider_id`,`status`),
  KEY `da_doctor_promotions_status_end_date_index` (`status`,`end_date`)
) ENGINE=MyISAM AUTO_INCREMENT=7 DEFAULT CHARSET=utf8mb4 COLLATE=utf8mb4_unicode_ci;

--
-- Dumping data for table `da_doctor_promotions`
--

INSERT INTO `da_doctor_promotions` (`id`, `provider_id`, `promotion_plan_id`, `promotion_type`, `status`, `start_date`, `end_date`, `payment_id`, `created_at`, `updated_at`) VALUES
(1, 4, 5, 'featured', 'pending', NULL, NULL, NULL, '2026-06-05 03:03:05', '2026-06-05 03:03:05'),
(2, 26, 5, 'featured', 'pending', NULL, NULL, NULL, '2026-08-17 08:09:58', '2026-08-17 08:09:58'),
(3, 26, 5, 'featured', 'pending', NULL, NULL, NULL, '2026-08-17 08:11:05', '2026-08-17 08:11:05'),
(4, 26, 5, 'featured', 'pending', NULL, NULL, NULL, '2026-08-17 08:12:25', '2026-08-17 08:12:25'),
(5, 26, 5, 'featured', 'pending', NULL, NULL, NULL, '2026-08-17 08:23:20', '2026-08-17 08:23:20'),
(6, 26, 5, 'featured', 'active', '2026-08-17 08:24:05', '2026-08-24 08:24:05', 153, '2026-08-17 08:23:42', '2026-08-17 08:24:05');

-- --------------------------------------------------------

--
-- Table structure for table `da_specializations`
--

CREATE TABLE IF NOT EXISTS `da_specializations` (
  `id` bigint UNSIGNED NOT NULL AUTO_INCREMENT,
  `name` varchar(191) COLLATE utf8mb4_unicode_ci NOT NULL,
  `slug` varchar(191) COLLATE utf8mb4_unicode_ci NOT NULL,
  `icon` varchar(191) COLLATE utf8mb4_unicode_ci DEFAULT NULL,
  `description` text COLLATE utf8mb4_unicode_ci,
  `is_active` tinyint(1) NOT NULL DEFAULT '1',
  `sort_order` int UNSIGNED NOT NULL DEFAULT '0',
  `created_at` timestamp NULL DEFAULT NULL,
  `updated_at` timestamp NULL DEFAULT NULL,
  PRIMARY KEY (`id`),
  UNIQUE KEY `da_specializations_slug_unique` (`slug`)
) ENGINE=MyISAM AUTO_INCREMENT=9 DEFAULT CHARSET=utf8mb4 COLLATE=utf8mb4_unicode_ci;

--
-- Dumping data for table `da_specializations`
--

INSERT INTO `da_specializations` (`id`, `name`, `slug`, `icon`, `description`, `is_active`, `sort_order`, `created_at`, `updated_at`) VALUES
(1, 'Cardiologist', 'cardiologist-ruxf', 'activity', 'Heart and cardiovascular system', 1, 0, '2026-06-05 02:30:36', '2026-06-05 02:30:36'),
(2, 'Dermatologist', 'dermatologist-ZJm1', 'sun', 'Skin, hair, and nails', 1, 0, '2026-06-05 02:30:36', '2026-06-05 02:30:36'),
(3, 'Neurologist', 'neurologist-4Cyu', 'brain', 'Brain and nervous system', 1, 0, '2026-06-05 02:30:36', '2026-06-05 02:30:36'),
(4, 'Pediatrician', 'pediatrician-apQc', 'baby', 'Infants, children, and adolescents', 1, 0, '2026-06-05 02:30:36', '2026-06-05 02:30:36'),
(5, 'Orthopedic Surgeon', 'orthopedic-surgeon-MlTB', 'bone', 'Bones, joints, and muscles', 1, 0, '2026-06-05 02:30:36', '2026-06-05 02:30:36'),
(6, 'General Practitioner', 'general-practitioner-4QXy', 'stethoscope', 'General health and wellness', 1, 0, '2026-06-05 02:30:36', '2026-06-05 02:30:36'),
(7, 'Dentist', 'dentist-CdF1', 'smile', 'Teeth and oral health', 1, 0, '2026-06-05 02:30:36', '2026-06-05 02:30:36'),
(8, 'Ophthalmologist', 'ophthalmologist-KgNV', 'eye', 'Eyes and vision', 1, 0, '2026-06-05 02:30:36', '2026-06-05 02:30:36');

-- --------------------------------------------------------

--
-- Table structure for table `ec_addresses`
--

CREATE TABLE IF NOT EXISTS `ec_addresses` (
  `id` bigint UNSIGNED NOT NULL AUTO_INCREMENT,
  `user_id` bigint UNSIGNED NOT NULL,
  `label` varchar(191) COLLATE utf8mb4_unicode_ci NOT NULL DEFAULT 'Home',
  `full_name` varchar(191) COLLATE utf8mb4_unicode_ci NOT NULL,
  `phone` varchar(191) COLLATE utf8mb4_unicode_ci DEFAULT NULL,
  `address_line1` varchar(191) COLLATE utf8mb4_unicode_ci NOT NULL,
  `address_line2` varchar(191) COLLATE utf8mb4_unicode_ci DEFAULT NULL,
  `city` varchar(191) COLLATE utf8mb4_unicode_ci NOT NULL,
  `state` varchar(191) COLLATE utf8mb4_unicode_ci DEFAULT NULL,
  `country` varchar(191) COLLATE utf8mb4_unicode_ci DEFAULT NULL,
  `postal_code` varchar(191) COLLATE utf8mb4_unicode_ci DEFAULT NULL,
  `lat` decimal(10,7) DEFAULT NULL,
  `lng` decimal(10,7) DEFAULT NULL,
  `is_default` tinyint(1) NOT NULL DEFAULT '0',
  `created_at` timestamp NULL DEFAULT NULL,
  `updated_at` timestamp NULL DEFAULT NULL,
  PRIMARY KEY (`id`),
  KEY `ec_addresses_user_id_is_default_index` (`user_id`,`is_default`)
) ENGINE=MyISAM AUTO_INCREMENT=4 DEFAULT CHARSET=utf8mb4 COLLATE=utf8mb4_unicode_ci;

--
-- Dumping data for table `ec_addresses`
--

INSERT INTO `ec_addresses` (`id`, `user_id`, `label`, `full_name`, `phone`, `address_line1`, `address_line2`, `city`, `state`, `country`, `postal_code`, `lat`, `lng`, `is_default`, `created_at`, `updated_at`) VALUES
(1, 5, 'Home', 'BS', '0677824359', 'Gulmohar Road', NULL, 'Kharar', 'Punjab', 'India', '140301', NULL, NULL, 0, '2026-06-30 08:59:07', '2026-07-21 11:36:06'),
(2, 5, 'Home', 'Office', '0677824359', 'Gulmohar Road', NULL, 'Kharar', 'Punjab', 'India', '140301', NULL, NULL, 1, '2026-07-21 11:36:06', '2026-07-21 11:40:11'),
(3, 27, 'Home', 'Baljit Singh', '0677824359', 'Gulmohar Road', NULL, 'Kharar', 'Punjab', 'India', '140301', NULL, NULL, 1, '2026-08-20 08:11:27', '2026-08-20 08:11:27');

-- --------------------------------------------------------

--
-- Table structure for table `ec_cart_items`
--

CREATE TABLE IF NOT EXISTS `ec_cart_items` (
  `id` bigint UNSIGNED NOT NULL AUTO_INCREMENT,
  `user_id` bigint UNSIGNED NOT NULL,
  `product_id` bigint UNSIGNED NOT NULL,
  `variant_id` bigint UNSIGNED NOT NULL,
  `quantity` int UNSIGNED NOT NULL DEFAULT '1',
  `unit_price` decimal(10,2) NOT NULL,
  `saved_for_later` tinyint(1) NOT NULL DEFAULT '0',
  `created_at` timestamp NULL DEFAULT NULL,
  `updated_at` timestamp NULL DEFAULT NULL,
  PRIMARY KEY (`id`),
  UNIQUE KEY `ec_cart_items_user_id_variant_id_saved_for_later_unique` (`user_id`,`variant_id`,`saved_for_later`),
  KEY `ec_cart_items_product_id_foreign` (`product_id`),
  KEY `ec_cart_items_variant_id_foreign` (`variant_id`),
  KEY `ec_cart_items_user_id_saved_for_later_index` (`user_id`,`saved_for_later`)
) ENGINE=MyISAM AUTO_INCREMENT=42 DEFAULT CHARSET=utf8mb4 COLLATE=utf8mb4_unicode_ci;

--
-- Dumping data for table `ec_cart_items`
--

INSERT INTO `ec_cart_items` (`id`, `user_id`, `product_id`, `variant_id`, `quantity`, `unit_price`, `saved_for_later`, `created_at`, `updated_at`) VALUES
(41, 27, 1, 1, 2, 20.00, 0, '2026-08-21 14:33:59', '2026-08-21 14:34:03'),
(38, 1, 41, 41, 1, 200.00, 0, '2026-08-21 00:52:51', '2026-08-21 00:52:51');

-- --------------------------------------------------------

--
-- Table structure for table `ec_orders`
--

CREATE TABLE IF NOT EXISTS `ec_orders` (
  `id` bigint UNSIGNED NOT NULL AUTO_INCREMENT,
  `order_ref` varchar(191) COLLATE utf8mb4_unicode_ci NOT NULL,
  `user_id` bigint UNSIGNED NOT NULL,
  `provider_id` bigint UNSIGNED NOT NULL,
  `shipping_method_id` bigint UNSIGNED DEFAULT NULL,
  `shipping_address` json NOT NULL,
  `billing_address` json DEFAULT NULL,
  `shipping_cost` decimal(10,2) NOT NULL DEFAULT '0.00',
  `subtotal` decimal(12,2) NOT NULL DEFAULT '0.00',
  `discount_amount` decimal(12,2) NOT NULL DEFAULT '0.00',
  `tax_amount` decimal(12,2) NOT NULL DEFAULT '0.00',
  `total` decimal(12,2) NOT NULL DEFAULT '0.00',
  `currency_code` varchar(3) COLLATE utf8mb4_unicode_ci NOT NULL DEFAULT 'USD',
  `provider_currency_code` varchar(3) COLLATE utf8mb4_unicode_ci DEFAULT NULL,
  `exchange_rate` decimal(15,8) NOT NULL DEFAULT '1.00000000',
  `payment_method` varchar(191) COLLATE utf8mb4_unicode_ci DEFAULT NULL,
  `payment_status` enum('pending','paid','failed','refunded') COLLATE utf8mb4_unicode_ci NOT NULL DEFAULT 'pending',
  `status` enum('draft','pending','confirmed','processing','packed','shipped','out_for_delivery','delivered','cancelled','returned','refunded') COLLATE utf8mb4_unicode_ci NOT NULL DEFAULT 'draft',
  `delivery_otp` varchar(4) COLLATE utf8mb4_unicode_ci DEFAULT NULL,
  `confirmed_at` timestamp NULL DEFAULT NULL,
  `processing_at` timestamp NULL DEFAULT NULL,
  `packed_at` timestamp NULL DEFAULT NULL,
  `shipped_at` timestamp NULL DEFAULT NULL,
  `delivered_at` timestamp NULL DEFAULT NULL,
  `cancelled_at` timestamp NULL DEFAULT NULL,
  `cancellation_reason` text COLLATE utf8mb4_unicode_ci,
  `review_requested` tinyint(1) NOT NULL DEFAULT '0',
  `notes` text COLLATE utf8mb4_unicode_ci,
  `created_at` timestamp NULL DEFAULT NULL,
  `updated_at` timestamp NULL DEFAULT NULL,
  PRIMARY KEY (`id`),
  UNIQUE KEY `ec_orders_order_ref_unique` (`order_ref`),
  KEY `ec_orders_shipping_method_id_foreign` (`shipping_method_id`),
  KEY `ec_orders_user_id_status_index` (`user_id`,`status`),
  KEY `ec_orders_provider_id_status_index` (`provider_id`,`status`),
  KEY `ec_orders_payment_status_index` (`payment_status`)
) ENGINE=MyISAM AUTO_INCREMENT=28 DEFAULT CHARSET=utf8mb4 COLLATE=utf8mb4_unicode_ci;

--
-- Dumping data for table `ec_orders`
--

INSERT INTO `ec_orders` (`id`, `order_ref`, `user_id`, `provider_id`, `shipping_method_id`, `shipping_address`, `billing_address`, `shipping_cost`, `subtotal`, `discount_amount`, `tax_amount`, `total`, `currency_code`, `provider_currency_code`, `exchange_rate`, `payment_method`, `payment_status`, `status`, `delivery_otp`, `confirmed_at`, `processing_at`, `packed_at`, `shipped_at`, `delivered_at`, `cancelled_at`, `cancellation_reason`, `review_requested`, `notes`, `created_at`, `updated_at`) VALUES
(1, 'ORD-A3C9CE5E40', 5, 8, NULL, '{\"city\": \"Kharar\", \"phone\": \"0677824359\", \"state\": \"Punjab\", \"country\": \"India\", \"full_name\": \"BS\", \"postal_code\": \"140301\", \"address_line1\": \"Gulmohar Road\", \"address_line2\": null}', '{\"city\": \"Kharar\", \"phone\": \"0677824359\", \"state\": \"Punjab\", \"country\": \"India\", \"full_name\": \"BS\", \"postal_code\": \"140301\", \"address_line1\": \"Gulmohar Road\", \"address_line2\": null}', 0.00, 23.00, 0.00, 0.00, 23.00, 'USD', 'USD', 1.00000000, 'cash', 'pending', 'cancelled', NULL, NULL, NULL, NULL, NULL, NULL, '2026-06-30 09:06:48', NULL, 0, NULL, '2026-06-30 09:05:29', '2026-06-30 09:06:48'),
(2, 'ORD-5CFAC1D4A8', 5, 8, NULL, '{\"city\": \"Kharar\", \"phone\": \"0677824359\", \"state\": \"Punjab\", \"country\": \"India\", \"full_name\": \"BS\", \"postal_code\": \"140301\", \"address_line1\": \"Gulmohar Road\", \"address_line2\": null}', '{\"city\": \"Kharar\", \"phone\": \"0677824359\", \"state\": \"Punjab\", \"country\": \"India\", \"full_name\": \"BS\", \"postal_code\": \"140301\", \"address_line1\": \"Gulmohar Road\", \"address_line2\": null}', 0.00, 53.00, 0.00, 0.00, 53.00, 'USD', 'USD', 1.00000000, 'cash', 'pending', 'delivered', NULL, '2026-06-30 09:09:54', '2026-06-30 09:10:19', '2026-06-30 09:10:31', '2026-06-30 09:10:40', '2026-06-30 09:11:13', NULL, NULL, 0, NULL, '2026-06-30 09:07:43', '2026-06-30 09:11:13'),
(3, 'ORD-F61DAF46EC', 5, 8, NULL, '{\"city\": \"Kharar\", \"phone\": \"0677824359\", \"state\": \"Punjab\", \"country\": \"India\", \"full_name\": \"BS\", \"postal_code\": \"140301\", \"address_line1\": \"Gulmohar Road\", \"address_line2\": null}', '{\"city\": \"Kharar\", \"phone\": \"0677824359\", \"state\": \"Punjab\", \"country\": \"India\", \"full_name\": \"BS\", \"postal_code\": \"140301\", \"address_line1\": \"Gulmohar Road\", \"address_line2\": null}', 0.00, 20.00, 0.00, 0.00, 20.00, 'USD', 'USD', 1.00000000, 'stripe', 'paid', 'delivered', NULL, NULL, '2026-07-01 03:40:53', '2026-07-01 03:40:58', '2026-07-01 03:41:02', '2026-07-01 03:41:14', NULL, NULL, 0, NULL, '2026-07-01 03:19:44', '2026-07-01 03:41:14'),
(4, 'ORD-BE48CC9803', 5, 8, NULL, '{\"city\": \"Kharar\", \"phone\": \"0677824359\", \"state\": \"Punjab\", \"country\": \"India\", \"full_name\": \"BS\", \"postal_code\": \"140301\", \"address_line1\": \"Gulmohar Road\", \"address_line2\": null}', '{\"city\": \"Kharar\", \"phone\": \"0677824359\", \"state\": \"Punjab\", \"country\": \"India\", \"full_name\": \"BS\", \"postal_code\": \"140301\", \"address_line1\": \"Gulmohar Road\", \"address_line2\": null}', 0.00, 23.00, 0.00, 0.00, 23.00, 'USD', 'USD', 1.00000000, 'cash', 'pending', 'delivered', NULL, '2026-07-04 07:22:09', '2026-07-04 07:22:38', '2026-07-04 07:22:43', '2026-07-04 07:22:49', '2026-07-04 07:23:11', NULL, NULL, 0, NULL, '2026-07-04 02:56:19', '2026-07-04 07:23:11'),
(5, 'ORD-9A3A80729E', 5, 8, NULL, '{\"city\": \"Kharar\", \"phone\": \"0677824359\", \"state\": \"Punjab\", \"country\": \"India\", \"full_name\": \"BS\", \"postal_code\": \"140301\", \"address_line1\": \"Gulmohar Road\", \"address_line2\": null}', '{\"city\": \"Kharar\", \"phone\": \"0677824359\", \"state\": \"Punjab\", \"country\": \"India\", \"full_name\": \"BS\", \"postal_code\": \"140301\", \"address_line1\": \"Gulmohar Road\", \"address_line2\": null}', 0.00, 20.00, 0.00, 0.00, 20.00, 'USD', 'USD', 1.00000000, 'cash', 'pending', 'delivered', '3581', '2026-07-04 07:47:25', '2026-07-04 07:47:29', '2026-07-04 07:47:35', '2026-07-04 07:48:03', '2026-07-04 07:51:17', NULL, NULL, 0, NULL, '2026-07-04 07:46:43', '2026-07-04 07:51:17'),
(6, 'ORD-C9A8873601', 5, 8, NULL, '{\"city\": \"Kharar\", \"phone\": \"0677824359\", \"state\": \"Punjab\", \"country\": \"India\", \"full_name\": \"BS\", \"postal_code\": \"140301\", \"address_line1\": \"Gulmohar Road\", \"address_line2\": null}', '{\"city\": \"Kharar\", \"phone\": \"0677824359\", \"state\": \"Punjab\", \"country\": \"India\", \"full_name\": \"BS\", \"postal_code\": \"140301\", \"address_line1\": \"Gulmohar Road\", \"address_line2\": null}', 0.00, 40.00, 0.00, 0.00, 40.00, 'USD', 'USD', 1.00000000, 'cash', 'paid', 'delivered', '8797', '2026-07-04 08:13:04', '2026-07-04 08:13:08', '2026-07-04 08:13:12', '2026-07-04 08:13:15', '2026-07-04 08:13:32', NULL, NULL, 1, NULL, '2026-07-04 08:12:23', '2026-07-05 07:50:25'),
(7, 'ORD-774E9D1A72', 5, 8, NULL, '{\"city\": \"Kharar\", \"phone\": \"0677824359\", \"state\": \"Punjab\", \"country\": \"India\", \"full_name\": \"BS\", \"postal_code\": \"140301\", \"address_line1\": \"Gulmohar Road\", \"address_line2\": null}', '{\"city\": \"Kharar\", \"phone\": \"0677824359\", \"state\": \"Punjab\", \"country\": \"India\", \"full_name\": \"BS\", \"postal_code\": \"140301\", \"address_line1\": \"Gulmohar Road\", \"address_line2\": null}', 0.00, 43.00, 0.00, 0.00, 43.00, 'USD', 'USD', 1.00000000, 'stripe', 'paid', 'returned', '6870', NULL, '2026-07-04 08:23:53', '2026-07-04 08:24:00', '2026-07-04 08:24:04', '2026-07-04 08:24:30', NULL, NULL, 1, NULL, '2026-07-04 08:20:51', '2026-07-04 08:27:11'),
(8, 'ORD-3F83E35871', 5, 8, NULL, '{\"city\": \"Kharar\", \"phone\": \"0677824359\", \"state\": \"Punjab\", \"country\": \"India\", \"full_name\": \"BS\", \"postal_code\": \"140301\", \"address_line1\": \"Gulmohar Road\", \"address_line2\": null}', '{\"city\": \"Kharar\", \"phone\": \"0677824359\", \"state\": \"Punjab\", \"country\": \"India\", \"full_name\": \"BS\", \"postal_code\": \"140301\", \"address_line1\": \"Gulmohar Road\", \"address_line2\": null}', 0.00, 46.00, 0.00, 0.00, 46.00, 'USD', 'USD', 1.00000000, 'cash', 'pending', 'cancelled', '6349', NULL, NULL, NULL, NULL, NULL, '2026-07-04 11:19:40', NULL, 0, NULL, '2026-07-04 11:19:04', '2026-07-04 11:19:40'),
(9, 'ORD-DF839FD7B8', 5, 8, NULL, '{\"city\": \"Kharar\", \"phone\": \"0677824359\", \"state\": \"Punjab\", \"country\": \"India\", \"full_name\": \"BS\", \"postal_code\": \"140301\", \"address_line1\": \"Gulmohar Road\", \"address_line2\": null}', '{\"city\": \"Kharar\", \"phone\": \"0677824359\", \"state\": \"Punjab\", \"country\": \"India\", \"full_name\": \"BS\", \"postal_code\": \"140301\", \"address_line1\": \"Gulmohar Road\", \"address_line2\": null}', 0.00, 20.00, 0.00, 0.00, 20.00, 'USD', 'USD', 1.00000000, 'stripe', 'refunded', 'cancelled', '8887', NULL, NULL, NULL, NULL, NULL, '2026-07-05 07:16:07', 'Changed my mind', 0, NULL, '2026-07-05 07:03:21', '2026-07-05 07:16:07'),
(10, 'ORD-2DD35D0171', 5, 8, NULL, '{\"city\": \"Kharar\", \"phone\": \"0677824359\", \"state\": \"Punjab\", \"country\": \"India\", \"full_name\": \"BS\", \"postal_code\": \"140301\", \"address_line1\": \"Gulmohar Road\", \"address_line2\": null}', '{\"city\": \"Kharar\", \"phone\": \"0677824359\", \"state\": \"Punjab\", \"country\": \"India\", \"full_name\": \"BS\", \"postal_code\": \"140301\", \"address_line1\": \"Gulmohar Road\", \"address_line2\": null}', 0.00, 23.00, 0.00, 0.00, 23.00, 'USD', 'USD', 1.00000000, 'stripe', 'refunded', 'cancelled', '2566', NULL, NULL, NULL, NULL, NULL, '2026-07-05 07:30:43', 'Found a better price elsewhere', 0, NULL, '2026-07-05 07:27:57', '2026-07-05 07:30:43'),
(11, 'ORD-2909EF7863', 5, 8, NULL, '{\"city\": \"Kharar\", \"phone\": \"0677824359\", \"state\": \"Punjab\", \"country\": \"India\", \"full_name\": \"BS\", \"postal_code\": \"140301\", \"address_line1\": \"Gulmohar Road\", \"address_line2\": null}', '{\"city\": \"Kharar\", \"phone\": \"0677824359\", \"state\": \"Punjab\", \"country\": \"India\", \"full_name\": \"BS\", \"postal_code\": \"140301\", \"address_line1\": \"Gulmohar Road\", \"address_line2\": null}', 0.00, 40.00, 0.00, 0.00, 40.00, 'USD', 'USD', 1.00000000, 'cash', 'pending', 'cancelled', '0195', NULL, NULL, NULL, NULL, NULL, '2026-07-05 07:36:40', 'Other', 0, NULL, '2026-07-05 07:35:55', '2026-07-05 07:36:40'),
(12, 'ORD-4B1C092B4E', 5, 8, NULL, '{\"city\": \"Kharar\", \"phone\": \"0677824359\", \"state\": \"Punjab\", \"country\": \"India\", \"full_name\": \"BS\", \"postal_code\": \"140301\", \"address_line1\": \"Gulmohar Road\", \"address_line2\": null}', '{\"city\": \"Kharar\", \"phone\": \"0677824359\", \"state\": \"Punjab\", \"country\": \"India\", \"full_name\": \"BS\", \"postal_code\": \"140301\", \"address_line1\": \"Gulmohar Road\", \"address_line2\": null}', 0.00, 69.00, 0.00, 0.00, 69.00, 'USD', 'USD', 1.00000000, 'stripe', 'paid', 'cancelled', '4293', NULL, NULL, NULL, NULL, NULL, '2026-07-05 07:40:54', 'not available', 0, NULL, '2026-07-05 07:37:41', '2026-07-05 07:40:54'),
(13, 'ORD-ADBA5456F4', 5, 8, NULL, '{\"city\": \"Kharar\", \"phone\": \"0677824359\", \"state\": \"Punjab\", \"country\": \"India\", \"full_name\": \"BS\", \"postal_code\": \"140301\", \"address_line1\": \"Gulmohar Road\", \"address_line2\": null}', '{\"city\": \"Kharar\", \"phone\": \"0677824359\", \"state\": \"Punjab\", \"country\": \"India\", \"full_name\": \"BS\", \"postal_code\": \"140301\", \"address_line1\": \"Gulmohar Road\", \"address_line2\": null}', 0.00, 40.00, 0.00, 0.00, 40.00, 'USD', 'USD', 1.00000000, 'stripe', 'refunded', 'cancelled', '2415', NULL, NULL, NULL, NULL, NULL, '2026-07-05 07:44:30', NULL, 0, NULL, '2026-07-05 07:43:53', '2026-07-05 07:44:30'),
(14, 'ORD-976DEE72DC', 5, 8, NULL, '{\"city\": \"Kharar\", \"phone\": \"0677824359\", \"state\": \"Punjab\", \"country\": \"India\", \"full_name\": \"BS\", \"postal_code\": \"140301\", \"address_line1\": \"Gulmohar Road\", \"address_line2\": null}', '{\"city\": \"Kharar\", \"phone\": \"0677824359\", \"state\": \"Punjab\", \"country\": \"India\", \"full_name\": \"BS\", \"postal_code\": \"140301\", \"address_line1\": \"Gulmohar Road\", \"address_line2\": null}', 0.00, 43.00, 0.00, 0.00, 43.00, 'USD', 'USD', 1.00000000, 'cash', 'paid', 'delivered', '0781', '2026-07-05 07:51:40', '2026-07-05 07:51:44', '2026-07-05 07:51:48', '2026-07-05 07:51:52', '2026-07-05 07:52:19', NULL, NULL, 1, NULL, '2026-07-05 07:50:59', '2026-07-05 07:52:42'),
(15, 'ORD-C70B906D93', 5, 8, NULL, '{\"city\": \"Kharar\", \"phone\": \"0677824359\", \"state\": \"Punjab\", \"country\": \"India\", \"full_name\": \"BS\", \"postal_code\": \"140301\", \"address_line1\": \"Gulmohar Road\", \"address_line2\": null}', '{\"city\": \"Kharar\", \"phone\": \"0677824359\", \"state\": \"Punjab\", \"country\": \"India\", \"full_name\": \"BS\", \"postal_code\": \"140301\", \"address_line1\": \"Gulmohar Road\", \"address_line2\": null}', 0.00, 20.00, 0.00, 0.00, 20.00, 'USD', 'USD', 1.00000000, 'wallet', 'paid', 'pending', '9409', NULL, NULL, NULL, NULL, NULL, NULL, NULL, 0, NULL, '2026-07-07 07:47:47', '2026-07-07 07:52:10'),
(16, 'ORD-8CC57A3B80', 5, 8, NULL, '{\"city\": \"Kharar\", \"phone\": \"0677824359\", \"state\": \"Punjab\", \"country\": \"India\", \"full_name\": \"BS\", \"postal_code\": \"140301\", \"address_line1\": \"Gulmohar Road\", \"address_line2\": null}', '{\"city\": \"Kharar\", \"phone\": \"0677824359\", \"state\": \"Punjab\", \"country\": \"India\", \"full_name\": \"BS\", \"postal_code\": \"140301\", \"address_line1\": \"Gulmohar Road\", \"address_line2\": null}', 0.00, 20.00, 0.00, 0.00, 20.00, 'USD', 'USD', 1.00000000, 'pending', 'pending', 'pending', '0274', NULL, NULL, NULL, NULL, NULL, NULL, NULL, 0, NULL, '2026-07-11 05:38:40', '2026-07-11 05:38:40'),
(17, 'ORD-0E31AD84AF', 5, 8, NULL, '{\"city\": \"Kharar\", \"phone\": \"0677824359\", \"state\": \"Punjab\", \"country\": \"India\", \"full_name\": \"BS\", \"postal_code\": \"140301\", \"address_line1\": \"Gulmohar Road\", \"address_line2\": null}', '{\"city\": \"Kharar\", \"phone\": \"0677824359\", \"state\": \"Punjab\", \"country\": \"India\", \"full_name\": \"BS\", \"postal_code\": \"140301\", \"address_line1\": \"Gulmohar Road\", \"address_line2\": null}', 0.00, 23.00, 0.00, 0.00, 23.00, 'USD', 'USD', 1.00000000, 'wallet', 'paid', 'pending', '9853', NULL, NULL, NULL, NULL, NULL, NULL, NULL, 0, NULL, '2026-07-11 05:53:13', '2026-07-11 05:56:05'),
(18, 'ORD-DE3263CBCC', 5, 8, NULL, '{\"city\": \"Kharar\", \"phone\": \"0677824359\", \"state\": \"Punjab\", \"country\": \"India\", \"full_name\": \"BS\", \"postal_code\": \"140301\", \"address_line1\": \"Gulmohar Road\", \"address_line2\": null}', '{\"city\": \"Kharar\", \"phone\": \"0677824359\", \"state\": \"Punjab\", \"country\": \"India\", \"full_name\": \"BS\", \"postal_code\": \"140301\", \"address_line1\": \"Gulmohar Road\", \"address_line2\": null}', 0.00, 53.00, 0.00, 0.00, 53.00, 'USD', 'USD', 1.00000000, 'cash', 'paid', 'delivered', '9736', '2026-07-15 06:17:31', '2026-07-15 06:17:39', '2026-07-15 06:17:44', '2026-07-15 06:17:49', '2026-07-15 06:18:54', NULL, NULL, 0, NULL, '2026-07-15 06:16:30', '2026-07-15 06:18:54'),
(19, 'ORD-869C94FEEA', 5, 8, NULL, '{\"city\": \"Kharar\", \"phone\": \"0677824359\", \"state\": \"Punjab\", \"country\": \"India\", \"full_name\": \"BS\", \"postal_code\": \"140301\", \"address_line1\": \"Gulmohar Road\", \"address_line2\": null}', '{\"city\": \"Kharar\", \"phone\": \"0677824359\", \"state\": \"Punjab\", \"country\": \"India\", \"full_name\": \"BS\", \"postal_code\": \"140301\", \"address_line1\": \"Gulmohar Road\", \"address_line2\": null}', 0.00, 20.00, 0.00, 0.00, 20.00, 'USD', 'USD', 1.00000000, 'pending', 'pending', 'pending', '0001', NULL, NULL, NULL, NULL, NULL, NULL, NULL, 0, NULL, '2026-07-18 07:40:56', '2026-07-18 07:40:56'),
(20, 'ORD-9F420A8109', 5, 8, NULL, '{\"city\": \"Kharar\", \"phone\": \"0677824359\", \"state\": \"Punjab\", \"country\": \"India\", \"full_name\": \"BS\", \"postal_code\": \"140301\", \"address_line1\": \"Gulmohar Road\", \"address_line2\": null}', '{\"city\": \"Kharar\", \"phone\": \"0677824359\", \"state\": \"Punjab\", \"country\": \"India\", \"full_name\": \"BS\", \"postal_code\": \"140301\", \"address_line1\": \"Gulmohar Road\", \"address_line2\": null}', 0.00, 20.00, 0.00, 0.00, 20.00, 'USD', 'USD', 1.00000000, 'wallet', 'refunded', 'cancelled', '4432', NULL, NULL, NULL, NULL, NULL, '2026-07-18 07:48:19', NULL, 0, NULL, '2026-07-18 07:47:07', '2026-07-18 07:48:20'),
(21, 'ORD-6B01EB9394', 5, 16, NULL, '{\"city\": \"Kharar\", \"phone\": \"0677824359\", \"state\": \"Punjab\", \"country\": \"India\", \"full_name\": \"Office\", \"postal_code\": \"140301\", \"address_line1\": \"Gulmohar Road\", \"address_line2\": null}', '{\"city\": \"Kharar\", \"phone\": \"0677824359\", \"state\": \"Punjab\", \"country\": \"India\", \"full_name\": \"Office\", \"postal_code\": \"140301\", \"address_line1\": \"Gulmohar Road\", \"address_line2\": null}', 0.00, 163.15, 0.00, 0.00, 163.15, 'USD', 'USD', 1.00000000, 'wallet', 'paid', 'pending', '8928', NULL, NULL, NULL, NULL, NULL, NULL, NULL, 0, NULL, '2026-07-21 11:40:20', '2026-07-21 11:43:21'),
(22, 'ORD-BDFDC22677', 5, 15, NULL, '{\"city\": \"Kharar\", \"phone\": \"0677824359\", \"state\": \"Punjab\", \"country\": \"India\", \"full_name\": \"Office\", \"postal_code\": \"140301\", \"address_line1\": \"Gulmohar Road\", \"address_line2\": null}', '{\"city\": \"Kharar\", \"phone\": \"0677824359\", \"state\": \"Punjab\", \"country\": \"India\", \"full_name\": \"Office\", \"postal_code\": \"140301\", \"address_line1\": \"Gulmohar Road\", \"address_line2\": null}', 0.00, 1503.14, 0.00, 0.00, 1508.14, 'USD', 'USD', 1.00000000, 'stripe', 'refunded', 'cancelled', '6776', NULL, NULL, NULL, NULL, NULL, '2026-08-04 07:21:40', NULL, 0, NULL, '2026-08-04 07:20:27', '2026-08-04 07:21:40'),
(23, 'ORD-9F7D192923', 27, 30, NULL, '{\"city\": \"Kharar\", \"phone\": \"0677824359\", \"state\": \"Punjab\", \"country\": \"India\", \"full_name\": \"Baljit Singh\", \"postal_code\": \"140301\", \"address_line1\": \"Gulmohar Road\", \"address_line2\": null}', '{\"city\": \"Kharar\", \"phone\": \"0677824359\", \"state\": \"Punjab\", \"country\": \"India\", \"full_name\": \"Baljit Singh\", \"postal_code\": \"140301\", \"address_line1\": \"Gulmohar Road\", \"address_line2\": null}', 0.00, 200.00, 0.00, 0.00, 205.00, 'USD', 'USD', 1.00000000, 'cash', 'pending', 'pending', '0376', NULL, NULL, NULL, NULL, NULL, NULL, NULL, 0, NULL, '2026-08-20 08:11:34', '2026-08-20 08:12:07'),
(24, 'ORD-6D26FA2414', 27, 30, NULL, '{\"city\": \"Kharar\", \"phone\": \"0677824359\", \"state\": \"Punjab\", \"country\": \"India\", \"full_name\": \"Baljit Singh\", \"postal_code\": \"140301\", \"address_line1\": \"Gulmohar Road\", \"address_line2\": null}', '{\"city\": \"Kharar\", \"phone\": \"0677824359\", \"state\": \"Punjab\", \"country\": \"India\", \"full_name\": \"Baljit Singh\", \"postal_code\": \"140301\", \"address_line1\": \"Gulmohar Road\", \"address_line2\": null}', 5.00, 400.00, 0.00, 0.00, 410.00, 'USD', 'USD', 1.00000000, 'stripe', 'paid', 'delivered', '6665', '2026-08-20 09:40:36', '2026-08-20 09:40:42', '2026-08-20 09:40:47', '2026-08-20 09:40:51', '2026-08-20 09:41:13', NULL, NULL, 0, NULL, '2026-08-20 09:39:10', '2026-08-20 09:41:13'),
(25, 'ORD-F1E55A7A7A', 27, 30, NULL, '{\"city\": \"Kharar\", \"phone\": \"0677824359\", \"state\": \"Punjab\", \"country\": \"India\", \"full_name\": \"Baljit Singh\", \"postal_code\": \"140301\", \"address_line1\": \"Gulmohar Road\", \"address_line2\": null}', '{\"city\": \"Kharar\", \"phone\": \"0677824359\", \"state\": \"Punjab\", \"country\": \"India\", \"full_name\": \"Baljit Singh\", \"postal_code\": \"140301\", \"address_line1\": \"Gulmohar Road\", \"address_line2\": null}', 5.00, 400.00, 0.00, 0.00, 410.00, 'USD', 'USD', 1.00000000, 'stripe', 'paid', 'delivered', '7667', '2026-08-20 09:49:22', '2026-08-20 09:49:26', '2026-08-20 09:49:30', '2026-08-20 09:49:33', '2026-08-20 09:50:05', NULL, NULL, 0, NULL, '2026-08-20 09:48:40', '2026-08-20 09:50:05'),
(26, 'ORD-C244248A68', 27, 30, NULL, '{\"city\": \"Kharar\", \"phone\": \"0677824359\", \"state\": \"Punjab\", \"country\": \"India\", \"full_name\": \"Baljit Singh\", \"postal_code\": \"140301\", \"address_line1\": \"Gulmohar Road\", \"address_line2\": null}', '{\"city\": \"Kharar\", \"phone\": \"0677824359\", \"state\": \"Punjab\", \"country\": \"India\", \"full_name\": \"Baljit Singh\", \"postal_code\": \"140301\", \"address_line1\": \"Gulmohar Road\", \"address_line2\": null}', 5.00, 200.00, 0.00, 0.00, 210.00, 'USD', 'USD', 1.00000000, 'stripe', 'paid', 'delivered', '8750', '2026-08-21 04:05:47', '2026-08-21 04:05:52', '2026-08-21 04:05:59', '2026-08-21 04:06:03', '2026-08-21 04:06:20', NULL, NULL, 0, NULL, '2026-08-21 04:04:27', '2026-08-21 04:06:20'),
(27, 'ORD-E30556F9F6', 27, 13, NULL, '{\"city\": \"Kharar\", \"phone\": \"0677824359\", \"state\": \"Punjab\", \"country\": \"India\", \"full_name\": \"Baljit Singh\", \"postal_code\": \"140301\", \"address_line1\": \"Gulmohar Road\", \"address_line2\": null}', '{\"city\": \"Kharar\", \"phone\": \"0677824359\", \"state\": \"Punjab\", \"country\": \"India\", \"full_name\": \"Baljit Singh\", \"postal_code\": \"140301\", \"address_line1\": \"Gulmohar Road\", \"address_line2\": null}', 0.00, 4070.68, 0.00, 0.00, 4075.68, 'USD', 'USD', 1.00000000, 'pending', 'pending', 'draft', '3161', NULL, NULL, NULL, NULL, NULL, NULL, NULL, 0, NULL, '2026-08-21 14:19:24', '2026-08-21 14:19:24');

-- --------------------------------------------------------

--
-- Table structure for table `ec_order_items`
--

CREATE TABLE IF NOT EXISTS `ec_order_items` (
  `id` bigint UNSIGNED NOT NULL AUTO_INCREMENT,
  `order_id` bigint UNSIGNED NOT NULL,
  `product_id` bigint UNSIGNED NOT NULL,
  `variant_id` bigint UNSIGNED NOT NULL,
  `product_name` varchar(191) COLLATE utf8mb4_unicode_ci NOT NULL,
  `variant_name` varchar(191) COLLATE utf8mb4_unicode_ci DEFAULT NULL,
  `sku` varchar(191) COLLATE utf8mb4_unicode_ci DEFAULT NULL,
  `quantity` int UNSIGNED NOT NULL,
  `unit_price` decimal(10,2) NOT NULL,
  `subtotal` decimal(10,2) NOT NULL,
  `is_reviewed` tinyint(1) NOT NULL DEFAULT '0',
  `created_at` timestamp NULL DEFAULT NULL,
  `updated_at` timestamp NULL DEFAULT NULL,
  PRIMARY KEY (`id`),
  KEY `ec_order_items_variant_id_foreign` (`variant_id`),
  KEY `ec_order_items_order_id_index` (`order_id`),
  KEY `ec_order_items_product_id_index` (`product_id`)
) ENGINE=MyISAM AUTO_INCREMENT=32 DEFAULT CHARSET=utf8mb4 COLLATE=utf8mb4_unicode_ci;

--
-- Dumping data for table `ec_order_items`
--

INSERT INTO `ec_order_items` (`id`, `order_id`, `product_id`, `variant_id`, `product_name`, `variant_name`, `sku`, `quantity`, `unit_price`, `subtotal`, `is_reviewed`, `created_at`, `updated_at`) VALUES
(1, 1, 4, 4, 'procudt2', 'Default', 'sdf', 1, 23.00, 23.00, 0, '2026-06-30 09:05:29', '2026-06-30 09:05:29'),
(2, 2, 4, 4, 'procudt2', 'Default', 'sdf', 1, 23.00, 23.00, 0, '2026-06-30 09:07:43', '2026-06-30 09:07:43'),
(3, 2, 1, 5, 'procudt1', 'Green/L', '334', 1, 30.00, 30.00, 0, '2026-06-30 09:07:43', '2026-06-30 09:07:43'),
(4, 3, 1, 1, 'procudt1', 'Red /M', '254', 1, 20.00, 20.00, 0, '2026-07-01 03:19:44', '2026-07-01 03:19:44'),
(5, 4, 4, 4, 'procudt2', 'Default', 'sdf', 1, 23.00, 23.00, 0, '2026-07-04 02:56:19', '2026-07-04 02:56:19'),
(6, 5, 1, 1, 'procudt1', 'Red /M', '254', 1, 20.00, 20.00, 0, '2026-07-04 07:46:43', '2026-07-04 07:46:43'),
(7, 6, 1, 1, 'procudt1', 'Red /M', '254', 2, 20.00, 40.00, 0, '2026-07-04 08:12:23', '2026-07-04 08:12:23'),
(8, 7, 4, 4, 'procudt2', 'Default', 'sdf', 1, 23.00, 23.00, 0, '2026-07-04 08:20:51', '2026-07-04 08:20:51'),
(9, 7, 1, 1, 'procudt1', 'Red /M', '254', 1, 20.00, 20.00, 0, '2026-07-04 08:20:51', '2026-07-04 08:20:51'),
(10, 8, 4, 4, 'procudt2', 'Default', 'sdf', 2, 23.00, 46.00, 0, '2026-07-04 11:19:04', '2026-07-04 11:19:04'),
(11, 9, 1, 1, 'procudt1', 'Red /M', '254', 1, 20.00, 20.00, 0, '2026-07-05 07:03:21', '2026-07-05 07:03:21'),
(12, 10, 4, 4, 'procudt2', 'Default', 'sdf', 1, 23.00, 23.00, 0, '2026-07-05 07:27:57', '2026-07-05 07:27:57'),
(13, 11, 1, 1, 'procudt1', 'Red /M', '254', 2, 20.00, 40.00, 0, '2026-07-05 07:35:55', '2026-07-05 07:35:55'),
(14, 12, 4, 4, 'procudt2', 'Default', 'sdf', 3, 23.00, 69.00, 0, '2026-07-05 07:37:41', '2026-07-05 07:37:41'),
(15, 13, 1, 1, 'procudt1', 'Red /M', '254', 2, 20.00, 40.00, 0, '2026-07-05 07:43:53', '2026-07-05 07:43:53'),
(16, 14, 4, 4, 'procudt2', 'Default', 'sdf', 1, 23.00, 23.00, 1, '2026-07-05 07:50:59', '2026-07-05 07:59:00'),
(17, 14, 1, 1, 'procudt1', 'Red /M', '254', 1, 20.00, 20.00, 1, '2026-07-05 07:50:59', '2026-07-05 07:59:11'),
(18, 15, 1, 1, 'procudt1', 'Red /M', '254', 1, 20.00, 20.00, 0, '2026-07-07 07:47:47', '2026-07-07 07:47:47'),
(19, 16, 1, 1, 'procudt1', 'Red /M', '254', 1, 20.00, 20.00, 0, '2026-07-11 05:38:40', '2026-07-11 05:38:40'),
(20, 17, 4, 4, 'procudt2', 'Default', 'sdf', 1, 23.00, 23.00, 0, '2026-07-11 05:53:13', '2026-07-11 05:53:13'),
(21, 18, 4, 4, 'procudt2', 'Default', 'sdf', 1, 23.00, 23.00, 1, '2026-07-15 06:16:30', '2026-07-15 06:19:35'),
(22, 18, 1, 5, 'procudt1', 'Green/L', '334', 1, 30.00, 30.00, 1, '2026-07-15 06:16:30', '2026-07-15 06:20:03'),
(23, 19, 1, 1, 'procudt1', 'Red /M', '254', 1, 20.00, 20.00, 0, '2026-07-18 07:40:56', '2026-07-18 07:40:56'),
(24, 20, 1, 1, 'procudt1', 'Red /M', '254', 1, 20.00, 20.00, 0, '2026-07-18 07:47:07', '2026-07-18 07:47:07'),
(25, 21, 27, 28, 'Saepe Quasi', 'Default', 'JZGPSBT2', 1, 163.15, 163.15, 0, '2026-07-21 11:40:20', '2026-07-21 11:40:20'),
(26, 22, 21, 22, 'Aut Qui', 'Default', 'LNBG1DAH', 1, 1503.14, 1503.14, 0, '2026-08-04 07:20:27', '2026-08-04 07:20:27'),
(27, 23, 41, 41, 'New camra', 'Default', NULL, 1, 200.00, 200.00, 0, '2026-08-20 08:11:34', '2026-08-20 08:11:34'),
(28, 24, 41, 41, 'New camra', 'Default', NULL, 2, 200.00, 400.00, 0, '2026-08-20 09:39:10', '2026-08-20 09:39:10'),
(29, 25, 41, 41, 'New camra', 'Default', NULL, 2, 200.00, 400.00, 1, '2026-08-20 09:48:40', '2026-08-21 07:34:42'),
(30, 26, 41, 41, 'New camra', 'Default', NULL, 1, 200.00, 200.00, 1, '2026-08-21 04:04:27', '2026-08-21 04:06:36'),
(31, 27, 15, 16, 'Laborum Aliquid', 'Default', 'N4VOCDYO', 1, 4070.68, 4070.68, 0, '2026-08-21 14:19:24', '2026-08-21 14:19:24');

-- --------------------------------------------------------

--
-- Table structure for table `ec_products`
--

CREATE TABLE IF NOT EXISTS `ec_products` (
  `id` bigint UNSIGNED NOT NULL AUTO_INCREMENT,
  `provider_id` bigint UNSIGNED NOT NULL,
  `category_id` bigint UNSIGNED DEFAULT NULL,
  `name` varchar(191) COLLATE utf8mb4_unicode_ci NOT NULL,
  `slug` varchar(191) COLLATE utf8mb4_unicode_ci NOT NULL,
  `brand` varchar(191) COLLATE utf8mb4_unicode_ci DEFAULT NULL,
  `description` text COLLATE utf8mb4_unicode_ci,
  `product_type` enum('simple','variable') COLLATE utf8mb4_unicode_ci NOT NULL DEFAULT 'simple',
  `status` enum('active','inactive','draft') COLLATE utf8mb4_unicode_ci NOT NULL DEFAULT 'draft',
  `is_todays_deal` tinyint(1) NOT NULL DEFAULT '0',
  `sort_order` int UNSIGNED NOT NULL DEFAULT '0',
  `created_at` timestamp NULL DEFAULT NULL,
  `updated_at` timestamp NULL DEFAULT NULL,
  PRIMARY KEY (`id`),
  UNIQUE KEY `ec_products_slug_unique` (`slug`),
  KEY `ec_products_provider_id_status_index` (`provider_id`,`status`),
  KEY `ec_products_category_id_status_index` (`category_id`,`status`),
  KEY `ec_products_product_type_index` (`product_type`),
  KEY `ec_products_is_todays_deal_index` (`is_todays_deal`)
) ENGINE=MyISAM AUTO_INCREMENT=42 DEFAULT CHARSET=utf8mb4 COLLATE=utf8mb4_unicode_ci;

--
-- Dumping data for table `ec_products`
--

INSERT INTO `ec_products` (`id`, `provider_id`, `category_id`, `name`, `slug`, `brand`, `description`, `product_type`, `status`, `is_todays_deal`, `sort_order`, `created_at`, `updated_at`) VALUES
(1, 8, 72, 'procudt1', 'procudt1-HsJuwQ', 'nike', 'sdfsdf', 'variable', 'active', 1, 0, '2026-06-27 07:12:10', '2026-08-21 02:58:13'),
(2, 8, 71, 'Mobile', 'mobile-N9ypO6', 'samsung', 'samsung mobile samsung mobile samsung mobile samsung mobile samsung mobile samsung mobile samsung mobile samsung mobile samsung mobile', 'simple', 'inactive', 0, 0, '2026-06-27 07:18:15', '2026-06-27 07:18:15'),
(5, 9, 1, 'Sit Itaque', 'sit-itaque-S0oL0q', 'Swift-Blick', 'Ab dolores est vitae debitis veniam hic modi. Reprehenderit non eius harum dolorum illo debitis aut.', 'simple', 'active', 1, 0, '2026-07-06 00:00:22', '2026-08-21 03:01:03'),
(4, 8, 75, 'procudt2', 'procudt2-UHN3TX', NULL, 'ss', 'simple', 'active', 0, 0, '2026-06-28 05:31:26', '2026-06-28 05:31:26'),
(6, 9, 1, 'Asperiores Error', 'asperiores-error-y5ruX1', 'Legros PLC', 'Rem consequatur deleniti et unde porro laboriosam cupiditate. Ad nulla voluptates recusandae ipsa autem perferendis.', 'simple', 'active', 0, 1, '2026-07-06 00:00:22', '2026-08-21 03:02:27'),
(7, 10, 1, 'Quia Voluptatum', 'quia-voluptatum-ARvqn5', 'Russel, Waters and Heidenreich', 'Corporis tempore minima minima illum quibusdam. Dolorum qui consequatur aut sed non quia deleniti. Animi voluptas et doloremque quaerat. Nihil quasi soluta tempora qui maxime consequatur aut accusamus.', 'simple', 'active', 1, 0, '2026-07-06 00:01:06', '2026-08-21 03:01:04'),
(8, 10, 1, 'Velit Et', 'velit-et-HJ3Y5e', 'Gibson-Fadel', 'Asperiores rerum non nobis aliquid provident ipsam. Et sit explicabo iusto et quod inventore. Fuga totam quisquam et qui assumenda voluptate. Molestiae quod voluptas ab iure laudantium placeat deserunt.', 'simple', 'active', 1, 1, '2026-07-06 00:01:06', '2026-08-21 03:13:16'),
(9, 10, 1, 'Ex Consequatur', 'ex-consequatur-0iyKk5', 'Bauch, Wolf and Nader', 'At quod maiores fugiat aut. Quia nemo consequatur aspernatur quo aut delectus facere. Odit ratione similique sit dicta commodi laboriosam.', 'simple', 'active', 1, 2, '2026-07-06 00:01:06', '2026-08-21 03:13:16'),
(10, 11, 1, 'Ad Voluptatem', 'ad-voluptatem-ClxrCR', 'Ernser-Runolfsson', 'Quaerat saepe harum voluptatum similique molestiae. Vel inventore nemo delectus. Consequuntur asperiores quod et veniam alias. Illo reprehenderit labore culpa hic fuga voluptates.', 'simple', 'active', 1, 0, '2026-07-06 00:01:06', '2026-08-21 03:01:07'),
(11, 11, 1, 'Laudantium Nesciunt', 'laudantium-nesciunt-DLfbNs', 'Hickle Inc', 'Quia odio et aut assumenda. Perferendis quibusdam nobis voluptatem laborum rem. Quia voluptates temporibus hic dolor amet voluptas. Quidem adipisci voluptatem corrupti sed mollitia.', 'simple', 'active', 0, 1, '2026-07-06 00:01:06', '2026-08-21 03:02:26'),
(12, 12, 1, 'Recusandae Ratione', 'recusandae-ratione-CVkybx', 'Jacobs, Emmerich and Balistreri', 'Consequatur earum et quaerat maxime aut natus dicta. Voluptate dolor veritatis veritatis libero rerum voluptas. Aut quisquam et dolorem et est.', 'simple', 'active', 0, 0, '2026-07-06 00:01:06', '2026-07-06 00:01:06'),
(13, 12, 1, 'Natus Autem', 'natus-autem-82B6pO', 'McGlynn, Zieme and Haag', 'Ullam aliquam ipsum numquam. Voluptatem necessitatibus qui quia molestiae ipsam quasi recusandae vero. Aut occaecati ratione ea nisi et temporibus molestiae.', 'simple', 'active', 0, 1, '2026-07-06 00:01:06', '2026-07-06 00:01:06'),
(14, 12, 1, 'Ipsam Doloribus', 'ipsam-doloribus-tjNlO6', 'Rempel-Stark', 'Odit eius unde optio accusantium autem quam repellendus. Itaque et iure voluptatibus et. Dolor qui eveniet esse praesentium ut ut sint.', 'simple', 'active', 0, 2, '2026-07-06 00:01:06', '2026-07-06 00:01:06'),
(15, 13, 1, 'Laborum Aliquid', 'laborum-aliquid-S3Gh0y', 'Padberg and Sons', 'Est quae voluptate dolor perferendis ratione nulla cum. Sequi officia et voluptate accusamus. Et iste culpa magnam suscipit veritatis odio consequatur.', 'simple', 'active', 1, 0, '2026-07-06 00:01:06', '2026-08-21 03:13:30'),
(16, 13, 1, 'Et Pariatur', 'et-pariatur-lPQT4X', 'Kiehn PLC', 'Molestiae occaecati qui nihil quia quia ipsa. Corrupti sit eum similique iure repudiandae rem.', 'simple', 'active', 0, 1, '2026-07-06 00:01:06', '2026-08-21 03:13:30'),
(17, 13, 1, 'Nam Molestiae', 'nam-molestiae-wUUAoh', 'Hahn-Kshlerin', 'Voluptatum ipsum dolor maxime voluptates sit non rerum est. Quo cumque fugit quos sint ipsum. Cupiditate assumenda ea doloribus omnis architecto. Reiciendis molestiae et a aut.', 'simple', 'active', 1, 2, '2026-07-06 00:01:06', '2026-08-21 03:13:22'),
(18, 14, 1, 'Omnis Nobis', 'omnis-nobis-kR8biJ', 'Yundt Group', 'Voluptatibus ut sed voluptate qui. A aut nobis voluptate quia et. Laboriosam impedit ut praesentium.', 'simple', 'active', 1, 0, '2026-07-06 00:01:06', '2026-08-21 03:13:24'),
(19, 14, 1, 'Vitae Corporis', 'vitae-corporis-TyCVCn', 'Heidenreich, Collier and Blick', 'Ut sunt repellendus est a. Velit accusantium molestiae fugiat molestiae sit. Asperiores atque nihil perspiciatis nulla minus laboriosam. Ut sint occaecati unde accusamus non.', 'simple', 'active', 1, 1, '2026-07-06 00:01:06', '2026-08-21 03:13:27'),
(20, 14, 1, 'Sapiente Odit', 'sapiente-odit-BYO66G', 'Goodwin, Gleason and Mosciski', 'Molestias rerum necessitatibus nostrum adipisci eos. Minima vero ab atque aut. Et illo voluptatem est nulla.', 'simple', 'active', 1, 2, '2026-07-06 00:01:06', '2026-08-21 03:13:32'),
(21, 15, 1, 'Aut Qui', 'aut-qui-b7xmj6', 'Pollich-Emmerich', 'Illum quia doloremque eveniet temporibus. Quia et minima tempore debitis quisquam nostrum consectetur. Autem ut ut quaerat odit eos. Sint eos rerum earum. Beatae quos sequi velit recusandae vero dolor mollitia voluptates.', 'simple', 'active', 0, 0, '2026-07-06 00:01:07', '2026-08-21 03:13:32'),
(22, 15, 1, 'Adipisci Enim', 'adipisci-enim-BpiyLI', 'Effertz-Prosacco', 'Beatae temporibus esse nihil fuga commodi. Nisi ea inventore sint ut suscipit. Dolor eos consequatur voluptas beatae provident unde ad vel. Voluptate maiores vero velit eligendi et exercitationem omnis repellat.', 'simple', 'active', 0, 1, '2026-07-06 00:01:07', '2026-07-06 00:01:07'),
(23, 15, 1, 'Debitis Pariatur', 'debitis-pariatur-3SnL9x', 'Jones Inc', 'Aut natus odio qui officia. Quibusdam voluptas autem voluptatem facilis corporis. Dolores delectus est eius vel excepturi.', 'simple', 'active', 0, 2, '2026-07-06 00:01:07', '2026-07-06 00:01:07'),
(24, 15, 1, 'Est Autem', 'est-autem-34xmBy', 'Paucek, Bayer and Effertz', 'Dolore enim labore et praesentium. Sed et et cumque temporibus. Consequuntur excepturi mollitia doloremque impedit est.', 'simple', 'active', 0, 3, '2026-07-06 00:01:07', '2026-07-06 00:01:07'),
(25, 15, 1, 'Voluptatem Deserunt', 'voluptatem-deserunt-D1WCXk', 'Ryan-McGlynn', 'Ut fuga esse ut quam exercitationem aspernatur saepe. Ullam esse soluta excepturi et. Sint molestiae veniam dolorem sequi provident ab dolor. Aut modi ut vel quis.', 'simple', 'active', 0, 4, '2026-07-06 00:01:07', '2026-07-06 00:01:07'),
(26, 16, 1, 'Dolorum Fugit', 'dolorum-fugit-xxIHay', 'Hane, Osinski and Medhurst', 'Et consequatur fugit a ad et autem. Sed est distinctio iste vel. Cum hic minima aut excepturi.', 'simple', 'active', 0, 0, '2026-07-06 00:01:07', '2026-07-06 00:01:07'),
(27, 16, 1, 'Saepe Quasi', 'saepe-quasi-iE8M16', 'Johnson-Wilkinson', 'Perspiciatis ut eveniet placeat qui. Non officia numquam nisi illo quis. Amet deleniti nihil corporis sunt tempora.', 'simple', 'active', 1, 1, '2026-07-06 00:01:07', '2026-08-21 03:13:38'),
(28, 16, 1, 'Id Tempora', 'id-tempora-ZpE8Ui', 'Kunze PLC', 'Ad eos voluptate modi qui ipsam. Quas sunt placeat modi rerum magnam aut. Animi doloremque quaerat voluptatum libero quidem ab tempore. Quis qui qui molestias repudiandae.', 'simple', 'active', 0, 2, '2026-07-06 00:01:07', '2026-08-21 03:13:39'),
(29, 17, 1, 'Quibusdam Mollitia', 'quibusdam-mollitia-DJVa34', 'Bosco, Jerde and Nikolaus', 'Saepe aut ab quod omnis. Iste ipsa est consequuntur dolore quia non. Deleniti dolor corporis iste distinctio. Et consequuntur perspiciatis est.', 'simple', 'active', 0, 0, '2026-07-06 00:01:07', '2026-08-21 03:13:39'),
(30, 17, 1, 'Dolores Perspiciatis', 'dolores-perspiciatis-zNctsM', 'Keeling-Waters', 'Labore explicabo praesentium corporis repellat reiciendis. Quidem velit omnis qui id culpa nihil. Ex ut repellat non alias sequi repellat aut. Iure corporis accusantium doloremque nihil voluptatum qui.', 'simple', 'active', 1, 1, '2026-07-06 00:01:07', '2026-08-21 03:13:41'),
(31, 18, 1, 'Beatae Asperiores', 'beatae-asperiores-PVy60F', 'Rippin-Hagenes', 'Vitae officiis nihil molestias et tempore. Voluptatem facere laudantium unde et molestiae nesciunt veniam alias. Ad nisi qui atque aperiam.', 'simple', 'active', 0, 0, '2026-07-06 00:01:07', '2026-07-06 00:01:07'),
(32, 18, 1, 'Voluptate Quo', 'voluptate-quo-H1YYUe', 'Ullrich, Hagenes and Hilpert', 'Officia qui odio laudantium exercitationem omnis ipsam. Et laudantium necessitatibus rerum quo. Sint accusamus architecto et modi. Nam nam eos ipsam aperiam omnis dolor adipisci possimus.', 'simple', 'active', 0, 1, '2026-07-06 00:01:07', '2026-07-06 00:01:07'),
(33, 18, 1, 'Qui Fuga', 'qui-fuga-Tek2Kv', 'Nicolas-Cole', 'Est laboriosam est maxime optio eum architecto magni. Voluptas facilis velit tempore libero. Nisi nisi quo necessitatibus iste commodi labore.', 'simple', 'active', 0, 2, '2026-07-06 00:01:07', '2026-07-06 00:01:07'),
(34, 18, 1, 'Quia Laboriosam', 'quia-laboriosam-2JPRM5', 'Little Inc', 'Aut culpa expedita tempore beatae corporis ut error. Nemo exercitationem delectus dolor maxime ab provident. Temporibus quae nam nemo tenetur occaecati aut exercitationem. Qui ut tempore itaque consequatur officiis dolore nihil illum.', 'simple', 'active', 0, 3, '2026-07-06 00:01:07', '2026-07-06 00:01:07'),
(35, 19, 1, 'Eos Accusantium', 'eos-accusantium-qP0vpO', 'Casper-Glover', 'Sunt non placeat et exercitationem est optio voluptates. Tenetur est aspernatur maxime. Autem eum corrupti est et maxime.', 'simple', 'active', 0, 0, '2026-07-06 00:01:07', '2026-07-06 00:01:07'),
(36, 19, 1, 'Voluptate Deleniti', 'voluptate-deleniti-CiKiBP', 'Mraz PLC', 'Ipsum repellendus ut quo a. Incidunt temporibus est harum. Aut architecto expedita odit.', 'simple', 'active', 0, 1, '2026-07-06 00:01:07', '2026-07-06 00:01:07'),
(37, 19, 1, 'Officia Ab', 'officia-ab-o803GA', 'Breitenberg-Olson', 'Ut voluptatibus deleniti eum voluptatem omnis consequatur ipsam ex. Ullam cupiditate sit quis ea deserunt molestiae maiores. Nemo qui eius dolorum aut enim exercitationem velit. Aut aliquid aut non.', 'simple', 'active', 0, 2, '2026-07-06 00:01:07', '2026-07-06 00:01:07'),
(38, 19, 1, 'At Voluptas', 'at-voluptas-Qw3sEV', 'Johnston, Dooley and Hoppe', 'Nemo necessitatibus est sint. Eius labore commodi qui tempore ut eius. Velit nisi veritatis est ad odit consectetur ex nulla. Consequuntur eveniet porro soluta est ex iste facere. Rerum quo laborum autem eos et sunt.', 'simple', 'active', 0, 3, '2026-07-06 00:01:07', '2026-07-06 00:01:07'),
(39, 19, 1, 'Doloremque Sit', 'doloremque-sit-nWwzcU', 'Kulas, Shields and Keebler', 'Aut nisi dignissimos dolorem aut consectetur. Reiciendis non et dignissimos corrupti possimus numquam quo. Corporis quibusdam minus consequatur fugit.', 'simple', 'active', 0, 4, '2026-07-06 00:01:07', '2026-07-06 00:01:07'),
(40, 8, 75, 'dfgdfg', 'dfgdfg-TllIQO', 'ddd', 'ssdf', 'variable', 'active', 0, 0, '2026-07-14 01:46:10', '2026-07-14 01:46:10'),
(41, 30, 115, 'New camra', 'new-camra-zdh1OQ', 'nickon', 'camradfsf sdfsd', 'simple', 'active', 0, 0, '2026-08-20 07:27:47', '2026-08-20 07:27:47');

-- --------------------------------------------------------

--
-- Table structure for table `ec_product_variants`
--

CREATE TABLE IF NOT EXISTS `ec_product_variants` (
  `id` bigint UNSIGNED NOT NULL AUTO_INCREMENT,
  `product_id` bigint UNSIGNED NOT NULL,
  `variant_name` varchar(191) COLLATE utf8mb4_unicode_ci DEFAULT NULL,
  `sku` varchar(191) COLLATE utf8mb4_unicode_ci DEFAULT NULL,
  `price` decimal(10,2) NOT NULL DEFAULT '0.00',
  `compare_price` decimal(10,2) DEFAULT NULL,
  `stock` int UNSIGNED NOT NULL DEFAULT '0',
  `image` varchar(191) COLLATE utf8mb4_unicode_ci DEFAULT NULL,
  `status` enum('active','inactive') COLLATE utf8mb4_unicode_ci NOT NULL DEFAULT 'active',
  `is_default` tinyint(1) NOT NULL DEFAULT '0',
  `sort_order` int UNSIGNED NOT NULL DEFAULT '0',
  `created_at` timestamp NULL DEFAULT NULL,
  `updated_at` timestamp NULL DEFAULT NULL,
  PRIMARY KEY (`id`),
  KEY `ec_product_variants_product_id_status_index` (`product_id`,`status`),
  KEY `ec_product_variants_sku_index` (`sku`)
) ENGINE=MyISAM AUTO_INCREMENT=42 DEFAULT CHARSET=utf8mb4 COLLATE=utf8mb4_unicode_ci;

--
-- Dumping data for table `ec_product_variants`
--

INSERT INTO `ec_product_variants` (`id`, `product_id`, `variant_name`, `sku`, `price`, `compare_price`, `stock`, `image`, `status`, `is_default`, `sort_order`, `created_at`, `updated_at`) VALUES
(1, 1, 'Red /M', '254', 20.00, 18.00, 11, 'ec/variants/ema7fYo0IwroVz8BjOCh0DFw5uMOfnG9Ekm6DdnQ.jpg', 'active', 1, 0, '2026-06-27 07:12:59', '2026-07-18 07:48:20'),
(2, 2, 'Default', '5', 12.00, 30.00, 10, NULL, 'active', 1, 0, '2026-06-27 07:18:15', '2026-06-27 07:18:43'),
(3, 3, 'Default', '33', 100.00, 150.00, 20, NULL, 'active', 1, 0, '2026-06-27 07:28:21', '2026-06-27 07:28:42'),
(4, 4, 'Default', 'sdf', 23.00, 50.00, 14, NULL, 'active', 1, 0, '2026-06-28 05:31:26', '2026-07-15 06:16:30'),
(5, 1, 'Green/L', '334', 30.00, 50.00, 8, NULL, 'active', 0, 0, '2026-06-29 04:06:48', '2026-07-15 06:16:30'),
(6, 5, 'Default', 'Q0EIAL7T', 977.41, 6001.73, 82, NULL, 'active', 1, 0, '2026-07-06 00:00:22', '2026-07-06 00:00:22'),
(7, 6, 'Default', 'WWMID2SZ', 3315.04, 5792.03, 94, NULL, 'active', 1, 0, '2026-07-06 00:00:22', '2026-07-06 00:00:22'),
(8, 7, 'Default', 'COEMUUJ4', 2908.90, 5540.96, 60, NULL, 'active', 1, 0, '2026-07-06 00:01:06', '2026-07-06 00:01:06'),
(9, 8, 'Default', '0FJRSO5Z', 2878.10, 6653.36, 22, NULL, 'active', 1, 0, '2026-07-06 00:01:06', '2026-07-06 00:01:06'),
(10, 9, 'Default', 'AOR3IQWH', 2443.22, 6698.75, 85, NULL, 'active', 1, 0, '2026-07-06 00:01:06', '2026-07-06 00:01:06'),
(11, 10, 'Default', 'J7XGBDUZ', 1446.60, 5568.23, 84, NULL, 'active', 1, 0, '2026-07-06 00:01:06', '2026-07-06 00:01:06'),
(12, 11, 'Default', 'ZH1UGB2A', 1188.42, 5080.96, 53, NULL, 'active', 1, 0, '2026-07-06 00:01:06', '2026-07-06 00:01:06'),
(13, 12, 'Default', 'XSMYGHJT', 4857.80, 7279.43, 39, NULL, 'active', 1, 0, '2026-07-06 00:01:06', '2026-07-06 00:01:06'),
(14, 13, 'Default', '7OYDLUIX', 4511.47, 7554.45, 79, NULL, 'active', 1, 0, '2026-07-06 00:01:06', '2026-07-06 00:01:06'),
(15, 14, 'Default', 'PXID7IAF', 692.67, 7004.19, 95, NULL, 'active', 1, 0, '2026-07-06 00:01:06', '2026-07-06 00:01:06'),
(16, 15, 'Default', 'N4VOCDYO', 4070.68, 5194.64, 20, NULL, 'active', 1, 0, '2026-07-06 00:01:06', '2026-08-21 14:19:24'),
(17, 16, 'Default', 'NUEHKQSV', 1953.51, 7110.49, 83, NULL, 'active', 1, 0, '2026-07-06 00:01:06', '2026-07-06 00:01:06'),
(18, 17, 'Default', '3FQWYPAG', 2344.33, 5112.67, 37, NULL, 'active', 1, 0, '2026-07-06 00:01:06', '2026-07-06 00:01:06'),
(19, 18, 'Default', 'Z0N9X4FP', 2155.23, 6510.73, 86, NULL, 'active', 1, 0, '2026-07-06 00:01:06', '2026-07-06 00:01:06'),
(20, 19, 'Default', 'O0SBILGU', 1961.30, 6608.14, 53, NULL, 'active', 1, 0, '2026-07-06 00:01:06', '2026-07-06 00:01:06'),
(21, 20, 'Default', 'P5PFBOKC', 464.19, 5142.81, 16, NULL, 'active', 1, 0, '2026-07-06 00:01:06', '2026-07-06 00:01:06'),
(22, 21, 'Default', 'LNBG1DAH', 1503.14, 5086.31, 57, NULL, 'active', 1, 0, '2026-07-06 00:01:07', '2026-08-04 07:21:40'),
(23, 22, 'Default', 'U9GP0PNN', 1962.14, 7065.42, 12, NULL, 'active', 1, 0, '2026-07-06 00:01:07', '2026-07-06 00:01:07'),
(24, 23, 'Default', 'RXFRJQAU', 1746.95, 6230.83, 79, NULL, 'active', 1, 0, '2026-07-06 00:01:07', '2026-07-06 00:01:07'),
(25, 24, 'Default', 'X23KXO43', 4167.73, 6398.27, 50, NULL, 'active', 1, 0, '2026-07-06 00:01:07', '2026-07-06 00:01:07'),
(26, 25, 'Default', '8IZEUHDX', 1655.95, 5676.31, 86, NULL, 'active', 1, 0, '2026-07-06 00:01:07', '2026-07-06 00:01:07'),
(27, 26, 'Default', 'PRL5YBQ6', 939.85, 6975.49, 25, NULL, 'active', 1, 0, '2026-07-06 00:01:07', '2026-07-06 00:01:07'),
(28, 27, 'Default', 'JZGPSBT2', 163.15, 7796.44, 81, NULL, 'active', 1, 0, '2026-07-06 00:01:07', '2026-07-21 11:40:20'),
(29, 28, 'Default', 'WYGTY05L', 1692.36, 5907.27, 16, NULL, 'active', 1, 0, '2026-07-06 00:01:07', '2026-07-06 00:01:07'),
(30, 29, 'Default', 'WR9PX15X', 3177.85, 5572.24, 85, NULL, 'active', 1, 0, '2026-07-06 00:01:07', '2026-07-06 00:01:07'),
(31, 30, 'Default', 'DWPKF8QT', 1137.50, 6401.68, 26, NULL, 'active', 1, 0, '2026-07-06 00:01:07', '2026-07-06 00:01:07'),
(32, 31, 'Default', 'HFBUUHAN', 4612.86, 5869.24, 97, NULL, 'active', 1, 0, '2026-07-06 00:01:07', '2026-07-06 00:01:07'),
(33, 32, 'Default', 'YHOUZLV8', 663.77, 5574.54, 40, NULL, 'active', 1, 0, '2026-07-06 00:01:07', '2026-07-06 00:01:07'),
(34, 33, 'Default', 'DLRIJ8NP', 1797.45, 6155.58, 82, NULL, 'active', 1, 0, '2026-07-06 00:01:07', '2026-07-06 00:01:07'),
(35, 34, 'Default', 'INDYUXO6', 4969.35, 5583.90, 31, NULL, 'active', 1, 0, '2026-07-06 00:01:07', '2026-07-06 00:01:07'),
(36, 35, 'Default', 'B9CP0MTX', 4638.34, 5513.23, 11, NULL, 'active', 1, 0, '2026-07-06 00:01:07', '2026-07-06 00:01:07'),
(37, 36, 'Default', '0XRZ9TXM', 4683.53, 7628.46, 30, NULL, 'active', 1, 0, '2026-07-06 00:01:07', '2026-07-06 00:01:07'),
(38, 37, 'Default', 'VTDSR0CL', 4735.54, 6129.40, 72, NULL, 'active', 1, 0, '2026-07-06 00:01:07', '2026-07-06 00:01:07'),
(39, 38, 'Default', 'WKDFBX3J', 439.02, 6681.23, 46, NULL, 'active', 1, 0, '2026-07-06 00:01:07', '2026-07-06 00:01:07'),
(40, 39, 'Default', 'C8VFSBCG', 2542.97, 5921.18, 93, NULL, 'active', 1, 0, '2026-07-06 00:01:07', '2026-07-06 00:01:07'),
(41, 41, 'Default', NULL, 200.00, 250.00, 5, NULL, 'active', 1, 0, '2026-08-20 07:27:47', '2026-08-21 04:04:27');

-- --------------------------------------------------------

--
-- Table structure for table `ec_promotions`
--

CREATE TABLE IF NOT EXISTS `ec_promotions` (
  `id` bigint UNSIGNED NOT NULL AUTO_INCREMENT,
  `provider_id` bigint UNSIGNED NOT NULL,
  `promotion_plan_id` bigint UNSIGNED DEFAULT NULL,
  `promotion_type` varchar(191) COLLATE utf8mb4_unicode_ci NOT NULL,
  `promotable_type` varchar(191) COLLATE utf8mb4_unicode_ci DEFAULT NULL,
  `promotable_id` bigint UNSIGNED DEFAULT NULL,
  `payment_id` bigint UNSIGNED DEFAULT NULL,
  `status` enum('pending','active','expired','cancelled') COLLATE utf8mb4_unicode_ci NOT NULL DEFAULT 'pending',
  `starts_at` timestamp NULL DEFAULT NULL,
  `ends_at` timestamp NULL DEFAULT NULL,
  `created_at` timestamp NULL DEFAULT NULL,
  `updated_at` timestamp NULL DEFAULT NULL,
  PRIMARY KEY (`id`),
  KEY `ec_promotions_promotion_plan_id_foreign` (`promotion_plan_id`),
  KEY `ec_promotions_payment_id_foreign` (`payment_id`),
  KEY `ec_promotions_provider_id_status_index` (`provider_id`,`status`),
  KEY `ec_promotions_promotable_type_promotable_id_index` (`promotable_type`,`promotable_id`)
) ENGINE=MyISAM AUTO_INCREMENT=8 DEFAULT CHARSET=utf8mb4 COLLATE=utf8mb4_unicode_ci;

--
-- Dumping data for table `ec_promotions`
--

INSERT INTO `ec_promotions` (`id`, `provider_id`, `promotion_plan_id`, `promotion_type`, `promotable_type`, `promotable_id`, `payment_id`, `status`, `starts_at`, `ends_at`, `created_at`, `updated_at`) VALUES
(1, 8, 13, 'featured_product', 'ec_product', 4, NULL, 'pending', NULL, NULL, '2026-07-10 08:57:37', '2026-07-10 08:57:37'),
(2, 8, 13, 'featured_product', 'ec_product', 4, 78, 'active', '2026-07-10 09:03:36', '2026-07-17 09:03:36', '2026-07-10 09:00:00', '2026-07-10 09:03:36'),
(3, 8, 14, 'featured_store', NULL, NULL, 79, 'cancelled', '2026-07-10 09:07:53', '2026-08-09 09:07:53', '2026-07-10 09:06:37', '2026-07-13 02:37:47'),
(4, 8, 13, 'featured_product', 'ec_product', NULL, 80, 'active', '2026-07-11 05:43:54', '2026-07-18 05:43:54', '2026-07-11 05:39:24', '2026-07-11 05:43:54'),
(5, 8, 13, 'homepage_featured', NULL, NULL, 82, 'active', '2026-07-13 02:38:33', '2026-07-20 02:38:33', '2026-07-13 02:38:27', '2026-07-13 02:38:33'),
(6, 30, 13, 'featured_product', 'ec_product', 41, 186, 'active', '2026-08-21 03:22:09', '2026-08-28 03:22:09', '2026-08-21 03:22:03', '2026-08-21 03:22:09'),
(7, 30, 13, 'featured_store', NULL, NULL, 188, 'active', '2026-08-21 06:46:38', '2026-08-28 06:46:38', '2026-08-21 06:46:33', '2026-08-21 06:46:38');

-- --------------------------------------------------------

--
-- Table structure for table `ec_return_requests`
--

CREATE TABLE IF NOT EXISTS `ec_return_requests` (
  `id` bigint UNSIGNED NOT NULL AUTO_INCREMENT,
  `order_id` bigint UNSIGNED NOT NULL,
  `order_item_id` bigint UNSIGNED DEFAULT NULL,
  `user_id` bigint UNSIGNED NOT NULL,
  `reason` text COLLATE utf8mb4_unicode_ci NOT NULL,
  `type` enum('return','refund') COLLATE utf8mb4_unicode_ci NOT NULL DEFAULT 'return',
  `status` enum('pending','approved','rejected','completed') COLLATE utf8mb4_unicode_ci NOT NULL DEFAULT 'pending',
  `provider_notes` text COLLATE utf8mb4_unicode_ci,
  `resolved_at` timestamp NULL DEFAULT NULL,
  `created_at` timestamp NULL DEFAULT NULL,
  `updated_at` timestamp NULL DEFAULT NULL,
  PRIMARY KEY (`id`),
  KEY `ec_return_requests_order_item_id_foreign` (`order_item_id`),
  KEY `ec_return_requests_order_id_status_index` (`order_id`,`status`),
  KEY `ec_return_requests_user_id_index` (`user_id`)
) ENGINE=MyISAM AUTO_INCREMENT=2 DEFAULT CHARSET=utf8mb4 COLLATE=utf8mb4_unicode_ci;

--
-- Dumping data for table `ec_return_requests`
--

INSERT INTO `ec_return_requests` (`id`, `order_id`, `order_item_id`, `user_id`, `reason`, `type`, `status`, `provider_notes`, `resolved_at`, `created_at`, `updated_at`) VALUES
(1, 7, NULL, 5, 'i have not satisfied', 'return', 'approved', 'yes approved', '2026-07-04 08:27:11', '2026-07-04 08:26:21', '2026-07-04 08:27:11');

-- --------------------------------------------------------

--
-- Table structure for table `ec_shipping_methods`
--

CREATE TABLE IF NOT EXISTS `ec_shipping_methods` (
  `id` bigint UNSIGNED NOT NULL AUTO_INCREMENT,
  `provider_id` bigint UNSIGNED NOT NULL,
  `name` varchar(191) COLLATE utf8mb4_unicode_ci NOT NULL,
  `description` text COLLATE utf8mb4_unicode_ci,
  `type` enum('flat','free','local_pickup') COLLATE utf8mb4_unicode_ci NOT NULL DEFAULT 'flat',
  `price` decimal(10,2) NOT NULL DEFAULT '0.00',
  `is_active` tinyint(1) NOT NULL DEFAULT '1',
  `created_at` timestamp NULL DEFAULT NULL,
  `updated_at` timestamp NULL DEFAULT NULL,
  PRIMARY KEY (`id`),
  KEY `ec_shipping_methods_provider_id_is_active_index` (`provider_id`,`is_active`)
) ENGINE=MyISAM DEFAULT CHARSET=utf8mb4 COLLATE=utf8mb4_unicode_ci;

-- --------------------------------------------------------

--
-- Table structure for table `email_configs`
--

CREATE TABLE IF NOT EXISTS `email_configs` (
  `id` bigint UNSIGNED NOT NULL AUTO_INCREMENT,
  `driver` varchar(191) COLLATE utf8mb4_unicode_ci NOT NULL,
  `credentials_json` json DEFAULT NULL,
  `is_active` tinyint(1) NOT NULL DEFAULT '0',
  `created_at` timestamp NULL DEFAULT NULL,
  `updated_at` timestamp NULL DEFAULT NULL,
  PRIMARY KEY (`id`),
  UNIQUE KEY `email_configs_driver_unique` (`driver`)
) ENGINE=MyISAM AUTO_INCREMENT=2 DEFAULT CHARSET=utf8mb4 COLLATE=utf8mb4_unicode_ci;

--
-- Dumping data for table `email_configs`
--

INSERT INTO `email_configs` (`id`, `driver`, `credentials_json`, `is_active`, `created_at`, `updated_at`) VALUES
(1, 'smtp', '{\"host\": \"smtp-relay.sendinblue.com\", \"port\": \"2525\", \"user\": \"baljit.developer@gmail.com\", \"password\": \"vDAL4XgVGFJ6aNm1\"}', 1, '2026-04-02 09:14:26', '2026-04-09 07:01:06');

-- --------------------------------------------------------

--
-- Table structure for table `extra_charges`
--

CREATE TABLE IF NOT EXISTS `extra_charges` (
  `id` bigint UNSIGNED NOT NULL AUTO_INCREMENT,
  `title` varchar(191) COLLATE utf8mb4_unicode_ci NOT NULL,
  `type` enum('percent','flat') COLLATE utf8mb4_unicode_ci NOT NULL DEFAULT 'percent',
  `value` decimal(10,2) NOT NULL DEFAULT '0.00',
  `payment_goes_to` enum('admin','provider') COLLATE utf8mb4_unicode_ci NOT NULL DEFAULT 'admin',
  `applicable_modules` json NOT NULL COMMENT 'Array of module_settings.id integers',
  `is_active` tinyint(1) NOT NULL DEFAULT '1',
  `sort_order` int NOT NULL DEFAULT '0',
  `created_at` timestamp NULL DEFAULT NULL,
  `updated_at` timestamp NULL DEFAULT NULL,
  PRIMARY KEY (`id`)
) ENGINE=MyISAM AUTO_INCREMENT=4 DEFAULT CHARSET=utf8mb4 COLLATE=utf8mb4_unicode_ci;

--
-- Dumping data for table `extra_charges`
--

INSERT INTO `extra_charges` (`id`, `title`, `type`, `value`, `payment_goes_to`, `applicable_modules`, `is_active`, `sort_order`, `created_at`, `updated_at`) VALUES
(1, 'GST (18%)', 'percent', 18.00, 'provider', '[3, 7, 5, 6]', 1, 1, '2026-08-04 03:05:03', '2026-08-04 07:19:41'),
(2, 'Platform Fee', 'flat', 5.00, 'admin', '[3, 7, 10, 4]', 1, 2, '2026-08-04 03:05:03', '2026-08-17 07:49:52');

-- --------------------------------------------------------

--
-- Table structure for table `failed_jobs`
--

CREATE TABLE IF NOT EXISTS `failed_jobs` (
  `id` bigint UNSIGNED NOT NULL AUTO_INCREMENT,
  `uuid` varchar(191) COLLATE utf8mb4_unicode_ci NOT NULL,
  `connection` text COLLATE utf8mb4_unicode_ci NOT NULL,
  `queue` text COLLATE utf8mb4_unicode_ci NOT NULL,
  `payload` longtext COLLATE utf8mb4_unicode_ci NOT NULL,
  `exception` longtext COLLATE utf8mb4_unicode_ci NOT NULL,
  `failed_at` timestamp NOT NULL DEFAULT CURRENT_TIMESTAMP,
  PRIMARY KEY (`id`),
  UNIQUE KEY `failed_jobs_uuid_unique` (`uuid`)
) ENGINE=MyISAM DEFAULT CHARSET=utf8mb4 COLLATE=utf8mb4_unicode_ci;

-- --------------------------------------------------------

--
-- Table structure for table `favorites`
--

CREATE TABLE IF NOT EXISTS `favorites` (
  `id` bigint UNSIGNED NOT NULL AUTO_INCREMENT,
  `user_id` bigint UNSIGNED NOT NULL,
  `module_id` bigint UNSIGNED DEFAULT NULL,
  `favorite_type` varchar(50) COLLATE utf8mb4_unicode_ci NOT NULL,
  `reference_id` bigint UNSIGNED NOT NULL,
  `created_at` timestamp NULL DEFAULT CURRENT_TIMESTAMP,
  PRIMARY KEY (`id`),
  UNIQUE KEY `favorites_user_type_ref_unique` (`user_id`,`favorite_type`,`reference_id`),
  KEY `favorites_type_ref_idx` (`favorite_type`,`reference_id`),
  KEY `favorites_module_id_foreign` (`module_id`)
) ENGINE=MyISAM AUTO_INCREMENT=61 DEFAULT CHARSET=utf8mb4 COLLATE=utf8mb4_unicode_ci;

--
-- Dumping data for table `favorites`
--

INSERT INTO `favorites` (`id`, `user_id`, `module_id`, `favorite_type`, `reference_id`, `created_at`) VALUES
(18, 5, 1, 'classified_listing', 14, '2026-06-04 17:21:59'),
(3, 5, 1, 'classified_listing', 2, '2026-06-04 16:44:22'),
(16, 5, 2, 'property', 4, '2026-06-04 17:11:17'),
(9, 5, 2, 'property', 3, '2026-06-04 16:59:14'),
(12, 5, 1, 'classified_seller', 1, '2026-06-04 16:51:11'),
(17, 5, 2, 'real_estate_seller', 6, '2026-06-04 17:12:52'),
(22, 5, 4, 'doctor', 4, '2026-06-05 11:40:48'),
(23, 6, 1, 'classified_listing', 1, '2026-06-06 04:59:02'),
(24, 5, 1, 'classified_listing', 17, '2026-06-06 05:35:48'),
(28, 5, 1, 'classified_seller', 6, '2026-06-07 10:04:02'),
(26, 5, 1, 'classified_listing', 16, '2026-06-07 10:00:05'),
(33, 5, 3, 'home_service', 1, '2026-06-08 05:27:55'),
(35, 5, 5, 'salon', 5, '2026-06-08 13:41:15'),
(37, 5, 6, 'fitness_trainer', 6, '2026-06-11 13:10:48'),
(44, 6, 7, 'parcel_delivery', 7, '2026-06-26 08:25:28'),
(45, 5, 7, 'parcel_delivery', 7, '2026-06-26 08:31:10'),
(48, 5, 10, 'ec_store', 8, '2026-07-05 13:31:02'),
(49, 5, 10, 'ec_product', 9, '2026-07-11 11:54:23'),
(50, 30, 1, 'classified_listing', 15, '2026-08-07 08:10:44'),
(52, 30, 1, 'classified_seller', 29, '2026-08-07 09:13:10'),
(53, 30, 1, 'classified_listing', 1, '2026-08-12 11:40:34'),
(54, 27, 2, 'real_estate_seller', 29, '2026-08-13 14:38:39'),
(55, 27, 3, 'home_service', 25, '2026-08-14 19:14:05'),
(56, 27, 4, 'doctor', 26, '2026-08-17 13:39:22'),
(57, 27, 5, 'salon', 27, '2026-08-17 18:53:03'),
(58, 27, 6, 'fitness_trainer', 28, '2026-08-18 12:28:40'),
(59, 27, 7, 'parcel_delivery', 29, '2026-08-19 09:32:20'),
(60, 27, 10, 'ec_store', 30, '2026-08-21 13:23:08');

-- --------------------------------------------------------

--
-- Table structure for table `ft_appointments`
--

CREATE TABLE IF NOT EXISTS `ft_appointments` (
  `id` bigint UNSIGNED NOT NULL AUTO_INCREMENT,
  `user_id` bigint UNSIGNED NOT NULL,
  `client_name` varchar(191) COLLATE utf8mb4_unicode_ci DEFAULT NULL,
  `client_phone` varchar(191) COLLATE utf8mb4_unicode_ci DEFAULT NULL,
  `provider_id` bigint UNSIGNED NOT NULL,
  `service_id` bigint UNSIGNED NOT NULL,
  `appointment_date` date NOT NULL,
  `start_time` time NOT NULL,
  `end_time` time NOT NULL,
  `status` enum('draft','pending','confirmed','completed','cancelled','no_show') COLLATE utf8mb4_unicode_ci NOT NULL DEFAULT 'draft',
  `payment_status` enum('pending','paid','failed','refunded') COLLATE utf8mb4_unicode_ci NOT NULL DEFAULT 'pending',
  `payment_method` varchar(191) COLLATE utf8mb4_unicode_ci DEFAULT NULL,
  `notes` text COLLATE utf8mb4_unicode_ci,
  `created_at` timestamp NULL DEFAULT NULL,
  `updated_at` timestamp NULL DEFAULT NULL,
  PRIMARY KEY (`id`),
  KEY `ft_appointments_user_id_foreign` (`user_id`),
  KEY `ft_appointments_provider_id_foreign` (`provider_id`),
  KEY `ft_appointments_service_id_foreign` (`service_id`)
) ENGINE=MyISAM AUTO_INCREMENT=21 DEFAULT CHARSET=utf8mb4 COLLATE=utf8mb4_unicode_ci;

--
-- Dumping data for table `ft_appointments`
--

INSERT INTO `ft_appointments` (`id`, `user_id`, `client_name`, `client_phone`, `provider_id`, `service_id`, `appointment_date`, `start_time`, `end_time`, `status`, `payment_status`, `payment_method`, `notes`, `created_at`, `updated_at`) VALUES
(1, 5, NULL, NULL, 6, 1, '2026-06-12', '10:00:00', '10:30:00', 'pending', 'pending', NULL, NULL, '2026-06-11 01:13:29', '2026-06-11 01:13:29'),
(2, 5, NULL, NULL, 6, 1, '2026-06-12', '10:00:00', '10:30:00', 'pending', 'pending', NULL, NULL, '2026-06-11 01:13:41', '2026-06-11 01:13:41'),
(3, 5, NULL, NULL, 6, 1, '2026-06-12', '10:00:00', '10:30:00', 'pending', 'pending', NULL, NULL, '2026-06-11 01:28:21', '2026-06-11 01:28:21'),
(4, 5, NULL, NULL, 6, 1, '2026-06-12', '10:00:00', '10:30:00', 'pending', 'pending', NULL, NULL, '2026-06-11 01:38:50', '2026-06-11 01:38:50'),
(5, 5, NULL, NULL, 6, 1, '2026-06-12', '10:00:00', '10:30:00', 'pending', 'pending', NULL, NULL, '2026-06-11 01:39:00', '2026-06-11 01:39:00'),
(6, 5, NULL, NULL, 6, 1, '2026-06-11', '09:00:00', '09:30:00', 'completed', 'paid', 'stripe', NULL, '2026-06-11 02:02:54', '2026-06-11 03:45:29'),
(7, 5, NULL, NULL, 6, 2, '2026-06-12', '09:00:00', '09:30:00', 'completed', 'paid', 'stripe', NULL, '2026-06-11 03:52:49', '2026-06-11 05:09:07'),
(8, 5, NULL, NULL, 6, 2, '2026-06-11', '09:00:00', '09:30:00', 'pending', 'pending', NULL, NULL, '2026-06-11 03:55:52', '2026-06-11 03:55:52'),
(9, 5, NULL, NULL, 6, 1, '2026-06-12', '09:30:00', '10:00:00', 'pending', 'pending', NULL, NULL, '2026-06-11 03:57:49', '2026-06-11 03:57:49'),
(10, 5, NULL, NULL, 6, 2, '2026-06-11', '14:00:00', '14:30:00', 'pending', 'pending', NULL, NULL, '2026-06-11 04:03:57', '2026-06-11 04:03:57'),
(11, 5, NULL, NULL, 6, 2, '2026-06-12', '09:15:00', '09:45:00', 'completed', 'pending', 'cash', NULL, '2026-06-11 04:08:51', '2026-06-11 05:10:11'),
(12, 5, NULL, NULL, 6, 1, '2026-06-12', '10:30:00', '11:00:00', 'completed', 'paid', 'stripe', 'yes test w', '2026-06-11 04:26:41', '2026-06-11 04:54:25'),
(13, 5, NULL, NULL, 6, 1, '2026-06-16', '09:00:00', '09:30:00', 'completed', 'pending', 'cash', NULL, '2026-06-11 05:11:47', '2026-06-11 05:12:51'),
(14, 5, NULL, NULL, 6, 2, '2026-07-22', '09:15:00', '09:45:00', 'cancelled', 'refunded', 'wallet', NULL, '2026-07-17 21:58:41', '2026-07-17 22:05:52'),
(15, 5, NULL, NULL, 6, 2, '2026-07-24', '09:15:00', '09:45:00', 'cancelled', 'refunded', 'wallet', NULL, '2026-07-17 22:06:45', '2026-07-17 22:14:52'),
(16, 5, NULL, NULL, 6, 1, '2026-07-20', '09:00:00', '09:30:00', 'cancelled', 'refunded', 'wallet', NULL, '2026-07-18 07:26:32', '2026-07-18 07:37:06'),
(17, 5, NULL, NULL, 6, 1, '2026-08-04', '09:15:00', '09:45:00', 'completed', 'paid', 'stripe', NULL, '2026-08-04 07:11:18', '2026-08-04 07:14:20'),
(18, 27, NULL, NULL, 28, 3, '2026-08-19', '10:00:00', '11:00:00', 'completed', 'paid', 'stripe', NULL, '2026-08-18 06:46:26', '2026-08-18 06:52:03'),
(19, 27, NULL, NULL, 28, 3, '2026-08-26', '15:00:00', '16:00:00', 'completed', 'paid', 'stripe', NULL, '2026-08-18 06:54:16', '2026-08-18 06:57:17'),
(20, 27, 'John', '+91 9876543210', 28, 3, '2026-08-21', '10:00:00', '11:00:00', 'pending', 'paid', 'stripe', NULL, '2026-08-19 06:35:23', '2026-08-19 06:36:02');

-- --------------------------------------------------------

--
-- Table structure for table `ft_classes`
--

CREATE TABLE IF NOT EXISTS `ft_classes` (
  `id` bigint UNSIGNED NOT NULL AUTO_INCREMENT,
  `provider_id` bigint UNSIGNED NOT NULL,
  `name` varchar(191) COLLATE utf8mb4_unicode_ci NOT NULL,
  `capacity` int NOT NULL DEFAULT '10',
  `start_date` date DEFAULT NULL,
  `end_date` date DEFAULT NULL,
  `start_time` time DEFAULT NULL,
  `end_time` time DEFAULT NULL,
  `price` decimal(10,2) NOT NULL DEFAULT '0.00',
  `status` enum('active','inactive') COLLATE utf8mb4_unicode_ci NOT NULL DEFAULT 'active',
  `show_available_seats` tinyint(1) NOT NULL DEFAULT '0',
  `created_at` timestamp NULL DEFAULT NULL,
  `updated_at` timestamp NULL DEFAULT NULL,
  PRIMARY KEY (`id`),
  KEY `ft_classes_provider_id_foreign` (`provider_id`)
) ENGINE=MyISAM AUTO_INCREMENT=4 DEFAULT CHARSET=utf8mb4 COLLATE=utf8mb4_unicode_ci;

--
-- Dumping data for table `ft_classes`
--

INSERT INTO `ft_classes` (`id`, `provider_id`, `name`, `capacity`, `start_date`, `end_date`, `start_time`, `end_time`, `price`, `status`, `show_available_seats`, `created_at`, `updated_at`) VALUES
(1, 6, 'Yoga Batch', 3, '2026-06-18', '2026-06-30', '07:00:00', '09:00:00', 70.00, 'active', 1, '2026-06-10 23:49:00', '2026-06-12 06:45:39'),
(2, 6, 'Zumba Batch', 10, '2026-06-22', '2026-06-26', '16:00:00', '17:00:00', 50.00, 'active', 0, '2026-06-10 23:50:05', '2026-06-10 23:50:05'),
(3, 28, 'Mornign Yoga', 10, '2026-08-18', '2026-09-18', '05:00:00', '06:00:00', 20.00, 'active', 1, '2026-08-18 07:23:22', '2026-08-18 07:23:22');

-- --------------------------------------------------------

--
-- Table structure for table `ft_class_bookings`
--

CREATE TABLE IF NOT EXISTS `ft_class_bookings` (
  `id` bigint UNSIGNED NOT NULL AUTO_INCREMENT,
  `user_id` bigint UNSIGNED NOT NULL,
  `client_name` varchar(191) COLLATE utf8mb4_unicode_ci DEFAULT NULL,
  `client_phone` varchar(191) COLLATE utf8mb4_unicode_ci DEFAULT NULL,
  `class_id` bigint UNSIGNED NOT NULL,
  `status` enum('draft','booked','attended','cancelled','no_show') COLLATE utf8mb4_unicode_ci NOT NULL DEFAULT 'draft',
  `payment_status` enum('pending','paid','failed','refunded') COLLATE utf8mb4_unicode_ci NOT NULL DEFAULT 'pending',
  `notes` text COLLATE utf8mb4_unicode_ci,
  `created_at` timestamp NULL DEFAULT NULL,
  `updated_at` timestamp NULL DEFAULT NULL,
  PRIMARY KEY (`id`),
  KEY `ft_class_bookings_user_id_foreign` (`user_id`),
  KEY `ft_class_bookings_class_id_foreign` (`class_id`)
) ENGINE=MyISAM AUTO_INCREMENT=12 DEFAULT CHARSET=utf8mb4 COLLATE=utf8mb4_unicode_ci;

--
-- Dumping data for table `ft_class_bookings`
--

INSERT INTO `ft_class_bookings` (`id`, `user_id`, `client_name`, `client_phone`, `class_id`, `status`, `payment_status`, `notes`, `created_at`, `updated_at`) VALUES
(1, 5, NULL, NULL, 1, 'booked', 'paid', NULL, '2026-06-12 06:38:45', '2026-06-12 06:39:06'),
(2, 5, NULL, NULL, 1, 'booked', 'pending', NULL, '2026-06-12 06:48:04', '2026-06-12 06:48:04'),
(3, 5, NULL, NULL, 1, 'booked', 'paid', NULL, '2026-06-12 06:51:06', '2026-06-12 06:51:44'),
(4, 5, NULL, NULL, 1, 'booked', 'paid', NULL, '2026-06-12 06:53:56', '2026-06-12 06:54:19'),
(5, 5, NULL, NULL, 2, 'booked', 'paid', NULL, '2026-06-12 07:28:00', '2026-06-12 07:28:31'),
(6, 5, NULL, NULL, 2, 'booked', 'pending', NULL, '2026-07-28 01:18:54', '2026-07-28 01:18:54'),
(7, 5, NULL, NULL, 2, 'booked', 'pending', NULL, '2026-07-28 01:19:37', '2026-07-28 01:19:37'),
(8, 5, NULL, NULL, 2, 'booked', 'pending', NULL, '2026-07-28 07:34:41', '2026-07-28 07:34:41'),
(9, 5, NULL, NULL, 2, 'booked', 'pending', NULL, '2026-07-29 00:12:57', '2026-07-29 00:12:57'),
(10, 5, NULL, NULL, 2, 'booked', 'pending', NULL, '2026-08-04 07:52:33', '2026-08-04 07:52:33'),
(11, 27, NULL, NULL, 3, 'booked', 'paid', NULL, '2026-08-18 07:25:23', '2026-08-18 07:30:46');

-- --------------------------------------------------------

--
-- Table structure for table `ft_memberships`
--

CREATE TABLE IF NOT EXISTS `ft_memberships` (
  `id` bigint UNSIGNED NOT NULL AUTO_INCREMENT,
  `provider_id` bigint UNSIGNED NOT NULL,
  `name` varchar(191) COLLATE utf8mb4_unicode_ci NOT NULL,
  `duration_days` int NOT NULL DEFAULT '30',
  `price` decimal(10,2) NOT NULL DEFAULT '0.00',
  `description` text COLLATE utf8mb4_unicode_ci,
  `included_benefits` json DEFAULT NULL,
  `status` enum('active','inactive') COLLATE utf8mb4_unicode_ci NOT NULL DEFAULT 'active',
  `created_at` timestamp NULL DEFAULT NULL,
  `updated_at` timestamp NULL DEFAULT NULL,
  PRIMARY KEY (`id`),
  KEY `ft_memberships_provider_id_foreign` (`provider_id`)
) ENGINE=MyISAM AUTO_INCREMENT=5 DEFAULT CHARSET=utf8mb4 COLLATE=utf8mb4_unicode_ci;

--
-- Dumping data for table `ft_memberships`
--

INSERT INTO `ft_memberships` (`id`, `provider_id`, `name`, `duration_days`, `price`, `description`, `included_benefits`, `status`, `created_at`, `updated_at`) VALUES
(1, 6, 'Monthly Gym Membership', 30, 80.00, 'Monthly Gym Membership', '[\"gym\", \"personal locker\"]', 'active', '2026-06-10 08:45:32', '2026-06-10 08:45:32'),
(2, 6, '3 Month Transformation Plan', 90, 200.00, '3 Month Transformation Plan 3 Month Transformation Plan', '[\"gym\", \"personal locker\"]', 'active', '2026-06-10 08:46:40', '2026-06-10 08:46:40'),
(3, 6, 'Yearly Membership', 365, 200.00, 'yearly membership yearly membership yearly membership yearly membership yearly membership', '[\"Free locker\", \"gym\", \"Cardio\", \"hotbath\"]', 'active', '2026-06-12 08:30:07', '2026-06-12 08:30:24'),
(4, 28, 'Monthly Membership', 30, 100.00, 'montleydfsd', '[\"gym\", \"cardio\", \"massage\"]', 'active', '2026-08-18 07:24:12', '2026-08-18 07:24:12');

-- --------------------------------------------------------

--
-- Table structure for table `ft_programs`
--

CREATE TABLE IF NOT EXISTS `ft_programs` (
  `id` bigint UNSIGNED NOT NULL AUTO_INCREMENT,
  `provider_id` bigint UNSIGNED NOT NULL,
  `name` varchar(191) COLLATE utf8mb4_unicode_ci NOT NULL,
  `description` text COLLATE utf8mb4_unicode_ci,
  `duration_days` int NOT NULL DEFAULT '30',
  `price` decimal(10,2) NOT NULL DEFAULT '0.00',
  `availability_slots` int DEFAULT NULL,
  `status` enum('active','inactive') COLLATE utf8mb4_unicode_ci NOT NULL DEFAULT 'active',
  `show_available_seats` tinyint(1) NOT NULL DEFAULT '0',
  `created_at` timestamp NULL DEFAULT NULL,
  `updated_at` timestamp NULL DEFAULT NULL,
  PRIMARY KEY (`id`),
  KEY `ft_programs_provider_id_foreign` (`provider_id`)
) ENGINE=MyISAM AUTO_INCREMENT=4 DEFAULT CHARSET=utf8mb4 COLLATE=utf8mb4_unicode_ci;

--
-- Dumping data for table `ft_programs`
--

INSERT INTO `ft_programs` (`id`, `provider_id`, `name`, `description`, `duration_days`, `price`, `availability_slots`, `status`, `show_available_seats`, `created_at`, `updated_at`) VALUES
(1, 6, 'Weight Loss Program', 'Weight Loss Program Weight Loss Program', 60, 100.00, NULL, 'active', 0, '2026-06-10 08:50:24', '2026-06-10 08:50:24'),
(2, 6, 'Muscle Gain Program', 'Muscle Gain Program', 60, 100.00, 20, 'active', 0, '2026-06-10 08:51:04', '2026-06-10 08:51:04'),
(3, 28, 'Weight Loss Program', 'sdsfsdf', 30, 20.00, 10, 'active', 0, '2026-08-18 07:24:42', '2026-08-18 07:24:42');

-- --------------------------------------------------------

--
-- Table structure for table `ft_program_enrollments`
--

CREATE TABLE IF NOT EXISTS `ft_program_enrollments` (
  `id` bigint UNSIGNED NOT NULL AUTO_INCREMENT,
  `user_id` bigint UNSIGNED NOT NULL,
  `client_name` varchar(191) COLLATE utf8mb4_unicode_ci DEFAULT NULL,
  `client_phone` varchar(191) COLLATE utf8mb4_unicode_ci DEFAULT NULL,
  `program_id` bigint UNSIGNED NOT NULL,
  `start_date` date NOT NULL,
  `end_date` date DEFAULT NULL,
  `status` enum('draft','active','completed','dropped') COLLATE utf8mb4_unicode_ci NOT NULL DEFAULT 'draft',
  `payment_status` enum('pending','paid','failed','refunded') COLLATE utf8mb4_unicode_ci NOT NULL DEFAULT 'pending',
  `notes` text COLLATE utf8mb4_unicode_ci,
  `created_at` timestamp NULL DEFAULT NULL,
  `updated_at` timestamp NULL DEFAULT NULL,
  PRIMARY KEY (`id`),
  KEY `ft_program_enrollments_user_id_foreign` (`user_id`),
  KEY `ft_program_enrollments_program_id_foreign` (`program_id`)
) ENGINE=MyISAM AUTO_INCREMENT=13 DEFAULT CHARSET=utf8mb4 COLLATE=utf8mb4_unicode_ci;

--
-- Dumping data for table `ft_program_enrollments`
--

INSERT INTO `ft_program_enrollments` (`id`, `user_id`, `client_name`, `client_phone`, `program_id`, `start_date`, `end_date`, `status`, `payment_status`, `notes`, `created_at`, `updated_at`) VALUES
(1, 5, NULL, NULL, 2, '2026-06-11', '2026-08-10', 'active', 'pending', NULL, '2026-06-11 01:28:42', '2026-06-11 01:28:42'),
(2, 5, NULL, NULL, 1, '2026-06-12', '2026-08-11', 'active', 'pending', NULL, '2026-06-12 07:36:23', '2026-06-12 07:36:23'),
(3, 5, NULL, NULL, 1, '2026-06-12', '2026-08-11', 'active', 'paid', NULL, '2026-06-12 07:52:08', '2026-06-12 07:52:30'),
(4, 5, NULL, NULL, 2, '2026-06-12', '2026-08-11', 'active', 'paid', 'test', '2026-06-12 07:53:33', '2026-06-12 07:54:06'),
(5, 5, NULL, NULL, 1, '2026-06-12', '2026-08-11', 'active', 'paid', NULL, '2026-06-12 08:00:07', '2026-06-12 08:00:32'),
(6, 5, NULL, NULL, 2, '2026-06-13', '2026-08-12', 'active', 'pending', NULL, '2026-06-13 06:01:51', '2026-06-13 06:01:51'),
(7, 5, NULL, NULL, 1, '2026-08-04', '2026-10-03', 'active', 'pending', NULL, '2026-08-04 07:53:08', '2026-08-04 07:53:08'),
(8, 5, NULL, NULL, 1, '2026-08-04', '2026-10-03', 'active', 'pending', NULL, '2026-08-04 07:54:02', '2026-08-04 07:54:02'),
(9, 27, NULL, NULL, 3, '2026-08-18', '2026-09-17', 'active', 'paid', NULL, '2026-08-18 07:33:48', '2026-08-18 07:33:52'),
(10, 27, NULL, NULL, 3, '2026-08-18', '2026-09-17', 'active', 'paid', NULL, '2026-08-18 07:34:21', '2026-08-18 07:34:35'),
(11, 27, 'Rajan', '+91 9876543210', 3, '2026-08-18', '2026-09-17', 'active', 'paid', NULL, '2026-08-18 07:40:10', '2026-08-18 07:40:29'),
(12, 27, 'jagga', '+91 9876543210', 3, '2026-08-18', '2026-09-17', 'active', 'paid', NULL, '2026-08-18 07:51:28', '2026-08-18 07:51:45');

-- --------------------------------------------------------

--
-- Table structure for table `ft_promotions`
--

CREATE TABLE IF NOT EXISTS `ft_promotions` (
  `id` bigint UNSIGNED NOT NULL AUTO_INCREMENT,
  `provider_id` bigint UNSIGNED NOT NULL,
  `promotion_plan_id` bigint UNSIGNED NOT NULL,
  `promotion_type` varchar(191) COLLATE utf8mb4_unicode_ci NOT NULL DEFAULT 'homepage_featured',
  `payment_id` bigint UNSIGNED DEFAULT NULL,
  `status` enum('pending','active','expired','rejected') COLLATE utf8mb4_unicode_ci NOT NULL DEFAULT 'pending',
  `start_date` timestamp NULL DEFAULT NULL,
  `end_date` timestamp NULL DEFAULT NULL,
  `created_at` timestamp NULL DEFAULT NULL,
  `updated_at` timestamp NULL DEFAULT NULL,
  PRIMARY KEY (`id`),
  KEY `ft_promotions_provider_id_foreign` (`provider_id`),
  KEY `ft_promotions_promotion_plan_id_foreign` (`promotion_plan_id`),
  KEY `ft_promotions_payment_id_foreign` (`payment_id`)
) ENGINE=MyISAM AUTO_INCREMENT=4 DEFAULT CHARSET=utf8mb4 COLLATE=utf8mb4_unicode_ci;

--
-- Dumping data for table `ft_promotions`
--

INSERT INTO `ft_promotions` (`id`, `provider_id`, `promotion_plan_id`, `promotion_type`, `payment_id`, `status`, `start_date`, `end_date`, `created_at`, `updated_at`) VALUES
(1, 6, 9, 'homepage_featured', 51, 'active', '2026-06-13 05:48:32', '2026-07-13 05:48:32', '2026-06-13 05:44:53', '2026-06-13 05:48:32'),
(2, 6, 9, 'homepage_featured', 89, 'active', '2026-07-15 05:59:08', '2026-08-14 05:59:08', '2026-07-15 05:59:03', '2026-07-15 05:59:08'),
(3, 6, 9, 'homepage_featured', 124, 'active', '2026-07-24 07:42:02', '2026-08-23 07:42:02', '2026-07-24 07:41:13', '2026-07-24 07:42:02');

-- --------------------------------------------------------

--
-- Table structure for table `ft_services`
--

CREATE TABLE IF NOT EXISTS `ft_services` (
  `id` bigint UNSIGNED NOT NULL AUTO_INCREMENT,
  `provider_id` bigint UNSIGNED NOT NULL,
  `category_id` bigint UNSIGNED DEFAULT NULL,
  `name` varchar(191) COLLATE utf8mb4_unicode_ci NOT NULL,
  `description` text COLLATE utf8mb4_unicode_ci,
  `price` decimal(10,2) NOT NULL DEFAULT '0.00',
  `duration_mins` int NOT NULL DEFAULT '60',
  `image_path` varchar(191) COLLATE utf8mb4_unicode_ci DEFAULT NULL,
  `status` enum('active','inactive') COLLATE utf8mb4_unicode_ci NOT NULL DEFAULT 'active',
  `created_at` timestamp NULL DEFAULT NULL,
  `updated_at` timestamp NULL DEFAULT NULL,
  PRIMARY KEY (`id`),
  KEY `ft_services_provider_id_foreign` (`provider_id`),
  KEY `ft_services_category_id_foreign` (`category_id`)
) ENGINE=MyISAM AUTO_INCREMENT=4 DEFAULT CHARSET=utf8mb4 COLLATE=utf8mb4_unicode_ci;

--
-- Dumping data for table `ft_services`
--

INSERT INTO `ft_services` (`id`, `provider_id`, `category_id`, `name`, `description`, `price`, `duration_mins`, `image_path`, `status`, `created_at`, `updated_at`) VALUES
(1, 6, 60, 'Personal Training Session', 'Personal Training Session', 100.00, 30, 'fitness/services/j8jO9Gf8QPL4pOOMNJjkGCGZ7TwTLvO6TgAOC0jF.png', 'active', '2026-06-10 08:36:28', '2026-06-10 08:36:28'),
(2, 6, 64, 'Yoga Session', 'Yoga Session Yoga Session', 20.00, 30, 'fitness/services/ewCKfs39O5S821O51ua4LJuiEvezl7s4ohg0DTHD.jpg', 'active', '2026-06-10 08:38:18', '2026-06-10 08:38:18'),
(3, 28, 60, 'Peronsal session', 'Upload any professional certificates, business licenses, registration documents, or achievements to display on your profile (optional).', 20.00, 60, 'fitness/services/kCu1jzTuBArNhQO8SVmwc5NGtrcRmkRiRiRb67Ad.jpg', 'active', '2026-08-18 06:36:31', '2026-08-18 06:36:40');

-- --------------------------------------------------------

--
-- Table structure for table `ft_user_memberships`
--

CREATE TABLE IF NOT EXISTS `ft_user_memberships` (
  `id` bigint UNSIGNED NOT NULL AUTO_INCREMENT,
  `user_id` bigint UNSIGNED NOT NULL,
  `client_name` varchar(191) COLLATE utf8mb4_unicode_ci DEFAULT NULL,
  `client_phone` varchar(191) COLLATE utf8mb4_unicode_ci DEFAULT NULL,
  `membership_id` bigint UNSIGNED NOT NULL,
  `start_date` date NOT NULL,
  `end_date` date NOT NULL,
  `status` enum('draft','pending','active','expired','cancelled') COLLATE utf8mb4_unicode_ci NOT NULL DEFAULT 'draft',
  `payment_status` enum('pending','paid','failed','refunded') COLLATE utf8mb4_unicode_ci NOT NULL DEFAULT 'pending',
  `created_at` timestamp NULL DEFAULT NULL,
  `updated_at` timestamp NULL DEFAULT NULL,
  PRIMARY KEY (`id`),
  KEY `ft_user_memberships_user_id_foreign` (`user_id`),
  KEY `ft_user_memberships_membership_id_foreign` (`membership_id`)
) ENGINE=MyISAM AUTO_INCREMENT=8 DEFAULT CHARSET=utf8mb4 COLLATE=utf8mb4_unicode_ci;

--
-- Dumping data for table `ft_user_memberships`
--

INSERT INTO `ft_user_memberships` (`id`, `user_id`, `client_name`, `client_phone`, `membership_id`, `start_date`, `end_date`, `status`, `payment_status`, `created_at`, `updated_at`) VALUES
(1, 5, NULL, NULL, 1, '2026-05-12', '2026-06-11', 'expired', 'paid', '2026-06-12 08:59:35', '2026-06-12 09:03:59'),
(2, 5, NULL, NULL, 1, '2026-06-12', '2026-07-12', 'active', 'paid', '2026-06-12 09:07:52', '2026-06-12 09:08:15'),
(3, 5, NULL, NULL, 1, '2026-07-28', '2026-08-27', 'active', 'paid', '2026-07-28 13:09:43', '2026-07-28 13:11:42'),
(4, 5, NULL, NULL, 1, '2026-08-04', '2026-09-03', 'pending', 'pending', '2026-08-04 07:45:16', '2026-08-04 07:45:16'),
(5, 5, NULL, NULL, 1, '2026-08-04', '2026-09-03', 'pending', 'pending', '2026-08-04 07:52:52', '2026-08-04 07:52:52'),
(6, 27, NULL, NULL, 4, '2026-08-18', '2026-09-17', 'active', 'paid', '2026-08-18 07:32:38', '2026-08-18 07:32:57'),
(7, 27, 'John', '+91 9876543210', 4, '2026-08-19', '2026-09-18', 'active', 'paid', '2026-08-19 06:36:35', '2026-08-19 06:37:11');

-- --------------------------------------------------------

--
-- Table structure for table `hs_blocked_dates`
--

CREATE TABLE IF NOT EXISTS `hs_blocked_dates` (
  `id` bigint UNSIGNED NOT NULL AUTO_INCREMENT,
  `provider_id` bigint UNSIGNED NOT NULL,
  `blocked_date` date NOT NULL,
  `reason` varchar(191) COLLATE utf8mb4_unicode_ci DEFAULT NULL,
  `created_at` timestamp NULL DEFAULT NULL,
  `updated_at` timestamp NULL DEFAULT NULL,
  PRIMARY KEY (`id`),
  UNIQUE KEY `hs_blocked_dates_provider_id_blocked_date_unique` (`provider_id`,`blocked_date`)
) ENGINE=MyISAM DEFAULT CHARSET=utf8mb4 COLLATE=utf8mb4_unicode_ci;

-- --------------------------------------------------------

--
-- Table structure for table `hs_bookings`
--

CREATE TABLE IF NOT EXISTS `hs_bookings` (
  `id` bigint UNSIGNED NOT NULL AUTO_INCREMENT,
  `user_id` bigint UNSIGNED NOT NULL,
  `service_id` bigint UNSIGNED NOT NULL,
  `provider_id` bigint UNSIGNED NOT NULL,
  `booking_ref` varchar(191) COLLATE utf8mb4_unicode_ci NOT NULL,
  `scheduled_date` date NOT NULL,
  `scheduled_time` time NOT NULL,
  `address` text COLLATE utf8mb4_unicode_ci NOT NULL,
  `city` varchar(191) COLLATE utf8mb4_unicode_ci DEFAULT NULL,
  `latitude` decimal(10,7) DEFAULT NULL,
  `longitude` decimal(10,7) DEFAULT NULL,
  `customer_name` varchar(191) COLLATE utf8mb4_unicode_ci NOT NULL,
  `customer_phone` varchar(191) COLLATE utf8mb4_unicode_ci NOT NULL,
  `notes` text COLLATE utf8mb4_unicode_ci,
  `amount` decimal(10,2) NOT NULL,
  `status` enum('draft','pending','confirmed','in_progress','completed','cancelled','no_show') COLLATE utf8mb4_unicode_ci NOT NULL DEFAULT 'draft',
  `payment_status` varchar(191) COLLATE utf8mb4_unicode_ci NOT NULL DEFAULT 'unpaid',
  `payment_method` varchar(191) COLLATE utf8mb4_unicode_ci DEFAULT NULL,
  `payment_id` bigint UNSIGNED DEFAULT NULL,
  `booking_type` enum('instant','scheduled') COLLATE utf8mb4_unicode_ci NOT NULL DEFAULT 'scheduled',
  `confirmed_at` timestamp NULL DEFAULT NULL,
  `started_at` timestamp NULL DEFAULT NULL,
  `completed_at` timestamp NULL DEFAULT NULL,
  `cancelled_at` timestamp NULL DEFAULT NULL,
  `cancellation_reason` text COLLATE utf8mb4_unicode_ci,
  `review_requested` tinyint(1) NOT NULL DEFAULT '0',
  `created_at` timestamp NULL DEFAULT NULL,
  `updated_at` timestamp NULL DEFAULT NULL,
  `assigned_to_user_id` bigint UNSIGNED DEFAULT NULL,
  `assigned_by_provider_id` bigint UNSIGNED DEFAULT NULL,
  `assigned_at` timestamp NULL DEFAULT NULL,
  PRIMARY KEY (`id`),
  UNIQUE KEY `hs_bookings_booking_ref_unique` (`booking_ref`),
  KEY `hs_bookings_user_id_foreign` (`user_id`),
  KEY `hs_bookings_service_id_foreign` (`service_id`),
  KEY `hs_bookings_provider_id_foreign` (`provider_id`),
  KEY `hs_bookings_assigned_to_user_id_foreign` (`assigned_to_user_id`),
  KEY `hs_bookings_assigned_by_provider_id_foreign` (`assigned_by_provider_id`)
) ENGINE=MyISAM AUTO_INCREMENT=65 DEFAULT CHARSET=utf8mb4 COLLATE=utf8mb4_unicode_ci;

--
-- Dumping data for table `hs_bookings`
--

INSERT INTO `hs_bookings` (`id`, `user_id`, `service_id`, `provider_id`, `booking_ref`, `scheduled_date`, `scheduled_time`, `address`, `city`, `latitude`, `longitude`, `customer_name`, `customer_phone`, `notes`, `amount`, `status`, `payment_status`, `payment_method`, `payment_id`, `booking_type`, `confirmed_at`, `started_at`, `completed_at`, `cancelled_at`, `cancellation_reason`, `review_requested`, `created_at`, `updated_at`, `assigned_to_user_id`, `assigned_by_provider_id`, `assigned_at`) VALUES
(1, 6, 1, 1, 'HS-CHSS1QXU', '2026-05-15', '09:00:00', '399 chandigarh', 'kharar', NULL, NULL, 'provider1', '919587485965', 'test', 200.00, 'completed', 'unpaid', NULL, NULL, 'instant', '2026-05-08 23:52:56', '2026-05-08 23:59:16', '2026-05-08 23:59:27', NULL, NULL, 0, '2026-05-08 23:52:56', '2026-05-08 23:59:27', NULL, NULL, NULL),
(2, 5, 1, 1, 'HS-HYJE8KLU', '2026-05-09', '11:00:00', 'Gulmohar Road', 'Kharar', NULL, NULL, 'user3', '+33677824359', 'Orient fan', 200.00, 'completed', 'unpaid', NULL, NULL, 'instant', '2026-05-09 00:12:18', '2026-05-09 06:19:29', '2026-05-09 06:20:10', NULL, NULL, 0, '2026-05-09 00:12:18', '2026-05-09 06:20:10', NULL, NULL, NULL),
(3, 5, 1, 1, 'HS-K6IGPNI2', '2026-05-09', '13:00:00', 'Gulmohar Road', 'Kharar', NULL, NULL, 'user3', '+33677824359', 'usha fan', 200.00, 'completed', 'unpaid', NULL, NULL, 'instant', '2026-05-09 07:14:03', '2026-05-09 07:18:43', '2026-05-09 07:18:51', NULL, NULL, 0, '2026-05-09 07:14:03', '2026-05-09 07:18:51', NULL, NULL, NULL),
(4, 5, 1, 1, 'HS-2FTW71C8', '2026-05-11', '09:00:00', '390', 'Kharar', NULL, NULL, 'user3', '+33677824359', 'fan 4', 200.00, 'cancelled', 'unpaid', NULL, NULL, 'instant', '2026-05-09 07:18:02', NULL, NULL, '2026-05-09 07:18:20', NULL, 0, '2026-05-09 07:17:34', '2026-05-09 07:18:20', NULL, NULL, NULL),
(5, 5, 2, 1, 'HS-YCJEWGGV', '2026-05-11', '09:00:00', 'Gulmohar Road', 'Kharar', NULL, NULL, 'user3', '+33677824359', 'ac', 400.00, 'completed', 'unpaid', NULL, NULL, 'scheduled', '2026-05-12 00:41:38', '2026-05-14 03:05:56', '2026-05-14 03:06:03', NULL, NULL, 0, '2026-05-09 07:57:15', '2026-05-14 03:06:03', 8, 1, '2026-05-14 01:24:42'),
(6, 5, 1, 1, 'HS-5Q1LWSIK', '2026-05-11', '10:00:00', 'Gulmohar Road', 'Kharar', NULL, NULL, 'user3', '+33677824359', 'insternt', 200.00, 'cancelled', 'unpaid', NULL, NULL, 'instant', NULL, NULL, NULL, '2026-05-09 12:14:42', NULL, 0, '2026-05-09 07:57:55', '2026-05-09 12:14:42', NULL, NULL, NULL),
(7, 5, 1, 1, 'HS-TEAWSWIZ', '2026-05-11', '12:00:00', 'Gulmohar Road', 'Kharar', NULL, NULL, 'user3', '+33677824359', 'test instest', 200.00, 'completed', 'unpaid', NULL, NULL, 'instant', '2026-05-09 08:04:17', '2026-05-09 12:11:47', '2026-05-09 12:12:01', NULL, NULL, 0, '2026-05-09 08:04:17', '2026-05-09 12:12:01', NULL, NULL, NULL),
(8, 5, 2, 1, 'HS-7MGHJ1WP', '2026-05-11', '13:00:00', 'Gulmohar Road', 'Kharar', NULL, NULL, 'user3', '+33677824359', 'test instend pending', 400.00, 'completed', 'unpaid', NULL, NULL, 'scheduled', '2026-05-09 08:05:34', '2026-05-09 08:05:38', '2026-05-09 08:05:41', NULL, NULL, 0, '2026-05-09 08:05:06', '2026-05-09 08:05:41', NULL, NULL, NULL),
(9, 5, 1, 1, 'HS-ITYHOUMU', '2026-05-14', '09:00:00', '390', 'mohali', NULL, NULL, 'user3', '949858589652', 'my test', 200.00, 'completed', 'unpaid', NULL, NULL, 'instant', '2026-05-12 00:43:22', '2026-05-12 00:43:57', '2026-05-12 00:44:01', NULL, NULL, 0, '2026-05-12 00:43:22', '2026-05-14 06:44:19', 8, 1, '2026-05-14 06:44:19'),
(10, 5, 2, 1, 'HS-HP4ZZJBF', '2026-05-14', '16:00:00', 'Gulmohar Road', 'Kharar', NULL, NULL, 'user3', '+33677824359', 'test with staff', 400.00, 'completed', 'unpaid', NULL, NULL, 'scheduled', '2026-05-14 04:33:39', '2026-05-14 05:31:16', '2026-05-14 05:39:23', NULL, NULL, 0, '2026-05-14 04:33:13', '2026-05-14 06:43:52', 8, 1, '2026-05-14 06:43:52'),
(11, 1, 1, 1, 'HS-BE4AYO9T', '2026-05-15', '09:00:00', 'Gulmohar Road', 'Kharar', NULL, NULL, 'Super Admin', '+33677824359', NULL, 200.00, 'cancelled', 'unpaid', NULL, NULL, 'instant', '2026-05-15 04:20:13', NULL, NULL, '2026-05-15 04:20:20', NULL, 0, '2026-05-15 04:20:13', '2026-05-15 04:20:20', NULL, NULL, NULL),
(12, 1, 1, 1, 'HS-LKQLUMCM', '2026-05-16', '09:00:00', 'Gulmohar Road', 'Kharar', NULL, NULL, 'Super Admin', '+33677824359', NULL, 200.00, 'confirmed', 'unpaid', NULL, NULL, 'instant', '2026-05-16 05:41:36', NULL, NULL, NULL, NULL, 0, '2026-05-16 05:41:36', '2026-05-16 05:41:36', NULL, NULL, NULL),
(13, 1, 1, 1, 'HS-XSRKB2MA', '2026-05-16', '10:00:00', 'Gulmohar Road', 'Kharar', NULL, NULL, 'Super Admin', '+33677824359', NULL, 200.00, 'confirmed', 'paid', 'stripe', 3, 'instant', NULL, NULL, NULL, NULL, NULL, 0, '2026-05-16 05:53:22', '2026-05-16 05:54:00', NULL, NULL, NULL),
(14, 1, 2, 1, 'HS-VKSL257K', '2026-05-16', '11:00:00', 'Gulmohar Road', 'Kharar', NULL, NULL, 'Super Admin', '+33677824359', NULL, 400.00, 'confirmed', 'pending', 'cash', 4, 'scheduled', NULL, NULL, NULL, NULL, NULL, 0, '2026-05-16 05:55:30', '2026-05-16 05:55:35', NULL, NULL, NULL),
(15, 1, 1, 1, 'HS-JDVFMPQS', '2026-05-16', '12:00:00', 'Gulmohar Road', 'Kharar', NULL, NULL, 'Super Admin', '+33677824359', NULL, 200.00, 'confirmed', 'pending', 'cash', 5, 'instant', NULL, NULL, NULL, NULL, NULL, 0, '2026-05-16 06:00:00', '2026-05-16 06:00:37', NULL, NULL, NULL),
(16, 1, 1, 1, 'HS-SOQ2VEWW', '2026-05-28', '09:00:00', 'Gulmohar Road', 'Kharar', NULL, NULL, 'Super Admin', '+33677824359', NULL, 200.00, 'completed', 'pending', 'cash', 6, 'instant', NULL, '2026-05-28 04:51:13', '2026-05-28 04:51:23', NULL, NULL, 0, '2026-05-28 04:50:47', '2026-05-28 04:51:23', NULL, NULL, NULL),
(17, 1, 1, 1, 'HS-XDAARGPI', '2026-05-29', '09:00:00', 'Gulmohar Road', 'Kharar', NULL, NULL, 'Super Admin', '+33677824359', 'online', 200.00, 'completed', 'paid', 'stripe', 7, 'instant', NULL, '2026-05-28 04:54:21', '2026-05-28 04:54:24', NULL, NULL, 0, '2026-05-28 04:53:21', '2026-05-28 04:54:24', NULL, NULL, NULL),
(18, 1, 1, 1, 'HS-DWAZP1PS', '2026-05-29', '09:00:00', 'Gulmohar Road', 'Kharar', NULL, NULL, 'Super Admin', '+33677824359', NULL, 200.00, 'completed', 'pending', 'cash', 8, 'instant', NULL, '2026-05-28 05:08:07', '2026-05-28 05:08:17', NULL, NULL, 0, '2026-05-28 05:07:17', '2026-05-28 05:08:17', NULL, NULL, NULL),
(19, 1, 1, 1, 'HS-CYJYZK5G', '2026-05-29', '10:00:00', 'Gulmohar Road', 'Kharar', NULL, NULL, 'Super Admin', '+33677824359', NULL, 200.00, 'completed', 'paid', 'cash', 9, 'instant', NULL, '2026-05-28 05:13:57', '2026-05-28 05:14:07', NULL, NULL, 0, '2026-05-28 05:13:27', '2026-05-28 05:14:07', NULL, NULL, NULL),
(20, 1, 1, 1, 'HS-XXVUCL29', '2026-05-28', '09:00:00', 'Gulmohar Road', 'Kharar', NULL, NULL, 'Super Admin', '+33677824359', NULL, 200.00, 'completed', 'paid', 'cash', 10, 'instant', NULL, '2026-05-28 05:17:12', '2026-05-28 05:17:17', NULL, NULL, 0, '2026-05-28 05:16:39', '2026-05-28 05:17:17', NULL, NULL, NULL),
(21, 1, 1, 1, 'HS-IVEWMT8E', '2026-05-28', '14:00:00', 'Gulmohar Road', 'Kharar', NULL, NULL, 'Super Admin', '+33677824359', NULL, 200.00, 'completed', 'paid', 'cash', 11, 'instant', NULL, '2026-05-28 05:29:59', '2026-05-28 05:30:03', NULL, NULL, 0, '2026-05-28 05:29:29', '2026-05-28 05:30:03', NULL, NULL, NULL),
(22, 1, 1, 1, 'HS-TDHTAIRA', '2026-05-28', '09:00:00', 'Gulmohar Road', 'Kharar', NULL, NULL, 'Super Admin', '+33677824359', NULL, 200.00, 'completed', 'paid', 'stripe', 12, 'instant', NULL, '2026-05-28 05:31:59', '2026-05-28 05:32:07', NULL, NULL, 0, '2026-05-28 05:31:14', '2026-05-28 05:32:07', NULL, NULL, NULL),
(23, 1, 1, 1, 'HS-60BQGJXR', '2026-05-28', '09:00:00', 'Gulmohar Road', 'Kharar', NULL, NULL, 'Super Admin', '+33677824359', NULL, 200.00, 'completed', 'paid', 'stripe', 13, 'instant', NULL, '2026-05-28 05:41:44', '2026-05-28 05:41:47', NULL, NULL, 0, '2026-05-28 05:40:51', '2026-05-28 05:41:47', NULL, NULL, NULL),
(24, 5, 1, 1, 'HS-GAHJULQJ', '2026-06-01', '11:00:00', 'Gulmohar Road', 'Kharar', NULL, NULL, 'user3', '+33677824359', 'vhat', 200.00, 'confirmed', 'pending', 'cash', 14, 'instant', NULL, NULL, NULL, NULL, NULL, 0, '2026-06-01 01:35:08', '2026-06-01 01:35:12', NULL, NULL, NULL),
(25, 5, 5, 1, 'HS-DXXAFW1E', '2026-06-03', '09:00:00', 'Gulmohar Road', 'Kharar', NULL, NULL, 'user3', '+33677824359', NULL, 500.00, 'pending', 'unpaid', NULL, NULL, 'scheduled', NULL, NULL, NULL, NULL, NULL, 0, '2026-06-03 03:39:09', '2026-06-03 03:39:09', NULL, NULL, NULL),
(26, 5, 5, 1, 'HS-TIGFGMDI', '2026-06-03', '09:00:00', 'Gulmohar Road', 'Kharar', NULL, NULL, 'user3', '+33677824359', NULL, 500.00, 'pending', 'unpaid', NULL, NULL, 'scheduled', NULL, NULL, NULL, NULL, NULL, 0, '2026-06-03 03:39:53', '2026-06-03 03:39:53', NULL, NULL, NULL),
(27, 5, 5, 1, 'HS-XAC0PTHN', '2026-06-03', '10:00:00', 'Gulmohar Road', 'Kharar', NULL, NULL, 'user3', '9854748596', NULL, 500.00, 'pending', 'unpaid', NULL, NULL, 'scheduled', NULL, NULL, NULL, NULL, NULL, 0, '2026-06-03 03:40:54', '2026-06-03 03:40:54', NULL, NULL, NULL),
(28, 5, 5, 1, 'HS-2EHGR1RT', '2026-06-03', '11:00:00', 'Gulmohar Road', 'Kharar', NULL, NULL, 'user3', '+33677824359', NULL, 500.00, 'pending', 'unpaid', NULL, NULL, 'scheduled', NULL, NULL, NULL, NULL, NULL, 0, '2026-06-03 03:41:57', '2026-06-03 03:41:57', NULL, NULL, NULL),
(29, 5, 5, 1, 'HS-JUKPNXNR', '2026-06-10', '09:00:00', 'Gulmohar Road', 'Kharar', NULL, NULL, 'user3', '+33677824359', NULL, 500.00, 'completed', 'paid', 'stripe', 15, 'scheduled', NULL, '2026-06-03 03:56:51', '2026-06-03 03:56:56', NULL, NULL, 0, '2026-06-03 03:54:22', '2026-06-03 03:56:56', NULL, NULL, NULL),
(30, 5, 1, 1, 'HS-TO7F6ATA', '2026-06-05', '09:00:00', 'Gulmohar Road', 'Kharar', NULL, NULL, 'user3', '+33677824359', NULL, 200.00, 'completed', 'paid', 'stripe', 16, 'instant', NULL, '2026-06-04 00:26:35', '2026-06-04 00:26:38', NULL, NULL, 0, '2026-06-04 00:23:49', '2026-06-04 00:26:38', NULL, NULL, NULL),
(31, 5, 1, 1, 'HS-WW9EQ1YK', '2026-07-15', '09:00:00', 'Gulmohar Road', 'Kharar', NULL, NULL, 'User Singh', '917458965856', NULL, 200.00, 'confirmed', 'paid', 'stripe', 84, 'instant', NULL, NULL, NULL, NULL, NULL, 0, '2026-07-14 01:40:46', '2026-07-14 01:41:20', NULL, NULL, NULL),
(32, 5, 1, 1, 'HS-SB5QXE8Z', '2026-07-15', '11:00:00', 'Gulmohar Road', 'Kharar', NULL, NULL, 'User Singh', '917458965856', 'ssssdf', 200.00, 'completed', 'paid', 'stripe', 85, 'instant', NULL, '2026-07-15 05:27:51', '2026-07-15 05:29:18', NULL, NULL, 0, '2026-07-15 05:26:25', '2026-07-15 05:29:18', 8, 1, '2026-07-15 05:28:12'),
(33, 5, 2, 1, 'HS-SHPUO4GS', '2026-07-16', '12:00:00', 'Gulmohar Road', 'Kharar', NULL, NULL, 'User Singh', '917458965856', NULL, 400.00, 'completed', 'paid', 'cash', 86, 'scheduled', NULL, '2026-07-15 05:34:33', '2026-07-15 05:34:38', NULL, NULL, 0, '2026-07-15 05:33:32', '2026-07-15 05:34:38', 8, 1, '2026-07-15 05:34:24'),
(34, 5, 1, 1, 'HS-GXA1P14Q', '2026-07-16', '09:00:00', 'Gulmohar Road', 'Kharar', NULL, NULL, 'User Singh', '917458965856', NULL, 200.00, 'completed', 'paid', 'cash', 95, 'instant', NULL, '2026-08-02 08:42:43', '2026-08-03 07:53:48', NULL, NULL, 0, '2026-07-16 07:39:15', '2026-08-03 07:53:48', 8, 1, '2026-08-02 08:42:47'),
(35, 5, 3, 1, 'HS-9EEPUOHQ', '2026-07-16', '10:00:00', 'Gulmohar Road', 'Kharar', NULL, NULL, 'User Singh', '917458965856', NULL, 108.70, 'cancelled', 'paid', 'wallet', 96, 'instant', NULL, NULL, NULL, '2026-07-16 08:11:11', NULL, 0, '2026-07-16 07:39:52', '2026-07-16 08:11:11', NULL, NULL, NULL),
(36, 5, 4, 1, 'HS-ACTUXLUT', '2026-07-16', '14:00:00', 'Gulmohar Road', 'Kharar', NULL, NULL, 'User Singh', '917458965856', 'ss', 20.00, 'cancelled', 'paid', 'wallet', 97, 'instant', NULL, NULL, NULL, '2026-07-16 08:14:28', NULL, 0, '2026-07-16 08:14:04', '2026-07-16 08:14:28', NULL, NULL, NULL),
(37, 5, 4, 1, 'HS-YU4Y94SI', '2026-07-16', '15:00:00', 'Gulmohar Road', 'Kharar', NULL, NULL, 'User Singh', '917458965856', NULL, 20.00, 'cancelled', 'refunded', 'wallet', 98, 'instant', NULL, NULL, NULL, '2026-07-16 08:17:28', NULL, 0, '2026-07-16 08:16:14', '2026-07-16 08:17:28', NULL, NULL, NULL),
(38, 5, 4, 1, 'HS-VVLAC6RV', '2026-07-22', '09:00:00', 'Gulmohar Road', 'Kharar', NULL, NULL, 'User Singh', '917458965856', NULL, 20.00, 'completed', 'paid', 'wallet', 107, 'instant', NULL, '2026-07-17 22:26:26', '2026-07-17 22:27:03', NULL, NULL, 0, '2026-07-17 22:22:26', '2026-07-17 22:27:03', NULL, NULL, NULL),
(39, 5, 4, 1, 'HS-Q4VSGVG0', '2026-07-22', '09:00:00', 'Gulmohar Road', 'Kharar', NULL, NULL, 'User Singh', '917458965856', NULL, 20.00, 'cancelled', 'refunded', 'wallet', 108, 'instant', NULL, NULL, NULL, '2026-07-17 22:28:18', NULL, 0, '2026-07-17 22:27:42', '2026-07-17 22:28:18', NULL, NULL, NULL),
(40, 5, 1, 1, 'HS-RWFGZT7P', '2026-07-24', '09:00:00', 'Gulmohar Road', 'Kharar', NULL, NULL, 'User Singh', '917458965856', NULL, 200.00, 'cancelled', 'unpaid', NULL, NULL, 'instant', NULL, NULL, NULL, '2026-07-18 06:40:53', NULL, 0, '2026-07-18 05:29:47', '2026-07-18 06:40:53', NULL, NULL, NULL),
(41, 5, 1, 1, 'HS-LFUSY80J', '2026-07-24', '09:00:00', 'Gulmohar Road', 'Kharar', NULL, NULL, 'User Singh', '917458965856', NULL, 200.00, 'cancelled', 'unpaid', NULL, NULL, 'instant', NULL, NULL, NULL, '2026-07-18 06:42:19', NULL, 0, '2026-07-18 06:41:33', '2026-07-18 06:42:19', NULL, NULL, NULL),
(42, 5, 4, 1, 'HS-JJTSHSGW', '2026-07-22', '14:00:00', 'Gulmohar Road', 'Kharar', NULL, NULL, 'User Singh', '917458965856', NULL, 20.00, 'pending', 'unpaid', NULL, NULL, 'instant', NULL, NULL, NULL, NULL, NULL, 0, '2026-07-18 06:42:47', '2026-07-18 06:42:47', NULL, NULL, NULL),
(43, 5, 5, 1, 'HS-7AUTMUOM', '2026-07-23', '10:00:00', 'Gulmohar Road', 'Kharar', NULL, NULL, 'User Singh', '917458965856', NULL, 500.00, 'cancelled', 'refunded', 'stripe', 110, 'scheduled', NULL, NULL, NULL, '2026-07-18 07:09:17', NULL, 0, '2026-07-18 07:08:21', '2026-07-18 07:09:17', NULL, NULL, NULL),
(44, 5, 1, 1, 'HS-R58NMHZW', '2026-07-21', '09:00:00', 'Gulmohar Road', 'Kharar', NULL, NULL, 'User Singh', '917458965856', NULL, 200.00, 'pending', 'unpaid', NULL, NULL, 'instant', NULL, NULL, NULL, NULL, NULL, 0, '2026-07-21 11:49:04', '2026-07-21 11:49:04', NULL, NULL, NULL),
(45, 5, 4, 1, 'HS-LQTQYZRY', '2026-07-24', '09:00:00', 'Gulmohar Road', 'Kharar', NULL, NULL, 'User Singh', '917458965856', NULL, 20.00, 'pending', 'unpaid', NULL, NULL, 'instant', NULL, NULL, NULL, NULL, NULL, 0, '2026-07-24 07:02:55', '2026-07-24 07:02:55', NULL, NULL, NULL),
(46, 5, 4, 1, 'HS-FUGDSWG1', '2026-07-24', '09:00:00', 'Gulmohar Road', 'Kharar', NULL, NULL, 'User Singh', '917458965856', NULL, 20.00, 'confirmed', 'pending', 'cash', 117, 'instant', NULL, NULL, NULL, NULL, NULL, 0, '2026-07-24 07:04:56', '2026-08-02 08:40:11', 8, 1, '2026-08-02 08:40:11'),
(47, 5, 4, 1, 'HS-IPUG0HCO', '2026-07-24', '14:00:00', 'Gulmohar Road', 'Kharar', NULL, NULL, 'User Singh', '917458965856', NULL, 20.00, 'pending', 'unpaid', NULL, NULL, 'instant', NULL, NULL, NULL, NULL, NULL, 0, '2026-07-24 07:13:53', '2026-07-24 07:13:53', NULL, NULL, NULL),
(48, 5, 3, 1, 'HS-S54ALQKY', '2026-07-24', '16:00:00', 'Gulmohar Road', 'Kharar', NULL, NULL, 'User Singh', '917458965856', NULL, 108.70, 'pending', 'unpaid', NULL, NULL, 'instant', NULL, NULL, NULL, NULL, NULL, 0, '2026-07-24 07:16:36', '2026-07-24 07:16:36', NULL, NULL, NULL),
(49, 5, 4, 1, 'HS-B3YDPKZN', '2026-07-30', '12:00:00', 'Gulmohar Road', 'Kharar', NULL, NULL, 'User Singh', '917458965856', NULL, 20.00, 'pending', 'unpaid', NULL, NULL, 'instant', NULL, NULL, NULL, NULL, NULL, 0, '2026-07-24 07:23:35', '2026-07-24 07:23:35', NULL, NULL, NULL),
(50, 5, 4, 1, 'HS-PSKOUPOL', '2026-07-24', '13:00:00', 'Gulmohar Road', 'Kharar', NULL, NULL, 'User Singh', '917458965856', NULL, 20.00, 'pending', 'unpaid', NULL, NULL, 'instant', NULL, NULL, NULL, NULL, NULL, 0, '2026-07-24 07:27:43', '2026-07-24 07:27:43', NULL, NULL, NULL),
(51, 5, 1, 1, 'HS-NXXL209E', '2026-07-25', '09:00:00', 'Gulmohar Road', 'Kharar', NULL, NULL, 'User Singh', '917458965856', NULL, 200.00, 'pending', 'unpaid', NULL, NULL, 'instant', NULL, NULL, NULL, NULL, NULL, 0, '2026-07-24 07:30:32', '2026-07-24 07:30:32', NULL, NULL, NULL),
(52, 5, 2, 1, 'HS-D32HNWNQ', '2026-07-27', '16:00:00', 'Gulmohar Road', 'Kharar', NULL, NULL, 'User Singh', '917458965856', NULL, 400.00, 'cancelled', 'refunded', 'paypal', 123, 'scheduled', NULL, NULL, NULL, '2026-07-24 07:40:24', NULL, 0, '2026-07-24 07:39:18', '2026-07-24 07:40:24', NULL, NULL, NULL),
(53, 5, 1, 1, 'HS-LCU5QYWX', '2026-08-04', '09:00:00', 'Gulmohar Road', 'Kharar', NULL, NULL, 'User Singh', '917458965856', NULL, 200.00, 'completed', 'paid', 'wallet', 132, 'instant', NULL, '2026-08-03 08:02:11', '2026-08-03 08:02:36', NULL, NULL, 0, '2026-08-03 08:00:12', '2026-08-03 08:02:36', 8, 1, '2026-08-03 08:01:31'),
(54, 5, 3, 1, 'HS-ZILZ2VVT', '2026-08-04', '09:00:00', 'Gulmohar Road', 'Kharar', NULL, NULL, 'User Singh', '917458965856', NULL, 108.70, 'pending', 'unpaid', NULL, NULL, 'instant', NULL, NULL, NULL, NULL, NULL, 0, '2026-08-03 08:12:02', '2026-08-03 08:12:02', NULL, NULL, NULL),
(55, 5, 3, 1, 'HS-TYQ1AO5G', '2026-08-04', '09:00:00', 'Gulmohar Road', 'Kharar', NULL, NULL, 'User Singh', '917458965856', NULL, 108.70, 'cancelled', 'pending', 'cash', 133, 'instant', NULL, '2026-08-03 08:15:44', NULL, '2026-08-03 08:16:25', NULL, 0, '2026-08-03 08:12:54', '2026-08-03 08:16:25', 8, 1, '2026-08-03 08:14:04'),
(56, 5, 3, 1, 'HS-USL1G1HZ', '2026-08-04', '10:00:00', 'kharar', 'dd', NULL, NULL, 'User Singh', '917458965856', NULL, 108.70, 'confirmed', 'paid', 'wallet', 134, 'instant', NULL, NULL, NULL, NULL, NULL, 0, '2026-08-03 08:24:09', '2026-08-03 08:24:16', NULL, NULL, NULL),
(57, 5, 5, 1, 'HS-MDE0B9X6', '2026-08-04', '11:00:00', 'kharrr', NULL, NULL, NULL, 'User Singh', '917458965856', NULL, 500.00, 'completed', 'paid', 'cash', 135, 'scheduled', NULL, '2026-08-03 08:26:35', '2026-08-03 08:31:35', NULL, NULL, 0, '2026-08-03 08:25:43', '2026-08-03 08:31:35', 8, 1, '2026-08-03 08:26:06'),
(58, 5, 4, 1, 'HS-QMLSIPTG', '2026-08-05', '09:00:00', 'Gulmohar Road', 'Kharar', NULL, NULL, 'User Singh', '917458965856', NULL, 28.60, 'completed', 'paid', 'wallet', 137, 'instant', NULL, '2026-08-04 03:28:14', '2026-08-04 03:28:19', NULL, NULL, 0, '2026-08-04 03:16:14', '2026-08-04 03:28:19', NULL, NULL, NULL),
(59, 5, 4, 1, 'HS-X1WPSUA7', '2026-08-05', '09:00:00', 'Gulmohar Road', 'Kharar', NULL, NULL, 'User Singh', '917458965856', NULL, 28.60, 'completed', 'paid', 'wallet', 138, 'instant', NULL, '2026-08-04 05:23:35', '2026-08-04 05:24:05', NULL, NULL, 0, '2026-08-04 05:23:01', '2026-08-04 05:24:05', NULL, NULL, NULL),
(60, 5, 1, 1, 'HS-3YMA85KR', '2026-08-04', '12:00:00', 'Gulmohar Road', 'Kharar', NULL, NULL, 'User Singh', '917458965856', NULL, 241.00, 'completed', 'paid', 'stripe', 139, 'instant', NULL, '2026-08-04 05:26:53', '2026-08-04 05:27:01', NULL, NULL, 0, '2026-08-04 05:26:00', '2026-08-04 05:27:01', NULL, NULL, NULL),
(61, 5, 3, 1, 'HS-I54VS0JB', '2026-08-04', '11:00:00', 'Gulmohar Road', 'Kharar', NULL, NULL, 'User Singh', '917458965856', NULL, 123.00, 'completed', 'paid', 'wallet', 146, 'instant', NULL, '2026-08-04 07:27:35', '2026-08-04 07:27:42', NULL, NULL, 0, '2026-08-04 07:26:28', '2026-08-04 07:27:42', 8, 1, '2026-08-04 07:27:04'),
(62, 27, 6, 25, 'HS-6CTDPEEV', '2026-08-15', '09:00:00', 'Gulmohar Road', 'Kharar', NULL, NULL, 'John Doe', '+91 9876543210', 'dsfsdfs sdfsd', 28.60, 'completed', 'paid', 'stripe', 148, 'instant', NULL, '2026-08-14 13:20:01', '2026-08-14 13:20:18', NULL, NULL, 0, '2026-08-14 13:18:46', '2026-08-14 13:20:18', NULL, NULL, NULL),
(63, 27, 1, 1, 'HS-NDNNV9EU', '2026-08-20', '09:00:00', 'Gulmohar Road', 'Kharar', NULL, NULL, 'John', '+91 9876543210', NULL, 241.00, 'pending', 'unpaid', NULL, NULL, 'instant', NULL, NULL, NULL, NULL, NULL, 0, '2026-08-19 05:32:36', '2026-08-19 05:32:36', NULL, NULL, NULL),
(64, 27, 2, 1, 'HS-PELNR1ZY', '2026-08-20', '11:00:00', 'Gulmohar Road', 'Kharar', NULL, NULL, 'John', '+91 9876543210', NULL, 477.00, 'confirmed', 'paid', 'stripe', 177, 'scheduled', NULL, NULL, NULL, NULL, NULL, 0, '2026-08-19 05:48:09', '2026-08-19 05:48:51', NULL, NULL, NULL);

-- --------------------------------------------------------

--
-- Table structure for table `hs_promotions`
--

CREATE TABLE IF NOT EXISTS `hs_promotions` (
  `id` bigint UNSIGNED NOT NULL AUTO_INCREMENT,
  `provider_id` bigint UNSIGNED NOT NULL,
  `promotion_plan_id` bigint UNSIGNED NOT NULL,
  `promotion_type` varchar(191) COLLATE utf8mb4_unicode_ci NOT NULL DEFAULT 'featured_provider',
  `status` enum('pending','active','expired','cancelled') COLLATE utf8mb4_unicode_ci NOT NULL DEFAULT 'pending',
  `start_date` timestamp NULL DEFAULT NULL,
  `end_date` timestamp NULL DEFAULT NULL,
  `payment_id` bigint UNSIGNED DEFAULT NULL,
  `created_at` timestamp NULL DEFAULT NULL,
  `updated_at` timestamp NULL DEFAULT NULL,
  PRIMARY KEY (`id`),
  KEY `hs_promotions_promotion_plan_id_foreign` (`promotion_plan_id`),
  KEY `hs_promotions_payment_id_foreign` (`payment_id`),
  KEY `hs_promotions_provider_id_status_index` (`provider_id`,`status`),
  KEY `hs_promotions_status_end_date_index` (`status`,`end_date`)
) ENGINE=MyISAM AUTO_INCREMENT=2 DEFAULT CHARSET=utf8mb4 COLLATE=utf8mb4_unicode_ci;

--
-- Dumping data for table `hs_promotions`
--

INSERT INTO `hs_promotions` (`id`, `provider_id`, `promotion_plan_id`, `promotion_type`, `status`, `start_date`, `end_date`, `payment_id`, `created_at`, `updated_at`) VALUES
(1, 1, 15, 'featured_provider', 'active', '2026-08-23 03:23:08', '2026-08-30 03:23:08', 190, '2026-08-23 03:23:02', '2026-08-23 03:23:08');

-- --------------------------------------------------------

--
-- Table structure for table `hs_services`
--

CREATE TABLE IF NOT EXISTS `hs_services` (
  `id` bigint UNSIGNED NOT NULL AUTO_INCREMENT,
  `provider_id` bigint UNSIGNED NOT NULL,
  `category_id` bigint UNSIGNED NOT NULL,
  `title` varchar(191) COLLATE utf8mb4_unicode_ci NOT NULL,
  `slug` varchar(191) COLLATE utf8mb4_unicode_ci NOT NULL,
  `description` text COLLATE utf8mb4_unicode_ci NOT NULL,
  `price` decimal(10,2) NOT NULL,
  `currency_code` varchar(3) COLLATE utf8mb4_unicode_ci DEFAULT NULL,
  `exchange_rate` decimal(14,8) DEFAULT NULL,
  `base_price` decimal(12,2) DEFAULT NULL,
  `price_type` enum('fixed','hourly','starting_from') COLLATE utf8mb4_unicode_ci NOT NULL DEFAULT 'fixed',
  `duration_minutes` int UNSIGNED DEFAULT NULL,
  `is_instant` tinyint(1) NOT NULL DEFAULT '1',
  `is_active` tinyint(1) NOT NULL DEFAULT '1',
  `sort_order` int UNSIGNED NOT NULL DEFAULT '0',
  `created_at` timestamp NULL DEFAULT NULL,
  `updated_at` timestamp NULL DEFAULT NULL,
  PRIMARY KEY (`id`),
  UNIQUE KEY `hs_services_slug_unique` (`slug`),
  KEY `hs_services_provider_id_foreign` (`provider_id`),
  KEY `hs_services_category_id_foreign` (`category_id`)
) ENGINE=MyISAM AUTO_INCREMENT=7 DEFAULT CHARSET=utf8mb4 COLLATE=utf8mb4_unicode_ci;

--
-- Dumping data for table `hs_services`
--

INSERT INTO `hs_services` (`id`, `provider_id`, `category_id`, `title`, `slug`, `description`, `price`, `currency_code`, `exchange_rate`, `base_price`, `price_type`, `duration_minutes`, `is_instant`, `is_active`, `sort_order`, `created_at`, `updated_at`) VALUES
(1, 1, 23, 'Fan Cleaning', 'fan-cleaning-wcAhn', 'clean fan', 200.00, NULL, NULL, NULL, 'fixed', 30, 1, 1, 0, '2026-05-07 05:20:57', '2026-05-07 05:20:57'),
(2, 1, 27, 'Ac service', 'ac-service-2Lt6q', 'Ac service', 400.00, NULL, NULL, NULL, 'fixed', NULL, 0, 1, 0, '2026-05-09 07:56:21', '2026-05-09 07:56:21'),
(3, 1, 24, 'kitcken Cleaning', 'kitcken-cleaning-DZcFL', 'whole kitchen cleaning', 100.00, 'USD', 1.00000000, 100.00, 'fixed', 60, 1, 1, 0, '2026-06-03 02:58:26', '2026-08-04 07:25:56'),
(4, 1, 24, 'Fan cleaning', 'fan-cleaning-J5QJ4', 'test', 20.00, 'USD', 1.00000000, 20.00, 'fixed', 30, 1, 1, 0, '2026-06-03 03:05:38', '2026-06-03 03:35:47'),
(5, 1, 24, 'Full house cleaning', 'full-house-cleaning-oba2s', 'full house', 500.00, 'USD', 1.00000000, 500.00, 'fixed', 60, 0, 1, 0, '2026-06-03 03:36:27', '2026-06-03 03:36:59'),
(6, 25, 22, 'Home car wash', 'home-car-wash-TZehd', 'Fill in the details to list your service for customers to book', 20.00, 'USD', 1.00000000, 20.00, 'fixed', 30, 1, 1, 0, '2026-08-14 13:17:50', '2026-08-14 13:17:50');

-- --------------------------------------------------------

--
-- Table structure for table `jobs`
--

CREATE TABLE IF NOT EXISTS `jobs` (
  `id` bigint UNSIGNED NOT NULL AUTO_INCREMENT,
  `queue` varchar(191) COLLATE utf8mb4_unicode_ci NOT NULL,
  `payload` longtext COLLATE utf8mb4_unicode_ci NOT NULL,
  `attempts` tinyint UNSIGNED NOT NULL,
  `reserved_at` int UNSIGNED DEFAULT NULL,
  `available_at` int UNSIGNED NOT NULL,
  `created_at` int UNSIGNED NOT NULL,
  PRIMARY KEY (`id`),
  KEY `jobs_queue_index` (`queue`)
) ENGINE=MyISAM DEFAULT CHARSET=utf8mb4 COLLATE=utf8mb4_unicode_ci;

-- --------------------------------------------------------

--
-- Table structure for table `job_batches`
--

CREATE TABLE IF NOT EXISTS `job_batches` (
  `id` varchar(191) COLLATE utf8mb4_unicode_ci NOT NULL,
  `name` varchar(191) COLLATE utf8mb4_unicode_ci NOT NULL,
  `total_jobs` int NOT NULL,
  `pending_jobs` int NOT NULL,
  `failed_jobs` int NOT NULL,
  `failed_job_ids` longtext COLLATE utf8mb4_unicode_ci NOT NULL,
  `options` mediumtext COLLATE utf8mb4_unicode_ci,
  `cancelled_at` int DEFAULT NULL,
  `created_at` int NOT NULL,
  `finished_at` int DEFAULT NULL,
  PRIMARY KEY (`id`)
) ENGINE=MyISAM DEFAULT CHARSET=utf8mb4 COLLATE=utf8mb4_unicode_ci;

-- --------------------------------------------------------

--
-- Table structure for table `media`
--

CREATE TABLE IF NOT EXISTS `media` (
  `id` bigint UNSIGNED NOT NULL AUTO_INCREMENT,
  `model_type` varchar(191) COLLATE utf8mb4_unicode_ci NOT NULL,
  `model_id` bigint UNSIGNED NOT NULL,
  `uuid` char(36) COLLATE utf8mb4_unicode_ci DEFAULT NULL,
  `collection_name` varchar(191) COLLATE utf8mb4_unicode_ci NOT NULL,
  `name` varchar(191) COLLATE utf8mb4_unicode_ci NOT NULL,
  `file_name` varchar(191) COLLATE utf8mb4_unicode_ci NOT NULL,
  `mime_type` varchar(191) COLLATE utf8mb4_unicode_ci DEFAULT NULL,
  `disk` varchar(191) COLLATE utf8mb4_unicode_ci NOT NULL,
  `conversions_disk` varchar(191) COLLATE utf8mb4_unicode_ci DEFAULT NULL,
  `size` bigint UNSIGNED NOT NULL,
  `manipulations` json NOT NULL,
  `custom_properties` json NOT NULL,
  `generated_conversions` json NOT NULL,
  `responsive_images` json NOT NULL,
  `order_column` int UNSIGNED DEFAULT NULL,
  `created_at` timestamp NULL DEFAULT NULL,
  `updated_at` timestamp NULL DEFAULT NULL,
  PRIMARY KEY (`id`),
  UNIQUE KEY `media_uuid_unique` (`uuid`),
  KEY `media_model_type_model_id_index` (`model_type`,`model_id`),
  KEY `media_order_column_index` (`order_column`)
) ENGINE=MyISAM AUTO_INCREMENT=132 DEFAULT CHARSET=utf8mb4 COLLATE=utf8mb4_unicode_ci;

--
-- Dumping data for table `media`
--

INSERT INTO `media` (`id`, `model_type`, `model_id`, `uuid`, `collection_name`, `name`, `file_name`, `mime_type`, `disk`, `conversions_disk`, `size`, `manipulations`, `custom_properties`, `generated_conversions`, `responsive_images`, `order_column`, `created_at`, `updated_at`) VALUES
(3, 'Modules\\Classified\\Models\\Listing', 13, 'bb800da9-0d13-466a-aca0-8f30be6f8dfa', 'listing_images', 'about-us-slider-5', 'about-us-slider-5.png', 'image/png', 'public', 'public', 1332405, '[]', '[]', '[]', '[]', 1, '2026-04-07 07:39:47', '2026-04-07 07:39:47'),
(2, 'Modules\\Classified\\Models\\Listing', 1, '02d6c461-2e82-4ddb-828c-9f10ca0e140a', 'listing_images', 'dummy', 'dummy.png', 'image/png', 'public', 'public', 113, '[]', '[]', '[]', '[]', 1, '2026-04-07 07:36:53', '2026-04-07 07:36:53'),
(4, 'Modules\\Classified\\Models\\Listing', 13, 'be1e6535-cd54-4bc1-b85f-b7e560597ec2', 'listing_images', 'about-us-slider-6', 'about-us-slider-6.png', 'image/png', 'public', 'public', 1267754, '[]', '[]', '[]', '[]', 2, '2026-04-07 07:39:47', '2026-04-07 07:39:47'),
(5, 'Modules\\Classified\\Models\\Listing', 14, 'f70e8b94-6530-45af-8088-f725eaeddc71', 'listing_images', 'about-us-slider-7', 'about-us-slider-7.png', 'image/png', 'public', 'public', 1287584, '[]', '[]', '[]', '[]', 1, '2026-04-08 12:49:39', '2026-04-08 12:49:39'),
(6, 'Modules\\Classified\\Models\\Listing', 14, 'a0ce4e87-1449-42e8-b6d8-b75739e69a69', 'listing_images', 'about-us-slider-8', 'about-us-slider-8.png', 'image/png', 'public', 'public', 1269288, '[]', '[]', '[]', '[]', 2, '2026-04-08 12:49:39', '2026-04-08 12:49:39'),
(7, 'App\\Models\\Provider', 1, '36df1219-b545-4e4f-9321-59e6493d90be', 'avatar', 'images', 'images.jpg', 'image/jpeg', 'public', 'public', 5890, '[]', '[]', '[]', '[]', 1, '2026-05-02 01:17:05', '2026-05-02 01:17:05'),
(8, 'Modules\\HomeServices\\Models\\HsService', 1, 'a8c241b0-ada3-4ba8-b90f-37a41a1013e1', 'service_images', '4', '4.jpg', 'image/jpeg', 'public', 'public', 5520, '[]', '[]', '[]', '[]', 1, '2026-05-07 05:20:57', '2026-05-07 05:20:57'),
(9, 'Modules\\HomeServices\\Models\\HsService', 2, '6560c5c4-9d17-4d5d-960d-b8069ffb6188', 'service_images', '3', '3.png', 'image/png', 'public', 'public', 7235, '[]', '[]', '[]', '[]', 1, '2026-05-09 07:56:21', '2026-05-09 07:56:21'),
(10, 'Modules\\RealEstate\\Models\\Property', 1, 'b0d71de1-7d9c-4acc-b621-237baf4d509d', 'featured_image', 'real4', 'real4.jpg', 'image/jpeg', 'public', 'public', 11236, '[]', '[]', '[]', '[]', 1, '2026-06-01 12:32:05', '2026-06-01 12:32:05'),
(11, 'Modules\\RealEstate\\Models\\Property', 1, 'dfa7ca78-b676-45dd-b36e-4c0bdfc71760', 'gallery', 'real3', 'real3.jpg', 'image/jpeg', 'public', 'public', 10365, '[]', '[]', '[]', '[]', 2, '2026-06-01 12:32:05', '2026-06-01 12:32:05'),
(12, 'Modules\\RealEstate\\Models\\Property', 1, 'e2bed648-a20c-4138-ba88-7a0383d62d10', 'gallery', 'real4', 'real4.jpg', 'image/jpeg', 'public', 'public', 11236, '[]', '[]', '[]', '[]', 3, '2026-06-01 12:32:05', '2026-06-01 12:32:05'),
(13, 'Modules\\RealEstate\\Models\\Property', 2, '297221fc-4642-442f-b95e-9a5d09460d57', 'featured_image', 'real2', 'real2.jpg', 'image/jpeg', 'public', 'public', 6108, '[]', '[]', '[]', '[]', 1, '2026-06-01 13:32:24', '2026-06-01 13:32:24'),
(14, 'Modules\\RealEstate\\Models\\Property', 2, '2957914e-36cd-4493-8b74-757b5fbfe62a', 'gallery', '3', '3.png', 'image/png', 'public', 'public', 7235, '[]', '[]', '[]', '[]', 2, '2026-06-01 13:32:24', '2026-06-01 13:32:24'),
(15, 'Modules\\RealEstate\\Models\\Property', 2, '8fb0241a-ab9c-4567-9fb1-d7e1e6233c7e', 'gallery', 'real1', 'real1.jpg', 'image/jpeg', 'public', 'public', 7507, '[]', '[]', '[]', '[]', 3, '2026-06-01 13:32:24', '2026-06-01 13:32:24'),
(16, 'Modules\\RealEstate\\Models\\Property', 3, '870e8bcd-4221-48de-9669-0561b5560555', 'featured_image', 'real1', 'real1.jpg', 'image/jpeg', 'public', 'public', 7507, '[]', '[]', '[]', '[]', 1, '2026-06-02 03:58:02', '2026-06-02 03:58:02'),
(17, 'Modules\\RealEstate\\Models\\Property', 3, '66284b6d-c949-45f4-bc3c-f4df6090a095', 'gallery', 'real2', 'real2.jpg', 'image/jpeg', 'public', 'public', 6108, '[]', '[]', '[]', '[]', 2, '2026-06-02 03:58:02', '2026-06-02 03:58:02'),
(18, 'Modules\\RealEstate\\Models\\Property', 3, '6d878dcd-cac6-4f0a-9a4c-155ec2d10fc2', 'gallery', 'real3', 'real3.jpg', 'image/jpeg', 'public', 'public', 10365, '[]', '[]', '[]', '[]', 3, '2026-06-02 03:58:02', '2026-06-02 03:58:02'),
(19, 'Modules\\RealEstate\\Models\\Property', 3, '2903e1ea-b637-427a-b18b-4ee7acee9038', 'gallery', 'real4', 'real4.jpg', 'image/jpeg', 'public', 'public', 11236, '[]', '[]', '[]', '[]', 4, '2026-06-02 03:58:02', '2026-06-02 03:58:02'),
(20, 'Modules\\RealEstate\\Models\\Property', 4, '7ac2dfd9-c98f-4d0f-afa6-56fafa633ba3', 'featured_image', 'real3', 'real3.jpg', 'image/jpeg', 'public', 'public', 10365, '[]', '[]', '[]', '[]', 1, '2026-06-02 06:19:56', '2026-06-02 06:19:56'),
(21, 'Modules\\RealEstate\\Models\\Property', 4, '28038345-85b6-4d9b-8cc6-5adb3c2d3f7f', 'gallery', '2', '2.jpg', 'image/jpeg', 'public', 'public', 4550, '[]', '[]', '[]', '[]', 2, '2026-06-02 06:19:56', '2026-06-02 06:19:56'),
(22, 'Modules\\RealEstate\\Models\\Property', 5, '25ef710d-f236-4124-a9b8-6f1c43906f87', 'featured_image', 'real4', 'real4.jpg', 'image/jpeg', 'public', 'public', 11236, '[]', '[]', '[]', '[]', 1, '2026-06-02 07:04:01', '2026-06-02 07:04:01'),
(23, 'Modules\\RealEstate\\Models\\Property', 6, 'e8ba4bba-a43a-4959-ae5d-ecc96331d7b9', 'featured_image', '9c20ae659c5ef55982cbff0805e62955e5c48fb8-1-large', '9c20ae659c5ef55982cbff0805e62955e5c48fb8-1-large.webp', 'image/webp', 'public', 'public', 66006, '[]', '[]', '[]', '[]', 1, '2026-06-03 02:34:18', '2026-06-03 02:34:18'),
(24, 'Modules\\RealEstate\\Models\\Property', 6, 'e00f5e12-d1c9-47a8-b8f9-2e98e92bb07b', 'gallery', '9c20ae659c5ef55982cbff0805e62955e5c48fb8-1-large', '9c20ae659c5ef55982cbff0805e62955e5c48fb8-1-large.webp', 'image/webp', 'public', 'public', 66006, '[]', '[]', '[]', '[]', 2, '2026-06-03 02:34:18', '2026-06-03 02:34:18'),
(25, 'Modules\\RealEstate\\Models\\Property', 6, '0ef3e2c3-d868-47a4-bd5c-1f3f54381d48', 'gallery', '360_F_473721132_I9LNMCvx7Du6EdJNH91EywcNHzgtEclz', '360_F_473721132_I9LNMCvx7Du6EdJNH91EywcNHzgtEclz.jpg', 'image/jpeg', 'public', 'public', 50303, '[]', '[]', '[]', '[]', 3, '2026-06-03 02:34:18', '2026-06-03 02:34:18'),
(26, 'Modules\\RealEstate\\Models\\Property', 6, '6ff708f2-4c04-4ac0-8bcf-706a1dba3a7f', 'gallery', 'Resize1-3', 'Resize1-3.jpg', 'image/jpeg', 'public', 'public', 695749, '[]', '[]', '[]', '[]', 4, '2026-06-03 02:34:18', '2026-06-03 02:34:18'),
(27, 'Modules\\HomeServices\\Models\\HsService', 3, '2dd5fe10-9983-4596-8ecb-57d3081c2e8b', 'service_images', 'images', 'images.jpg', 'image/jpeg', 'public', 'public', 5890, '[]', '[]', '[]', '[]', 1, '2026-06-03 02:58:26', '2026-06-03 02:58:26'),
(28, 'Modules\\HomeServices\\Models\\HsService', 5, '9e72531b-6276-4753-b3f2-14f835dedb24', 'service_images', 'images', 'images.jpg', 'image/jpeg', 'public', 'public', 5890, '[]', '[]', '[]', '[]', 1, '2026-06-03 03:36:27', '2026-06-03 03:36:27'),
(29, 'App\\Models\\Provider', 4, 'd10eb697-b265-4a1c-baa1-ea8a4accde74', 'avatar', 'images', 'images.jpg', 'image/jpeg', 'public', 'public', 5890, '[]', '[]', '[]', '[]', 1, '2026-06-05 02:41:25', '2026-06-05 02:41:25'),
(30, 'Modules\\Classified\\Models\\Listing', 15, 'a6468d82-6a76-457e-a320-c5d4a59c81e7', 'listing_images', 'real4', 'real4.jpg', 'image/jpeg', 'public', 'public', 11236, '[]', '[]', '[]', '[]', 1, '2026-06-05 23:02:57', '2026-06-05 23:02:57'),
(31, 'Modules\\Classified\\Models\\Listing', 15, '44bb863f-3b74-4c0d-bb3d-bab4a25d08e2', 'listing_images', 'Resize1-3', 'Resize1-3.jpg', 'image/jpeg', 'public', 'public', 695749, '[]', '[]', '[]', '[]', 2, '2026-06-05 23:02:57', '2026-06-05 23:02:57'),
(32, 'Modules\\Classified\\Models\\Listing', 16, '9ec7ccdf-df53-4be0-8b3a-78e4e02b1c80', 'listing_images', '360_F_473721132_I9LNMCvx7Du6EdJNH91EywcNHzgtEclz', '360_F_473721132_I9LNMCvx7Du6EdJNH91EywcNHzgtEclz.jpg', 'image/jpeg', 'public', 'public', 50303, '[]', '[]', '[]', '[]', 1, '2026-06-05 23:14:07', '2026-06-05 23:14:07'),
(33, 'Modules\\Classified\\Models\\Listing', 16, '8bbfb6da-723e-43c6-91fb-8d34b07f7229', 'listing_images', 'real1', 'real1.jpg', 'image/jpeg', 'public', 'public', 7507, '[]', '[]', '[]', '[]', 2, '2026-06-05 23:14:07', '2026-06-05 23:14:07'),
(34, 'Modules\\Classified\\Models\\Listing', 17, '31569e87-29d4-4d0c-8d89-29a98fa30f8f', 'listing_images', 'real4', 'real4.jpg', 'image/jpeg', 'public', 'public', 11236, '[]', '[]', '[]', '[]', 1, '2026-06-06 00:00:43', '2026-06-06 00:00:43'),
(35, 'Modules\\Classified\\Models\\Listing', 17, '14fa965b-2eb4-468a-87b2-8de7d2075bac', 'listing_images', 'Resize1-3', 'Resize1-3.jpg', 'image/jpeg', 'public', 'public', 695749, '[]', '[]', '[]', '[]', 2, '2026-06-06 00:00:43', '2026-06-06 00:00:43'),
(36, 'App\\Models\\Provider', 5, 'b9c6f96e-f7b7-4968-85a9-f248d7c5e223', 'avatar', '3', '3.png', 'image/png', 'public', 'public', 7235, '[]', '[]', '[]', '[]', 1, '2026-06-08 07:45:55', '2026-06-08 07:45:55'),
(39, 'App\\Models\\Provider', 5, 'e8eb8a13-8fa2-4ec4-8092-5728fb150075', 'cover', 'ec92403c9574dbe50ff0a3e7519cbf73', 'ec92403c9574dbe50ff0a3e7519cbf73.jpg', 'image/jpeg', 'public', 'public', 40905, '[]', '[]', '[]', '[]', 2, '2026-06-08 07:50:33', '2026-06-08 07:50:33'),
(40, 'App\\Models\\Provider', 6, 'ffa6264c-d992-4cea-b02e-f0b5cfb7ec8b', 'certifications', '3', '3.png', 'image/png', 'public', 'public', 7235, '[]', '[]', '[]', '[]', 1, '2026-06-10 23:56:44', '2026-06-10 23:56:44'),
(41, 'App\\Models\\Provider', 6, '1f67ba8a-f93b-4a4b-8028-491fbb11f8e1', 'certifications', '4', '4.jpg', 'image/jpeg', 'public', 'public', 5520, '[]', '[]', '[]', '[]', 2, '2026-06-10 23:56:45', '2026-06-10 23:56:45'),
(42, 'App\\Models\\Provider', 6, 'a48c81d5-bd7b-43d1-a5d8-a09a998779f2', 'gallery', 'fit stats', 'fit-stats.jpg', 'image/jpeg', 'public', 'public', 943426, '[]', '[]', '[]', '[]', 3, '2026-06-11 00:03:12', '2026-06-11 00:03:12'),
(43, 'App\\Models\\Provider', 6, 'e4f0e08e-0930-49c8-9a4c-0dc61520a3b7', 'gallery', 'istockphoto-1493959975-612x612', 'istockphoto-1493959975-612x612.jpg', 'image/jpeg', 'public', 'public', 35037, '[]', '[]', '[]', '[]', 4, '2026-06-11 00:03:30', '2026-06-11 00:03:30'),
(44, 'App\\Models\\Provider', 6, '4905fa1f-8fdb-4762-824e-03460b7dcde2', 'gallery', 'istockphoto-1849342295-1024x1024', 'istockphoto-1849342295-1024x1024.jpg', 'image/jpeg', 'public', 'public', 159660, '[]', '[]', '[]', '[]', 5, '2026-06-11 00:03:30', '2026-06-11 00:03:30'),
(45, 'App\\Models\\Provider', 6, 'a268dec2-a2bb-479b-8f88-c956426ff45e', 'gallery', 'istockphoto-2027278927-612x612', 'istockphoto-2027278927-612x612.jpg', 'image/jpeg', 'public', 'public', 41723, '[]', '[]', '[]', '[]', 6, '2026-06-11 00:03:30', '2026-06-11 00:03:30'),
(46, 'App\\Models\\Provider', 6, 'd8b47eba-72a6-4737-a3ab-54249d4b9910', 'gallery', 'rutina-de-gym-ejercicios-de-cardio', 'rutina-de-gym-ejercicios-de-cardio.webp', 'image/webp', 'public', 'public', 60642, '[]', '[]', '[]', '[]', 7, '2026-06-11 00:03:30', '2026-06-11 00:03:30'),
(47, 'App\\Models\\Provider', 6, '0ee66779-28eb-4bd3-ac68-d0114c9d8b59', 'avatar', 'rutina-de-gym-ejercicios-de-cardio', 'rutina-de-gym-ejercicios-de-cardio.webp', 'image/webp', 'public', 'public', 60642, '[]', '[]', '[]', '[]', 8, '2026-06-11 00:33:38', '2026-06-11 00:33:38'),
(48, 'App\\Models\\Provider', 7, 'a84275cc-294e-49fb-860a-f11bc9c78716', 'avatar', '3', '3.png', 'image/png', 'public', 'public', 7235, '[]', '[]', '[]', '[]', 1, '2026-06-25 06:53:54', '2026-06-25 06:53:54'),
(49, 'App\\Models\\Provider', 7, '47b61fd5-ff2f-40c8-bd22-62edf96c558a', 'cover_image', 'real1', 'real1.jpg', 'image/jpeg', 'public', 'public', 7507, '[]', '[]', '[]', '[]', 2, '2026-06-25 07:12:00', '2026-06-25 07:12:00'),
(50, 'App\\Models\\Provider', 7, '64d6c253-47a6-4af5-aec8-c2656191e129', 'cover', 'real1', 'real1.jpg', 'image/jpeg', 'public', 'public', 7507, '[]', '[]', '[]', '[]', 3, '2026-06-25 08:18:49', '2026-06-25 08:18:49'),
(51, 'App\\Models\\Provider', 8, '7e4291ec-1d74-4917-81a2-5f8dfb068c84', 'avatar', '4', '4.jpg', 'image/jpeg', 'public', 'public', 5520, '[]', '[]', '[]', '[]', 1, '2026-06-27 06:34:01', '2026-06-27 06:34:01'),
(52, 'App\\Models\\Provider', 8, '4f7310ac-18e6-48ce-9881-bf02ed587986', 'cover', 'ec92403c9574dbe50ff0a3e7519cbf73', 'ec92403c9574dbe50ff0a3e7519cbf73.jpg', 'image/jpeg', 'public', 'public', 40905, '[]', '[]', '[]', '[]', 2, '2026-06-27 06:42:24', '2026-06-27 06:42:24'),
(53, 'Modules\\ECommerce\\Models\\EcProduct', 1, '0c9a1873-d44f-44c6-a768-6949a78a614e', 'featured_image', 'fit stats', 'fit-stats.jpg', 'image/jpeg', 'public', 'public', 943426, '[]', '[]', '[]', '[]', 1, '2026-06-27 07:12:10', '2026-06-27 07:12:10'),
(54, 'Modules\\ECommerce\\Models\\EcProduct', 2, '355219d1-6068-4021-b837-cccf2c9e1d2f', 'featured_image', 'istockphoto-1493959975-612x612', 'istockphoto-1493959975-612x612.jpg', 'image/jpeg', 'public', 'public', 35037, '[]', '[]', '[]', '[]', 1, '2026-06-27 07:18:15', '2026-06-27 07:18:15'),
(55, 'Modules\\ECommerce\\Models\\EcProduct', 4, 'b0b07eac-82b5-4b13-b11a-e46aa0d5dcd6', 'featured_image', '360_F_473721132_I9LNMCvx7Du6EdJNH91EywcNHzgtEclz', '360_F_473721132_I9LNMCvx7Du6EdJNH91EywcNHzgtEclz.jpg', 'image/jpeg', 'public', 'public', 50303, '[]', '[]', '[]', '[]', 1, '2026-06-28 05:31:26', '2026-06-28 05:31:26'),
(56, 'Modules\\ECommerce\\Models\\EcProduct', 4, '7aa61ee0-889b-4fd9-b182-848a8c086cc9', 'gallery', '3', '3.png', 'image/png', 'public', 'public', 7235, '[]', '[]', '[]', '[]', 2, '2026-06-29 03:58:16', '2026-06-29 03:58:16'),
(61, 'Modules\\ECommerce\\Models\\EcProduct', 5, 'bb585a07-1321-434a-b1c2-e4592e1087a0', 'featured_image', 'product,ecommerce', 'product,ecommerce.jpeg', 'image/jpeg', 'public', 'public', 35526, '[]', '[]', '[]', '[]', 1, '2026-07-06 00:03:25', '2026-07-06 00:03:25'),
(58, 'Modules\\ECommerce\\Models\\EcProduct', 4, '16798ffc-303b-45e3-a4f2-bbbd106c49da', 'gallery', 'real4', 'real4.jpg', 'image/jpeg', 'public', 'public', 11236, '[]', '[]', '[]', '[]', 4, '2026-06-29 03:58:38', '2026-06-29 03:58:38'),
(59, 'Modules\\ECommerce\\Models\\EcProduct', 4, '29492a04-f8ee-4693-a008-d7709b5bc65e', 'gallery', 'Resize1-3', 'Resize1-3.jpg', 'image/jpeg', 'public', 'public', 695749, '[]', '[]', '[]', '[]', 5, '2026-06-29 03:58:38', '2026-06-29 03:58:38'),
(60, 'Modules\\ECommerce\\Models\\EcProduct', 4, 'bbb15320-7ab2-4264-a48b-d4b5f43708c0', 'gallery', 'rutina-de-gym-ejercicios-de-cardio', 'rutina-de-gym-ejercicios-de-cardio.webp', 'image/webp', 'public', 'public', 60642, '[]', '[]', '[]', '[]', 6, '2026-06-29 03:58:38', '2026-06-29 03:58:38'),
(62, 'Modules\\ECommerce\\Models\\EcProduct', 6, '78de08d0-7818-452a-ab9e-59063593d909', 'featured_image', 'product,ecommerce', 'product,ecommerce.jpeg', 'image/jpeg', 'public', 'public', 39258, '[]', '[]', '[]', '[]', 1, '2026-07-06 00:03:27', '2026-07-06 00:03:27'),
(63, 'Modules\\ECommerce\\Models\\EcProduct', 7, '2731acee-ac92-4404-9b1b-5d203e9f64d4', 'featured_image', 'product,ecommerce', 'product,ecommerce.jpeg', 'image/jpeg', 'public', 'public', 27484, '[]', '[]', '[]', '[]', 1, '2026-07-06 00:03:28', '2026-07-06 00:03:28'),
(64, 'Modules\\ECommerce\\Models\\EcProduct', 8, 'cbe4f7ec-e25e-4971-9e96-7da6ba9eb59f', 'featured_image', 'product,ecommerce', 'product,ecommerce.jpeg', 'image/jpeg', 'public', 'public', 34489, '[]', '[]', '[]', '[]', 1, '2026-07-06 00:03:30', '2026-07-06 00:03:30'),
(65, 'Modules\\ECommerce\\Models\\EcProduct', 9, '8fb250d5-21b1-47d8-b77b-dc5f31e51905', 'featured_image', 'product,ecommerce', 'product,ecommerce.jpeg', 'image/jpeg', 'public', 'public', 36194, '[]', '[]', '[]', '[]', 1, '2026-07-06 00:03:32', '2026-07-06 00:03:32'),
(66, 'Modules\\ECommerce\\Models\\EcProduct', 10, 'e0a7dfbd-9d88-4c1d-a78b-b12aeddde202', 'featured_image', 'product,ecommerce', 'product,ecommerce.jpeg', 'image/jpeg', 'public', 'public', 47799, '[]', '[]', '[]', '[]', 1, '2026-07-06 00:03:34', '2026-07-06 00:03:34'),
(67, 'Modules\\ECommerce\\Models\\EcProduct', 11, '6088816e-9500-49e0-ab4d-0f75c87b77de', 'featured_image', 'product,ecommerce', 'product,ecommerce.jpeg', 'image/jpeg', 'public', 'public', 44255, '[]', '[]', '[]', '[]', 1, '2026-07-06 00:03:36', '2026-07-06 00:03:36'),
(68, 'Modules\\ECommerce\\Models\\EcProduct', 12, 'fc912103-36ad-442c-ab27-942721b88a5d', 'featured_image', 'product,ecommerce', 'product,ecommerce.jpeg', 'image/jpeg', 'public', 'public', 27632, '[]', '[]', '[]', '[]', 1, '2026-07-06 00:03:38', '2026-07-06 00:03:38'),
(69, 'Modules\\ECommerce\\Models\\EcProduct', 13, '3b8a31e7-75a0-46b0-97f6-efb431b94a92', 'featured_image', 'product,ecommerce', 'product,ecommerce.jpeg', 'image/jpeg', 'public', 'public', 41346, '[]', '[]', '[]', '[]', 1, '2026-07-06 00:03:40', '2026-07-06 00:03:40'),
(70, 'Modules\\ECommerce\\Models\\EcProduct', 14, 'b8e41be7-dca3-4f95-ac98-a66514a28354', 'featured_image', 'product,ecommerce', 'product,ecommerce.jpeg', 'image/jpeg', 'public', 'public', 27484, '[]', '[]', '[]', '[]', 1, '2026-07-06 00:03:41', '2026-07-06 00:03:41'),
(71, 'Modules\\ECommerce\\Models\\EcProduct', 15, 'c22c98ba-ef67-41f5-bdf4-0d0c4c12ffe8', 'featured_image', 'product,ecommerce', 'product,ecommerce.jpeg', 'image/jpeg', 'public', 'public', 41846, '[]', '[]', '[]', '[]', 1, '2026-07-06 00:03:43', '2026-07-06 00:03:43'),
(72, 'Modules\\ECommerce\\Models\\EcProduct', 16, '70e3671c-7056-4077-8564-95a2ecb29a2f', 'featured_image', 'product,ecommerce', 'product,ecommerce.jpeg', 'image/jpeg', 'public', 'public', 27296, '[]', '[]', '[]', '[]', 1, '2026-07-06 00:03:45', '2026-07-06 00:03:45'),
(73, 'Modules\\ECommerce\\Models\\EcProduct', 17, 'c97e0288-9d38-4a84-8ff8-d93cfd46bf60', 'featured_image', 'product,ecommerce', 'product,ecommerce.jpeg', 'image/jpeg', 'public', 'public', 30516, '[]', '[]', '[]', '[]', 1, '2026-07-06 00:03:46', '2026-07-06 00:03:46'),
(74, 'Modules\\ECommerce\\Models\\EcProduct', 18, '4a43da8f-6552-4804-97c4-a134d18be91a', 'featured_image', 'product,ecommerce', 'product,ecommerce.jpeg', 'image/jpeg', 'public', 'public', 51513, '[]', '[]', '[]', '[]', 1, '2026-07-06 00:03:48', '2026-07-06 00:03:48'),
(75, 'Modules\\ECommerce\\Models\\EcProduct', 19, 'f4743055-f379-41f1-91f8-40eb874ca04a', 'featured_image', 'product,ecommerce', 'product,ecommerce.jpeg', 'image/jpeg', 'public', 'public', 33020, '[]', '[]', '[]', '[]', 1, '2026-07-06 00:03:49', '2026-07-06 00:03:49'),
(76, 'Modules\\ECommerce\\Models\\EcProduct', 20, 'a444e480-4738-400c-9972-b98f6e35a58e', 'featured_image', 'product,ecommerce', 'product,ecommerce.jpeg', 'image/jpeg', 'public', 'public', 24816, '[]', '[]', '[]', '[]', 1, '2026-07-06 00:03:51', '2026-07-06 00:03:51'),
(77, 'Modules\\ECommerce\\Models\\EcProduct', 21, '70be376d-d2a1-4f4c-ab54-f2386b372525', 'featured_image', 'product,ecommerce', 'product,ecommerce.jpeg', 'image/jpeg', 'public', 'public', 33243, '[]', '[]', '[]', '[]', 1, '2026-07-06 00:03:52', '2026-07-06 00:03:52'),
(78, 'Modules\\ECommerce\\Models\\EcProduct', 22, '69b4fa74-cf97-416e-8a3b-e8881af6e629', 'featured_image', 'product,ecommerce', 'product,ecommerce.jpeg', 'image/jpeg', 'public', 'public', 25471, '[]', '[]', '[]', '[]', 1, '2026-07-06 00:03:54', '2026-07-06 00:03:54'),
(79, 'Modules\\ECommerce\\Models\\EcProduct', 23, '874147ee-cef7-444b-b0c3-45bb56071f5b', 'featured_image', 'product,ecommerce', 'product,ecommerce.jpeg', 'image/jpeg', 'public', 'public', 31086, '[]', '[]', '[]', '[]', 1, '2026-07-06 00:03:56', '2026-07-06 00:03:56'),
(80, 'Modules\\ECommerce\\Models\\EcProduct', 24, '0d2367de-ad52-4196-8bb0-31980871b6f9', 'featured_image', 'product,ecommerce', 'product,ecommerce.jpeg', 'image/jpeg', 'public', 'public', 51513, '[]', '[]', '[]', '[]', 1, '2026-07-06 00:03:58', '2026-07-06 00:03:58'),
(81, 'Modules\\ECommerce\\Models\\EcProduct', 25, '16617177-5bf6-413f-9a2c-72cecf5d14fa', 'featured_image', 'product,ecommerce', 'product,ecommerce.jpeg', 'image/jpeg', 'public', 'public', 40251, '[]', '[]', '[]', '[]', 1, '2026-07-06 00:03:59', '2026-07-06 00:03:59'),
(82, 'Modules\\ECommerce\\Models\\EcProduct', 26, '7ceadb77-2c38-4872-b06f-e9493c243fee', 'featured_image', 'product,ecommerce', 'product,ecommerce.jpeg', 'image/jpeg', 'public', 'public', 22033, '[]', '[]', '[]', '[]', 1, '2026-07-06 00:04:01', '2026-07-06 00:04:01'),
(83, 'Modules\\ECommerce\\Models\\EcProduct', 27, '4bfe2350-ef1e-4e83-88d1-78453a2c43a8', 'featured_image', 'product,ecommerce', 'product,ecommerce.jpeg', 'image/jpeg', 'public', 'public', 37587, '[]', '[]', '[]', '[]', 1, '2026-07-06 00:04:03', '2026-07-06 00:04:03'),
(84, 'Modules\\ECommerce\\Models\\EcProduct', 28, '11bd99f2-6e89-4bc8-83fd-dd9158a96e12', 'featured_image', 'product,ecommerce', 'product,ecommerce.jpeg', 'image/jpeg', 'public', 'public', 33693, '[]', '[]', '[]', '[]', 1, '2026-07-06 00:04:04', '2026-07-06 00:04:04'),
(85, 'Modules\\ECommerce\\Models\\EcProduct', 29, 'e7b701a5-32e8-4a0f-bc81-6cde4149b5bb', 'featured_image', 'product,ecommerce', 'product,ecommerce.jpeg', 'image/jpeg', 'public', 'public', 20128, '[]', '[]', '[]', '[]', 1, '2026-07-06 00:04:06', '2026-07-06 00:04:06'),
(86, 'Modules\\ECommerce\\Models\\EcProduct', 30, 'd1c6222f-895f-470f-a4e7-a1859106e8e1', 'featured_image', 'product,ecommerce', 'product,ecommerce.jpeg', 'image/jpeg', 'public', 'public', 45448, '[]', '[]', '[]', '[]', 1, '2026-07-06 00:04:07', '2026-07-06 00:04:07'),
(87, 'Modules\\ECommerce\\Models\\EcProduct', 31, 'f22fa2e4-346a-4634-9fb4-00f7c673b404', 'featured_image', 'product,ecommerce', 'product,ecommerce.jpeg', 'image/jpeg', 'public', 'public', 31747, '[]', '[]', '[]', '[]', 1, '2026-07-06 00:04:09', '2026-07-06 00:04:09'),
(88, 'Modules\\ECommerce\\Models\\EcProduct', 32, '894f1aaa-a745-4773-8dde-fb413d0112ac', 'featured_image', 'product,ecommerce', 'product,ecommerce.jpeg', 'image/jpeg', 'public', 'public', 25933, '[]', '[]', '[]', '[]', 1, '2026-07-06 00:04:11', '2026-07-06 00:04:11'),
(89, 'Modules\\ECommerce\\Models\\EcProduct', 33, 'a8209275-994a-459e-a347-39ad31c478e7', 'featured_image', 'product,ecommerce', 'product,ecommerce.jpeg', 'image/jpeg', 'public', 'public', 37198, '[]', '[]', '[]', '[]', 1, '2026-07-06 00:04:13', '2026-07-06 00:04:13'),
(90, 'Modules\\ECommerce\\Models\\EcProduct', 34, 'cdc4c51c-b077-47b3-8485-ca5964f78702', 'featured_image', 'product,ecommerce', 'product,ecommerce.jpeg', 'image/jpeg', 'public', 'public', 40514, '[]', '[]', '[]', '[]', 1, '2026-07-06 00:04:14', '2026-07-06 00:04:14'),
(91, 'Modules\\ECommerce\\Models\\EcProduct', 35, 'a4a95c92-07cb-4940-aac8-d06109a65753', 'featured_image', 'product,ecommerce', 'product,ecommerce.jpeg', 'image/jpeg', 'public', 'public', 40251, '[]', '[]', '[]', '[]', 1, '2026-07-06 00:04:16', '2026-07-06 00:04:16'),
(92, 'Modules\\ECommerce\\Models\\EcProduct', 36, '37bce911-565f-4119-86cd-8de82a4923b7', 'featured_image', 'product,ecommerce', 'product,ecommerce.jpeg', 'image/jpeg', 'public', 'public', 34155, '[]', '[]', '[]', '[]', 1, '2026-07-06 00:04:18', '2026-07-06 00:04:18'),
(93, 'Modules\\ECommerce\\Models\\EcProduct', 37, '5e210796-da6d-40a6-8889-0357fc06c331', 'featured_image', 'product,ecommerce', 'product,ecommerce.jpeg', 'image/jpeg', 'public', 'public', 38967, '[]', '[]', '[]', '[]', 1, '2026-07-06 00:04:19', '2026-07-06 00:04:19'),
(94, 'Modules\\ECommerce\\Models\\EcProduct', 38, '6a9bd4af-ebc4-4340-9a5c-becf07816a4c', 'featured_image', 'product,ecommerce', 'product,ecommerce.jpeg', 'image/jpeg', 'public', 'public', 29040, '[]', '[]', '[]', '[]', 1, '2026-07-06 00:04:21', '2026-07-06 00:04:21'),
(95, 'Modules\\ECommerce\\Models\\EcProduct', 39, '776084bd-bc22-43e4-a198-d7e68640059c', 'featured_image', 'product,ecommerce', 'product,ecommerce.jpeg', 'image/jpeg', 'public', 'public', 22046, '[]', '[]', '[]', '[]', 1, '2026-07-06 00:04:23', '2026-07-06 00:04:23'),
(96, 'Modules\\ECommerce\\Models\\EcProduct', 40, 'fba1d4ff-3f71-4ad3-bcc4-6f48e06284c5', 'featured_image', '4', '4.jpg', 'image/jpeg', 'public', 'public', 5520, '[]', '[]', '[]', '[]', 1, '2026-07-14 01:46:10', '2026-07-14 01:46:10'),
(97, 'App\\Models\\Provider', 21, 'd385ba10-eb4d-44b4-bafd-762223f8408a', 'avatar', 'classifiee', 'classifiee.jpg', 'image/jpeg', 'public', 'public', 42466, '[]', '[]', '[]', '[]', 1, '2026-08-06 04:49:34', '2026-08-06 04:49:34'),
(98, 'Modules\\Classified\\Models\\Listing', 18, '9268ad6d-285d-497e-a3a1-7e58477a3466', 'listing_images', 'mob1', 'mob1.jpg', 'image/jpeg', 'public', 'public', 15114, '[]', '[]', '[]', '[]', 1, '2026-08-06 06:44:27', '2026-08-06 06:44:27'),
(99, 'Modules\\Classified\\Models\\Listing', 18, 'f5d7e544-bd59-407d-a776-db764c5ce745', 'listing_images', 'mob3', 'mob3.jpg', 'image/jpeg', 'public', 'public', 5787, '[]', '[]', '[]', '[]', 2, '2026-08-06 06:44:27', '2026-08-06 06:44:27'),
(100, 'Modules\\Classified\\Models\\Listing', 18, 'f65d5a57-18fb-4b48-8ce9-b74060032e62', 'listing_images', 'mobile', 'mobile.jpg', 'image/jpeg', 'public', 'public', 19306, '[]', '[]', '[]', '[]', 3, '2026-08-06 06:44:27', '2026-08-06 06:44:27'),
(101, 'Modules\\Classified\\Models\\Listing', 19, 'f84bf255-179f-4a80-a05c-271a30c51ee6', 'listing_images', 'fit stats', 'fit-stats.jpg', 'image/jpeg', 'public', 'public', 943426, '[]', '[]', '[]', '[]', 1, '2026-08-07 02:37:14', '2026-08-07 02:37:14'),
(102, 'App\\Models\\Provider', 22, '01d0bf6e-a4ec-4e76-b6fc-465b0e77f2a8', 'avatar', 'Resize1-3', 'Resize1-3.jpg', 'image/jpeg', 'public', 'public', 695749, '[]', '[]', '[]', '[]', 1, '2026-08-13 07:19:45', '2026-08-13 07:19:45'),
(111, 'Modules\\RealEstate\\Models\\Property', 7, '7f26c88b-566e-4505-bb12-22725e9a6cf9', 'featured_image', '9c20ae659c5ef55982cbff0805e62955e5c48fb8-1-large', '9c20ae659c5ef55982cbff0805e62955e5c48fb8-1-large.webp', 'image/webp', 'public', 'public', 66006, '[]', '[]', '[]', '[]', 5, '2026-08-13 08:37:02', '2026-08-13 08:37:02'),
(104, 'Modules\\RealEstate\\Models\\Property', 7, 'e0e2e152-e6b3-47dc-9510-e3e273d896f7', 'gallery', 'real3', 'real3.jpg', 'image/jpeg', 'public', 'public', 10365, '[]', '[]', '[]', '[]', 2, '2026-08-13 08:24:05', '2026-08-13 08:24:05'),
(105, 'Modules\\RealEstate\\Models\\Property', 7, 'a5836f3e-6de4-45d1-823e-4e1b09af26c3', 'gallery', 'real4', 'real4.jpg', 'image/jpeg', 'public', 'public', 11236, '[]', '[]', '[]', '[]', 3, '2026-08-13 08:24:05', '2026-08-13 08:24:05'),
(112, 'App\\Models\\Provider', 23, '5da1ab4c-df5e-47b9-9e84-72fec259a663', 'avatar', '9c20ae659c5ef55982cbff0805e62955e5c48fb8-1-large', '9c20ae659c5ef55982cbff0805e62955e5c48fb8-1-large.webp', 'image/webp', 'public', 'public', 66006, '[]', '[]', '[]', '[]', 1, '2026-08-14 06:57:44', '2026-08-14 06:57:44'),
(107, 'Modules\\RealEstate\\Models\\Property', 8, '4366edb9-a00f-4437-8bc4-60a7f6652edc', 'featured_image', '360_F_473721132_I9LNMCvx7Du6EdJNH91EywcNHzgtEclz', '360_F_473721132_I9LNMCvx7Du6EdJNH91EywcNHzgtEclz.jpg', 'image/jpeg', 'public', 'public', 50303, '[]', '[]', '[]', '[]', 1, '2026-08-13 08:35:22', '2026-08-13 08:35:22'),
(108, 'Modules\\RealEstate\\Models\\Property', 8, '203f8438-04f2-4e81-90ca-c6208439adcc', 'gallery', '9c20ae659c5ef55982cbff0805e62955e5c48fb8-1-large', '9c20ae659c5ef55982cbff0805e62955e5c48fb8-1-large.webp', 'image/webp', 'public', 'public', 66006, '[]', '[]', '[]', '[]', 2, '2026-08-13 08:35:22', '2026-08-13 08:35:22'),
(109, 'Modules\\RealEstate\\Models\\Property', 8, 'e6f1de03-f2ad-46b1-99e3-e9518a8b2a12', 'gallery', '9c20ae659c5ef55982cbff0805e62955e5c48fb8-1-large', '9c20ae659c5ef55982cbff0805e62955e5c48fb8-1-large.webp', 'image/webp', 'public', 'public', 66006, '[]', '[]', '[]', '[]', 3, '2026-08-13 08:36:03', '2026-08-13 08:36:03'),
(110, 'Modules\\RealEstate\\Models\\Property', 8, '8892a754-89dd-4180-952c-94348a807bf0', 'gallery', '360_F_473721132_I9LNMCvx7Du6EdJNH91EywcNHzgtEclz', '360_F_473721132_I9LNMCvx7Du6EdJNH91EywcNHzgtEclz.jpg', 'image/jpeg', 'public', 'public', 50303, '[]', '[]', '[]', '[]', 4, '2026-08-13 08:36:03', '2026-08-13 08:36:03'),
(116, 'Modules\\Classified\\Models\\Listing', 20, '422a35d2-183a-4b8d-8004-f9c6af7d34a9', 'listing_images', '3', '3.png', 'image/png', 'public', 'public', 7235, '[]', '[]', '[]', '[]', 1, '2026-08-14 07:48:47', '2026-08-14 07:48:47'),
(117, 'App\\Models\\Provider', 25, '69d22bcb-fff7-4172-83a7-46d7433c101c', 'avatar', '4', '4.jpg', 'image/jpeg', 'public', 'public', 5520, '[]', '[]', '[]', '[]', 1, '2026-08-14 13:02:36', '2026-08-14 13:02:36'),
(115, 'Modules\\RealEstate\\Models\\Property', 10, '82d7a46e-72ed-4da9-91bc-f16afc17bddc', 'featured_image', 'classifiee', 'classifiee.jpg', 'image/jpeg', 'public', 'public', 42466, '[]', '[]', '[]', '[]', 1, '2026-08-14 07:10:25', '2026-08-14 07:10:25'),
(118, 'Modules\\HomeServices\\Models\\HsService', 6, '21514e2b-dba4-4aa7-a04f-557ab762834b', 'service_images', 'real1', 'real1.jpg', 'image/jpeg', 'public', 'public', 7507, '[]', '[]', '[]', '[]', 1, '2026-08-14 13:17:50', '2026-08-14 13:17:50'),
(119, 'App\\Models\\Provider', 26, 'ee7a725e-a153-4d86-9dfc-8fbe8c95829d', 'avatar', '3', '3.png', 'image/png', 'public', 'public', 7235, '[]', '[]', '[]', '[]', 1, '2026-08-17 07:24:06', '2026-08-17 07:24:06'),
(120, 'App\\Models\\Provider', 27, '828f5a83-143c-4905-9f8f-86de78b690ac', 'avatar', '4', '4.jpg', 'image/jpeg', 'public', 'public', 5520, '[]', '[]', '[]', '[]', 1, '2026-08-17 12:40:49', '2026-08-17 12:40:49'),
(121, 'App\\Models\\Provider', 27, '2c7c1381-aec1-4980-b842-b61578a6b710', 'cover', 'ec92403c9574dbe50ff0a3e7519cbf73', 'ec92403c9574dbe50ff0a3e7519cbf73.jpg', 'image/jpeg', 'public', 'public', 40905, '[]', '[]', '[]', '[]', 2, '2026-08-17 12:42:13', '2026-08-17 12:42:13'),
(122, 'App\\Models\\Provider', 28, '604498ef-ac52-466d-9800-239ac8bdf7e3', 'gallery', 'download', 'download.jpg', 'image/jpeg', 'public', 'public', 4347, '[]', '[]', '[]', '[]', 1, '2026-08-18 06:35:49', '2026-08-18 06:35:49'),
(123, 'App\\Models\\Provider', 28, 'a5ef5ecc-c17b-4713-bc1f-d68bb665834e', 'gallery', 'fit stats', 'fit-stats.jpg', 'image/jpeg', 'public', 'public', 943426, '[]', '[]', '[]', '[]', 2, '2026-08-18 06:35:49', '2026-08-18 06:35:49'),
(124, 'App\\Models\\Provider', 28, 'b5d000d9-9cfb-4129-9504-e700805f5c02', 'gallery', 'istockphoto-1493959975-612x612', 'istockphoto-1493959975-612x612.jpg', 'image/jpeg', 'public', 'public', 35037, '[]', '[]', '[]', '[]', 3, '2026-08-18 06:35:49', '2026-08-18 06:35:49'),
(125, 'App\\Models\\Provider', 28, '08f03806-7b45-4732-b891-71f2a064328c', 'avatar', 'download', 'download.jpg', 'image/jpeg', 'public', 'public', 4347, '[]', '[]', '[]', '[]', 4, '2026-08-18 07:18:36', '2026-08-18 07:18:36'),
(126, 'App\\Models\\Provider', 29, 'cc81a69e-fa79-4667-a4bf-e48c67dff4d5', 'avatar', 'classifiee', 'classifiee.jpg', 'image/jpeg', 'public', 'public', 42466, '[]', '[]', '[]', '[]', 1, '2026-08-18 11:52:11', '2026-08-18 11:52:11'),
(127, 'App\\Models\\Provider', 29, '247a87fc-3f85-4722-8a33-531031629b12', 'cover', 'ec92403c9574dbe50ff0a3e7519cbf73', 'ec92403c9574dbe50ff0a3e7519cbf73.jpg', 'image/jpeg', 'public', 'public', 40905, '[]', '[]', '[]', '[]', 2, '2026-08-18 11:54:19', '2026-08-18 11:54:19'),
(128, 'App\\Models\\Provider', 30, '402e1650-0f07-42d4-9ba9-c9d27a2a3f92', 'avatar', 'images', 'images.jpg', 'image/jpeg', 'public', 'public', 5890, '[]', '[]', '[]', '[]', 1, '2026-08-20 07:21:57', '2026-08-20 07:21:57'),
(129, 'App\\Models\\Provider', 30, 'd9c63470-e4f3-49a1-8ff9-e67ce4321dc6', 'cover', 'ec92403c9574dbe50ff0a3e7519cbf73', 'ec92403c9574dbe50ff0a3e7519cbf73.jpg', 'image/jpeg', 'public', 'public', 40905, '[]', '[]', '[]', '[]', 2, '2026-08-20 07:21:57', '2026-08-20 07:21:57'),
(130, 'Modules\\ECommerce\\Models\\EcProduct', 41, '51053184-7abe-4b98-aec7-03a1e80c7f06', 'featured_image', 'rutina-de-gym-ejercicios-de-cardio', 'rutina-de-gym-ejercicios-de-cardio.webp', 'image/webp', 'public', 'public', 60642, '[]', '[]', '[]', '[]', 1, '2026-08-20 07:27:47', '2026-08-20 07:27:47'),
(131, 'Modules\\RealEstate\\Models\\Property', 11, '4b0bd208-6250-4eb1-9688-1b5f82d10c05', 'featured_image', '9c20ae659c5ef55982cbff0805e62955e5c48fb8-1-large', '9c20ae659c5ef55982cbff0805e62955e5c48fb8-1-large.webp', 'image/webp', 'public', 'public', 66006, '[]', '[]', '[]', '[]', 1, '2026-08-23 07:53:42', '2026-08-23 07:53:42');

-- --------------------------------------------------------

--
-- Table structure for table `messages`
--

CREATE TABLE IF NOT EXISTS `messages` (
  `id` bigint UNSIGNED NOT NULL AUTO_INCREMENT,
  `conversation_id` bigint UNSIGNED NOT NULL,
  `sender_id` bigint UNSIGNED NOT NULL,
  `message` text COLLATE utf8mb4_unicode_ci NOT NULL,
  `offer_price` decimal(12,2) DEFAULT NULL,
  `sender_name` varchar(191) COLLATE utf8mb4_unicode_ci DEFAULT NULL,
  `sender_phone` varchar(191) COLLATE utf8mb4_unicode_ci DEFAULT NULL,
  `sender_email` varchar(191) COLLATE utf8mb4_unicode_ci DEFAULT NULL,
  `is_read` tinyint(1) NOT NULL DEFAULT '0',
  `created_at` timestamp NULL DEFAULT NULL,
  `updated_at` timestamp NULL DEFAULT NULL,
  PRIMARY KEY (`id`),
  KEY `messages_sender_id_foreign` (`sender_id`),
  KEY `messages_conversation_id_is_read_index` (`conversation_id`,`is_read`)
) ENGINE=MyISAM AUTO_INCREMENT=45 DEFAULT CHARSET=utf8mb4 COLLATE=utf8mb4_unicode_ci;

--
-- Dumping data for table `messages`
--

INSERT INTO `messages` (`id`, `conversation_id`, `sender_id`, `message`, `offer_price`, `sender_name`, `sender_phone`, `sender_email`, `is_read`, `created_at`, `updated_at`) VALUES
(1, 1, 5, 'hello make this', 200.00, 'dddddd', '9417649265', 'baljit.developer+3@gmail.com', 1, '2026-04-14 12:10:59', '2026-06-01 01:14:22'),
(2, 1, 5, 'Please check this', NULL, 'dddddd', NULL, NULL, 1, '2026-04-14 12:12:01', '2026-06-01 01:14:22'),
(3, 2, 5, 'good offer', 1500.00, 'dddddd', '9417958965', 'baljit.developer+3@gmail.com', 1, '2026-04-14 12:12:41', '2026-04-14 12:13:30'),
(4, 2, 5, 'i wan to purchase', NULL, 'dddddd', NULL, NULL, 1, '2026-04-14 12:12:57', '2026-04-14 12:13:30'),
(5, 2, 2, 'ok with contact you', NULL, 'Baljit', NULL, NULL, 1, '2026-04-14 12:14:00', '2026-06-26 03:51:50'),
(6, 3, 4, 'sedon user sf', 10.00, 'bssfsd', '9854859658', 'baljit.developer+2@gmail.com', 1, '2026-04-14 12:21:27', '2026-04-14 12:23:53'),
(7, 1, 1, 'hell', NULL, 'Super Admin', NULL, NULL, 1, '2026-06-01 01:21:53', '2026-06-26 03:51:56'),
(8, 4, 6, 'hello', NULL, 'provider1', NULL, NULL, 1, '2026-06-01 02:03:19', '2026-06-01 02:03:34'),
(9, 4, 5, 'i want this done ASAP', NULL, 'user3', NULL, NULL, 1, '2026-06-01 02:03:51', '2026-06-01 02:04:34'),
(10, 4, 6, 'ok coming', NULL, 'provider1', NULL, NULL, 1, '2026-06-01 02:05:03', '2026-06-01 02:05:20'),
(11, 5, 5, 'I am interested in this property. Please provide more details.', NULL, 'user3', NULL, NULL, 1, '2026-06-01 13:15:05', '2026-06-01 13:15:35'),
(12, 5, 6, 'ok', NULL, 'provider1', NULL, NULL, 1, '2026-06-01 13:15:42', '2026-06-01 13:15:53'),
(13, 5, 5, '💰 **Offer: ₹40,000**', NULL, 'user3', NULL, NULL, 1, '2026-06-01 13:18:28', '2026-06-01 13:18:50'),
(14, 6, 5, 'check this one', 90.00, 'user3', '+33677824359', 'baljit.developer+3@gmail.com', 1, '2026-06-06 00:01:35', '2026-06-06 00:02:40'),
(15, 6, 6, 'ok will discus', NULL, 'provider1', NULL, NULL, 1, '2026-06-06 00:03:13', '2026-06-06 00:03:18'),
(16, 7, 5, 'i want this ASAP', NULL, 'User Singh', '917458965856', 'baljit.developer+3@gmail.com', 1, '2026-06-26 04:38:20', '2026-06-26 04:38:57'),
(17, 7, 6, 'sure', NULL, 'provider1', NULL, NULL, 1, '2026-06-26 04:39:14', '2026-06-26 04:39:29'),
(18, 9, 5, 'hello', NULL, 'User Singh', NULL, NULL, 1, '2026-07-16 08:09:31', '2026-07-16 08:09:50'),
(19, 9, 6, 'yes i am', NULL, 'provider1', NULL, NULL, 1, '2026-07-16 08:09:58', '2026-07-16 08:10:04'),
(20, 25, 30, 'intersted', 15000.00, 'User 10', '+91677824359', 'baljit.developer+10@gmail.com', 1, '2026-08-07 02:39:30', '2026-08-07 02:39:51'),
(21, 25, 29, 'ok done', NULL, 'Bussiness', NULL, NULL, 1, '2026-08-07 02:40:05', '2026-08-07 02:40:11'),
(22, 25, 30, 'yes this car', NULL, 'User 10', NULL, 'baljit.developer+10@gmail.com', 1, '2026-08-07 02:47:19', '2026-08-13 08:47:58'),
(23, 26, 30, 'hello from profile', NULL, 'User 10', NULL, 'baljit.developer+10@gmail.com', 1, '2026-08-07 02:47:49', '2026-08-07 02:48:41'),
(24, 26, 30, 'hi', NULL, 'User 10', NULL, NULL, 1, '2026-08-07 02:48:16', '2026-08-07 02:48:41'),
(25, 26, 29, 'good', NULL, 'Bussiness', NULL, NULL, 1, '2026-08-07 02:48:49', '2026-08-12 11:45:32'),
(26, 27, 30, 'i m in', 140.00, 'User 10', '+33677824359', 'baljit.developer+10@gmail.com', 1, '2026-08-12 11:44:57', '2026-08-13 08:44:04'),
(27, 24, 6, 'heya', NULL, 'provider1', NULL, NULL, 0, '2026-08-12 11:57:36', '2026-08-12 11:57:36'),
(28, 28, 27, '💰 **Offer: ₹1,500**', NULL, 'John Doe', NULL, NULL, 1, '2026-08-13 08:41:11', '2026-08-13 08:44:10'),
(29, 28, 29, 'yes its fne', NULL, 'Bussiness', NULL, NULL, 1, '2026-08-13 08:44:37', '2026-08-13 08:48:19'),
(30, 28, 29, 'ii need more detal', NULL, 'Bussiness', NULL, NULL, 1, '2026-08-13 08:51:40', '2026-08-13 08:51:53'),
(31, 28, 27, 'I am interested in this property. Please provide more details.', NULL, 'John Doe', NULL, NULL, 1, '2026-08-13 08:52:30', '2026-08-13 08:55:11'),
(32, 28, 27, 'ssssss', NULL, 'John Doe', NULL, NULL, 1, '2026-08-13 08:53:22', '2026-08-13 08:55:11'),
(33, 28, 27, '💰 **Offer: ₹1,200**', 1200.00, 'John Doe', '+91 9876543210', 'baljit.developer+20@gmail.com', 1, '2026-08-13 08:55:55', '2026-08-13 08:56:09'),
(34, 29, 27, 'ssss', 100.00, 'John Doe', '+91 9876543210', 'baljit.developer+20@gmail.com', 1, '2026-08-13 08:57:45', '2026-08-13 08:58:09'),
(35, 29, 29, 'good', NULL, 'Bussiness', NULL, NULL, 1, '2026-08-13 08:58:17', '2026-08-13 08:58:21'),
(36, 30, 27, 'Hello Good one', NULL, 'John Doe', NULL, NULL, 1, '2026-08-14 13:20:51', '2026-08-14 13:21:08'),
(37, 30, 33, 'thanks', NULL, 'provider', NULL, NULL, 1, '2026-08-14 13:21:28', '2026-08-14 13:21:38'),
(38, 31, 27, 'hello i wan to quers ksjds', NULL, 'John Doe', '+91 9876543210', 'baljit.developer+20@gmail.com', 0, '2026-08-18 07:02:17', '2026-08-18 07:02:17'),
(39, 31, 27, 'heloo', NULL, 'John Doe', NULL, NULL, 0, '2026-08-18 07:03:07', '2026-08-18 07:03:07'),
(40, 32, 27, 'want to discsfsf', NULL, 'John Doe', '+91 9876543210', 'baljit.developer+20@gmail.com', 1, '2026-08-18 07:03:55', '2026-08-18 07:04:05'),
(41, 32, 33, 'yes please diss', NULL, 'provider', NULL, NULL, 1, '2026-08-18 07:05:33', '2026-08-18 07:05:44'),
(42, 32, 27, 'kdsjfklsdj fsj ksdjfoksj okfjs oidsoifj asiuhf aoi[sfpiuosaf piousf kdsjfklsdj fsj ksdjfoksj okfjs oidsoifj asiuhf aoi[sfpiuosaf piousf kdsjfklsdj fsj ksdjfoksj okfjs oidsoifj asiuhf aoi[sfpiuosaf piousf', NULL, 'John Doe', NULL, NULL, 1, '2026-08-18 07:06:10', '2026-08-18 07:06:20'),
(43, 32, 33, 'ok', NULL, 'provider', NULL, NULL, 1, '2026-08-18 07:06:26', '2026-08-18 07:06:30'),
(44, 33, 27, 'godd', NULL, 'John', '+91 9876543210', 'baljit.developer+20@gmail.com', 0, '2026-08-19 04:00:47', '2026-08-19 04:00:47');

-- --------------------------------------------------------

--
-- Table structure for table `migrations`
--

CREATE TABLE IF NOT EXISTS `migrations` (
  `id` int UNSIGNED NOT NULL AUTO_INCREMENT,
  `migration` varchar(191) COLLATE utf8mb4_unicode_ci NOT NULL,
  `batch` int NOT NULL,
  PRIMARY KEY (`id`)
) ENGINE=MyISAM AUTO_INCREMENT=174 DEFAULT CHARSET=utf8mb4 COLLATE=utf8mb4_unicode_ci;

--
-- Dumping data for table `migrations`
--

INSERT INTO `migrations` (`id`, `migration`, `batch`) VALUES
(1, '0001_01_01_000000_create_users_table', 1),
(2, '0001_01_01_000001_create_cache_table', 1),
(3, '0001_01_01_000002_create_jobs_table', 1),
(4, '2026_03_31_172932_create_permission_tables', 1),
(5, '2026_03_31_172932_create_personal_access_tokens_table', 1),
(6, '2026_04_01_105925_create_media_table', 1),
(7, '2026_04_01_105926_create_activity_log_table', 1),
(8, '2026_04_01_171402_create_providers_table', 1),
(9, '2026_04_01_171403_create_provider_rating_summaries_table', 1),
(10, '2026_04_01_171403_create_reviews_table', 1),
(11, '2026_04_01_171404_create_settings_table', 1),
(12, '2026_04_01_171405_create_module_settings_table', 1),
(13, '2026_04_01_171406_create_commissions_table', 1),
(14, '2026_04_01_171406_create_provider_payouts_table', 1),
(15, '2026_04_01_171407_create_payments_table', 1),
(16, '2026_04_01_171408_create_payment_configs_table', 1),
(17, '2026_04_01_171409_create_sms_configs_table', 1),
(18, '2026_04_01_171409_create_storage_configs_table', 1),
(19, '2026_04_01_171410_create_email_configs_table', 1),
(24, '2026_04_02_193216_create_categories_table', 2),
(25, '2026_04_02_193217_create_favourites_table', 2),
(26, '2026_04_02_193217_create_listings_table', 2),
(27, '2026_04_02_193218_create_reports_table', 2),
(28, '2026_04_07_133605_create_currencies_table', 3),
(29, '2026_04_08_182704_add_phone_to_classified_listings_table', 4),
(30, '2026_04_09_105342_add_latitude_and_longitude_to_classified_listings_table', 5),
(31, '2026_04_09_112441_modify_classified_reports_to_support_user_reports', 6),
(32, '2026_04_09_114143_add_otp_fields_to_users_table', 7),
(33, '2026_04_13_134006_create_favorite_sellers_table', 8),
(34, '2026_04_14_190000_create_conversations_table', 9),
(35, '2026_04_14_190001_create_messages_table', 9),
(36, '2026_04_27_000001_add_module_to_classified_categories_table', 10),
(37, '2026_04_27_000001_create_hs_providers_table', 11),
(38, '2026_04_27_000002_create_hs_services_table', 11),
(39, '2026_04_27_000003_create_hs_bookings_table', 11),
(40, '2026_04_27_000004_create_hs_availability_tables', 12),
(41, '2026_04_27_100000_expand_providers_table', 13),
(42, '2026_04_14_180000_create_offers_table', 14),
(43, '2026_04_28_000001_add_status_to_hs_providers_table', 14),
(44, '2026_04_28_100000_replace_modules_json_with_module_id_on_providers', 15),
(45, '2026_04_28_200000_make_providers_multi_module', 16),
(46, '2026_05_02_070832_add_status_and_provider_usage_to_classified_categories_table', 17),
(47, '2026_05_02_075427_add_module_to_classified_listings_table', 18),
(48, '2026_05_07_000001_add_slot_duration_to_hs_providers', 19),
(49, '2026_05_14_064106_create_provider_staff_table', 20),
(50, '2026_05_14_064110_add_staff_assignment_to_hs_bookings_table', 20),
(51, '2026_05_14_123718_recreate_payments_table', 21),
(52, '2026_05_16_111849_add_payment_fields_to_hs_bookings_table', 22),
(53, '2026_05_28_000001_create_provider_wallets_table', 23),
(54, '2026_05_28_000002_create_provider_wallet_transactions_table', 23),
(55, '2026_05_28_000003_expand_provider_payouts_table', 23),
(56, '2026_06_01_000001_create_re_properties_table', 24),
(57, '2026_06_01_000002_create_re_favorites_table', 24),
(58, '2026_06_02_113314_add_currency_code_to_providers_table', 25),
(59, '2026_06_02_113315_add_currency_columns_to_re_properties_table', 25),
(60, '2026_06_02_113316_add_currency_columns_to_listings_table', 26),
(61, '2026_06_02_113317_add_currency_columns_to_hs_services_table', 26),
(62, '2026_06_02_113749_add_currency_code_to_hs_providers_table', 27),
(63, '2026_06_03_000001_add_currency_code_to_users_table', 28),
(64, '2026_06_03_071820_add_exchange_rate_to_priced_tables', 29),
(65, '2026_06_03_101253_add_hs_fields_to_providers_table', 30),
(66, '2026_06_04_054010_rename_hs_availability_to_provider_availabilities', 31),
(67, '2026_06_04_061743_create_re_visits_table', 32),
(68, '2026_06_04_063432_add_customer_phone_to_re_visits_table', 33),
(69, '2026_06_04_075048_create_promotion_plans_table', 34),
(70, '2026_06_04_075048_create_re_property_promotions_table', 34),
(71, '2026_06_04_105712_add_module_id_to_rating_tables', 35),
(72, '2026_06_04_160001_create_favorites_table', 36),
(73, '2026_06_04_160002_migrate_favorites_data', 36),
(74, '2026_06_04_160003_drop_old_favorites_tables', 36),
(75, '2026_06_04_170001_split_seller_favorite_types', 37),
(76, '2026_06_05_000001_create_da_specializations_table', 38),
(77, '2026_06_05_000002_create_da_doctor_profiles_table', 38),
(78, '2026_06_05_000003_create_da_clinics_table', 38),
(79, '2026_06_05_000004_create_da_appointments_table', 38),
(80, '2026_06_05_000005_create_da_doctor_promotions_table', 38),
(81, '2026_06_06_060155_create_classified_promotions_table', 39),
(82, '2026_06_06_060156_add_featured_expires_at_to_classified_listings_table', 39),
(95, '2026_06_08_000002_create_ss_salon_profiles_table', 40),
(96, '2026_06_08_000003_create_ss_services_table', 40),
(97, '2026_06_08_000004_create_ss_packages_table', 40),
(98, '2026_06_08_000004b_create_ss_package_services_table', 40),
(99, '2026_06_08_000005_create_ss_staff_table', 40),
(100, '2026_06_08_000005b_create_ss_staff_services_table', 40),
(101, '2026_06_08_000006_create_ss_appointments_table', 40),
(102, '2026_06_08_000006b_create_ss_appointment_services_table', 40),
(103, '2026_06_08_000007_create_ss_gallery_table', 40),
(104, '2026_06_08_000008_create_ss_promotions_table', 40),
(105, '2026_06_09_064907_move_ss_salon_profiles_to_providers_table', 41),
(106, '2026_06_09_081654_add_package_id_to_ss_appointments_table', 42),
(107, '2026_06_10_000001_create_ft_services_table', 43),
(108, '2026_06_10_000002_create_ft_memberships_table', 43),
(109, '2026_06_10_000003_create_ft_programs_table', 43),
(110, '2026_06_10_000004_create_ft_classes_table', 43),
(111, '2026_06_10_000005_create_ft_appointments_table', 43),
(112, '2026_06_10_000006_create_ft_class_bookings_table', 43),
(113, '2026_06_10_000007_create_ft_user_memberships_table', 43),
(114, '2026_06_10_000008_create_ft_program_enrollments_table', 43),
(115, '2026_06_11_094546_add_notes_to_ft_appointments_table', 44),
(116, '2026_06_12_114625_add_show_available_seats_to_ft_classes_table', 45),
(117, '2026_06_12_115605_add_notes_to_ft_class_bookings_table', 46),
(118, '2026_06_12_131029_add_notes_to_ft_program_enrollments_table', 47),
(119, '2026_06_12_131038_add_show_available_seats_to_ft_programs_table', 47),
(120, '2026_06_12_141118_modify_status_enum_in_ft_user_memberships', 48),
(121, '2026_06_13_103601_create_ft_promotions_table', 49),
(122, '2026_06_13_110918_add_promotion_type_to_ft_promotions_table', 50),
(123, '2026_06_18_000001_create_pd_price_tiers_table', 51),
(124, '2026_06_18_000002_create_pd_delivery_requests_table', 51),
(125, '2026_06_18_000003_create_pd_parcels_table', 51),
(126, '2026_06_18_000004_create_pd_tracking_events_table', 51),
(127, '2026_06_18_000005_create_pd_promotions_table', 51),
(128, '2026_06_18_000006_add_vehicle_fields_to_provider_staff_table', 51),
(129, '2026_06_19_101851_add_delivery_code_to_pd_parcels_table', 52),
(130, '2026_06_25_131925_add_fields_to_pd_promotions_table', 53),
(131, '2026_06_27_000001_add_ec_fields_to_providers_table', 54),
(132, '2026_06_27_000002_create_ec_products_table', 54),
(133, '2026_06_27_000003_create_ec_product_variants_table', 54),
(134, '2026_06_27_000004_create_ec_cart_items_table', 54),
(135, '2026_06_27_000005_create_ec_addresses_table', 54),
(136, '2026_06_27_000006_create_ec_shipping_methods_table', 54),
(137, '2026_06_27_000007_create_ec_orders_table', 54),
(138, '2026_06_27_000008_create_ec_order_items_table', 54),
(139, '2026_06_27_000009_create_ec_return_requests_table', 54),
(140, '2026_06_27_000010_create_ec_promotions_table', 54),
(141, '2026_07_04_131441_add_delivery_otp_to_ec_orders_table', 55),
(142, '2026_07_05_124330_add_wallet_balance_to_users_table', 56),
(143, '2026_07_05_124950_create_user_wallet_transactions_table', 57),
(144, '2026_07_05_132622_add_is_reviewed_to_ec_order_items_table', 58),
(145, '2026_07_07_171012_create_user_payouts_table', 59),
(146, '2026_07_22_000002_create_social_configs_table', 60),
(147, '2026_07_22_000003_add_name_to_settings_table', 61),
(148, '2026_07_22_000004_seed_branding_settings', 62),
(149, '2026_07_22_000005_create_pages_table', 63),
(150, '2026_07_22_000006_seed_default_cms_pages', 63),
(151, '2026_07_22_000007_seed_about_us_cms_page', 64),
(152, '2026_08_01_000001_seed_pwa_settings', 65),
(153, '2026_08_04_000001_create_extra_charges_table', 66),
(154, '2026_08_07_143000_create_common_reports_table', 67),
(155, '2026_08_14_000001_modify_status_column_on_item_tables', 68),
(156, '2026_08_18_190000_add_client_details_to_fitness_tables', 69),
(157, '2026_08_19_111136_add_draft_to_hs_bookings_status', 70),
(158, '2026_08_19_112233_AddDraftToDaAppointmentsStatus', 71),
(159, '2026_08_19_114254_AddDraftToSsAppointmentsStatus', 72),
(160, '2026_08_19_114724_AddDraftToPdParcelsStatus', 72),
(161, '2026_08_19_114734_AddDraftToEcOrdersStatus', 72),
(162, '2026_08_19_114741_AddDraftToFtAppointmentsStatus', 72),
(163, '2026_08_19_114749_AddDraftToFtClassBookingsStatus', 72),
(164, '2026_08_19_114756_AddDraftToFtUserMembershipsStatus', 73),
(165, '2026_08_19_114854_AddDraftToFtProgramEnrollmentsStatus', 73),
(166, '2026_08_20_144803_add_ec_delivery_fields_to_providers_table', 74),
(167, '2026_08_21_062725_create_ec_banners_table', 75),
(168, '2026_08_21_081700_add_featured_and_deals_to_ec_products_table', 76),
(169, '2026_08_21_142000_remove_featured_fields_from_ec_products', 77),
(170, '2026_08_21_111756_add_bg_image_to_ec_banners_table', 78),
(171, '2026_08_22_193000_add_default_listing_radius_to_module_settings', 79),
(172, '2026_08_23_000001_create_hs_promotions_table', 80),
(173, '2026_08_23_233000_rename_ec_banners_to_banners_and_add_module_id', 81);

-- --------------------------------------------------------

--
-- Table structure for table `model_has_permissions`
--

CREATE TABLE IF NOT EXISTS `model_has_permissions` (
  `permission_id` bigint UNSIGNED NOT NULL,
  `model_type` varchar(191) COLLATE utf8mb4_unicode_ci NOT NULL,
  `model_id` bigint UNSIGNED NOT NULL,
  PRIMARY KEY (`permission_id`,`model_id`,`model_type`),
  KEY `model_has_permissions_model_id_model_type_index` (`model_id`,`model_type`)
) ENGINE=MyISAM DEFAULT CHARSET=utf8mb4 COLLATE=utf8mb4_unicode_ci;

-- --------------------------------------------------------

--
-- Table structure for table `model_has_roles`
--

CREATE TABLE IF NOT EXISTS `model_has_roles` (
  `role_id` bigint UNSIGNED NOT NULL,
  `model_type` varchar(191) COLLATE utf8mb4_unicode_ci NOT NULL,
  `model_id` bigint UNSIGNED NOT NULL,
  PRIMARY KEY (`role_id`,`model_id`,`model_type`),
  KEY `model_has_roles_model_id_model_type_index` (`model_id`,`model_type`)
) ENGINE=MyISAM DEFAULT CHARSET=utf8mb4 COLLATE=utf8mb4_unicode_ci;

-- --------------------------------------------------------

--
-- Table structure for table `module_settings`
--

CREATE TABLE IF NOT EXISTS `module_settings` (
  `id` bigint UNSIGNED NOT NULL AUTO_INCREMENT,
  `module_slug` varchar(191) COLLATE utf8mb4_unicode_ci NOT NULL,
  `is_enabled` tinyint(1) NOT NULL DEFAULT '1',
  `sort_order` int NOT NULL DEFAULT '0',
  `config_json` json DEFAULT NULL,
  `created_at` timestamp NULL DEFAULT NULL,
  `updated_at` timestamp NULL DEFAULT NULL,
  PRIMARY KEY (`id`),
  UNIQUE KEY `module_settings_module_slug_unique` (`module_slug`)
) ENGINE=MyISAM AUTO_INCREMENT=11 DEFAULT CHARSET=utf8mb4 COLLATE=utf8mb4_unicode_ci;

--
-- Dumping data for table `module_settings`
--

INSERT INTO `module_settings` (`id`, `module_slug`, `is_enabled`, `sort_order`, `config_json`, `created_at`, `updated_at`) VALUES
(1, 'Classified', 1, 1, '{\"icon\": \"\", \"color\": \"\", \"label\": \"Classified\", \"default_listing_radius\": \"20000\"}', '2026-04-02 13:28:14', '2026-08-23 02:42:58'),
(2, 'RealEstate', 1, 8, '{\"icon\": \"\", \"color\": \"\", \"label\": \"RealEstate\", \"default_listing_radius\": \"500\"}', '2026-04-02 13:28:14', '2026-08-22 09:32:12'),
(3, 'HomeServices', 1, 2, '{\"icon\": \"\", \"color\": \"\", \"label\": \"HomeServices\", \"default_listing_radius\": \"500\"}', '2026-04-02 13:28:14', '2026-08-23 03:30:50'),
(4, 'DoctorAppointment', 1, 3, '{\"icon\": \"\", \"color\": \"\", \"label\": \"DoctorAppointment\", \"default_listing_radius\": \"100\"}', '2026-04-02 13:28:14', '2026-08-22 09:18:20'),
(5, 'SalonSpa', 1, 4, '{\"icon\": \"\", \"color\": \"\", \"label\": \"SalonSpa\", \"default_listing_radius\": \"500\"}', '2026-04-02 13:28:14', '2026-08-22 09:28:36'),
(6, 'FitnessTrainer', 1, 5, '{\"icon\": \"\", \"color\": \"\", \"label\": \"FitnessTrainer\", \"default_listing_radius\": \"500\"}', '2026-04-02 13:28:14', '2026-08-22 09:30:10'),
(7, 'ParcelDelivery', 1, 6, '{\"icon\": \"\", \"color\": \"\", \"label\": \"ParcelDelivery\", \"default_listing_radius\": \"500\"}', '2026-04-02 13:28:14', '2026-08-22 09:30:42'),
(8, 'FoodDelivery', 0, 7, '{\"icon\": \"\", \"color\": \"\", \"label\": \"FoodDelivery\", \"default_listing_radius\": \"30\"}', '2026-04-02 13:28:14', '2026-08-22 08:29:41'),
(9, 'EventManagement', 0, 8, '{\"icon\": \"\", \"color\": \"\", \"label\": \"EventManagement\", \"default_listing_radius\": \"50\"}', '2026-04-02 13:28:14', '2026-08-22 08:29:41'),
(10, 'ECommerce', 1, 0, '{\"icon\": \"\", \"color\": \"\", \"label\": \"ECommerce\"}', '2026-06-27 06:22:42', '2026-08-23 02:44:06');

-- --------------------------------------------------------

--
-- Table structure for table `pages`
--

CREATE TABLE IF NOT EXISTS `pages` (
  `id` bigint UNSIGNED NOT NULL AUTO_INCREMENT,
  `title` varchar(191) COLLATE utf8mb4_unicode_ci NOT NULL,
  `slug` varchar(191) COLLATE utf8mb4_unicode_ci NOT NULL,
  `content` longtext COLLATE utf8mb4_unicode_ci,
  `meta_title` varchar(191) COLLATE utf8mb4_unicode_ci DEFAULT NULL,
  `meta_description` text COLLATE utf8mb4_unicode_ci,
  `is_published` tinyint(1) NOT NULL DEFAULT '1',
  `show_in_footer` tinyint(1) NOT NULL DEFAULT '1',
  `show_in_header` tinyint(1) NOT NULL DEFAULT '0',
  `sort_order` int NOT NULL DEFAULT '0',
  `created_at` timestamp NULL DEFAULT NULL,
  `updated_at` timestamp NULL DEFAULT NULL,
  PRIMARY KEY (`id`),
  UNIQUE KEY `pages_slug_unique` (`slug`)
) ENGINE=MyISAM AUTO_INCREMENT=5 DEFAULT CHARSET=utf8mb4 COLLATE=utf8mb4_unicode_ci;

--
-- Dumping data for table `pages`
--

INSERT INTO `pages` (`id`, `title`, `slug`, `content`, `meta_title`, `meta_description`, `is_published`, `show_in_footer`, `show_in_header`, `sort_order`, `created_at`, `updated_at`) VALUES
(1, 'Privacy Policy', 'privacy-policy', '<h2>Privacy Policy</h2><p>Welcome to our Privacy Policy page. Your privacy is critically important to us. This document outlines how we collect, use, and protect your personal information on our platform.</p><h3>1. Information We Collect</h3><p>We collect information you provide directly to us when creating an account, posting listings, or communicating with providers and customers.</p><h3>2. How We Use Information</h3><p>We use the information we collect to operate, maintain, and improve our services, process transactions, and communicate with you.</p><h3>3. Data Security</h3><p>We implement robust administrative, technical, and physical security measures to help protect your personal information.</p>', 'Privacy Policy - Buzzified', 'Read the official Privacy Policy for Buzzified platform and services.', 1, 1, 0, 1, '2026-07-22 06:51:41', '2026-07-22 06:51:41'),
(2, 'Terms of Service', 'terms-of-service', '<h2>Terms of Service</h2><p>By accessing or using our services, you agree to be bound by these Terms of Service. Please read them carefully.</p><h3>1. User Accounts</h3><p>You are responsible for maintaining the confidentiality of your account credentials and for all activities under your account.</p><h3>2. Platform Guidelines</h3><p>Users must comply with all local laws and our community guidelines when creating listings, offering services, or interacting with others.</p><h3>3. Limitation of Liability</h3><p>We provide our platform on an \"as is\" and \"as available\" basis without guarantees or warranties of any kind.</p>', 'Terms of Service - Buzzified', 'Read our terms of service and user agreements.', 1, 1, 0, 2, '2026-07-22 06:51:41', '2026-07-22 06:51:41'),
(4, 'About Us', 'about-us', '<h2>About Buzzified</h2><p>Buzzified is your all-in-one local marketplace and service discovery platform, connecting customers with verified local service providers, classified listings, real estate, shop products, and on-demand professional appointments.</p><h3>Our Mission</h3><p>Our mission is to empower local businesses and service professionals while providing customers with a seamless, trustworthy digital experience.</p><h3>Why Choose Us?</h3><ul><li><p>Verified local service providers &amp; vendors</p></li><li><p>Instant appointment booking &amp; secure digital payments</p></li><li><p>Unified platform for services, real estate, classifieds, and e-commerce</p></li></ul>', 'About Us - Buzzified', 'Learn about Buzzified, our mission, and how we connect local communities with trusted service providers.', 1, 1, 0, 0, '2026-07-22 06:57:46', '2026-07-22 07:10:05');

-- --------------------------------------------------------

--
-- Table structure for table `password_reset_tokens`
--

CREATE TABLE IF NOT EXISTS `password_reset_tokens` (
  `email` varchar(191) COLLATE utf8mb4_unicode_ci NOT NULL,
  `token` varchar(191) COLLATE utf8mb4_unicode_ci NOT NULL,
  `created_at` timestamp NULL DEFAULT NULL,
  PRIMARY KEY (`email`)
) ENGINE=MyISAM DEFAULT CHARSET=utf8mb4 COLLATE=utf8mb4_unicode_ci;

-- --------------------------------------------------------

--
-- Table structure for table `payments`
--

CREATE TABLE IF NOT EXISTS `payments` (
  `id` bigint UNSIGNED NOT NULL AUTO_INCREMENT,
  `user_id` bigint UNSIGNED DEFAULT NULL,
  `source_type` varchar(191) COLLATE utf8mb4_unicode_ci NOT NULL,
  `reference_id` bigint UNSIGNED NOT NULL,
  `payment_method` varchar(191) COLLATE utf8mb4_unicode_ci NOT NULL,
  `transaction_id` varchar(191) COLLATE utf8mb4_unicode_ci DEFAULT NULL,
  `amount` decimal(12,2) NOT NULL,
  `currency` varchar(191) COLLATE utf8mb4_unicode_ci NOT NULL DEFAULT 'INR',
  `payment_status` varchar(191) COLLATE utf8mb4_unicode_ci NOT NULL DEFAULT 'pending',
  `gateway_response` json DEFAULT NULL,
  `created_at` timestamp NULL DEFAULT NULL,
  `updated_at` timestamp NULL DEFAULT NULL,
  PRIMARY KEY (`id`),
  KEY `payments_user_id_foreign` (`user_id`),
  KEY `payments_source_type_reference_id_index` (`source_type`,`reference_id`)
) ENGINE=MyISAM AUTO_INCREMENT=192 DEFAULT CHARSET=utf8mb4 COLLATE=utf8mb4_unicode_ci;

--
-- Dumping data for table `payments`
--

INSERT INTO `payments` (`id`, `user_id`, `source_type`, `reference_id`, `payment_method`, `transaction_id`, `amount`, `currency`, `payment_status`, `gateway_response`, `created_at`, `updated_at`) VALUES
(2, 1, 'hs_booking', 10, 'stripe', 'cs_test_a154fnF3AG0662mfBzzuWjihVNT9fhMJXyjllLilDQBHYHrjue5pXnZl3y', 104.00, 'INR', 'pending', '{\"id\": \"cs_test_a1jY7lAYwXw1sJ6YIwGlO2TiwlYlmAouMQFgFtKYGgyFtNzcKuEA1wxFGw\", \"url\": null, \"mode\": \"payment\", \"locale\": null, \"object\": \"checkout.session\", \"status\": \"complete\", \"consent\": null, \"created\": 1778929396, \"invoice\": null, \"ui_mode\": \"hosted_page\", \"currency\": \"inr\", \"customer\": null, \"livemode\": false, \"metadata\": [], \"discounts\": [], \"cancel_url\": \"http://localhost/buzzified/public/payment/checkout?amount=104&source_type=hs_booking&reference_id=10\", \"expires_at\": 1779015796, \"custom_text\": {\"submit\": null, \"after_submit\": null, \"shipping_address\": null, \"terms_of_service_acceptance\": null}, \"permissions\": null, \"submit_type\": null, \"success_url\": \"http://localhost/buzzified/public/payment/callback?gateway=stripe&source_type=hs_booking&reference_id=10&amount=104&currency=INR&user_id=1&session_id={CHECKOUT_SESSION_ID}\", \"amount_total\": 10400, \"payment_link\": null, \"setup_intent\": null, \"subscription\": null, \"automatic_tax\": {\"status\": null, \"enabled\": false, \"provider\": null, \"liability\": null}, \"client_secret\": null, \"custom_fields\": [], \"shipping_cost\": null, \"total_details\": {\"amount_tax\": 0, \"amount_discount\": 0, \"amount_shipping\": 0}, \"customer_email\": null, \"origin_context\": null, \"payment_intent\": \"pi_3TXg0GAKWfZAkcs93ZBsZy7x\", \"payment_status\": \"paid\", \"recovered_from\": null, \"wallet_options\": null, \"amount_subtotal\": 10400, \"adaptive_pricing\": {\"enabled\": true}, \"after_expiration\": null, \"customer_account\": null, \"customer_details\": {\"name\": \"BS\", \"email\": \"baljit+test@gmail.com\", \"phone\": null, \"address\": {\"city\": null, \"line1\": null, \"line2\": null, \"state\": null, \"country\": \"IN\", \"postal_code\": null}, \"tax_ids\": [], \"tax_exempt\": \"none\", \"business_name\": null, \"individual_name\": null}, \"invoice_creation\": {\"enabled\": false, \"invoice_data\": {\"footer\": null, \"issuer\": null, \"metadata\": [], \"description\": null, \"custom_fields\": null, \"account_tax_ids\": null, \"rendering_options\": null}}, \"managed_payments\": {\"enabled\": false}, \"shipping_options\": [], \"branding_settings\": {\"icon\": null, \"logo\": null, \"font_family\": \"default\", \"border_style\": \"rounded\", \"button_color\": \"#0074d4\", \"display_name\": \"test usa\", \"background_color\": \"#ffffff\"}, \"customer_creation\": \"if_required\", \"consent_collection\": null, \"client_reference_id\": null, \"currency_conversion\": null, \"payment_method_types\": [\"card\"], \"allow_promotion_codes\": null, \"collected_information\": null, \"integration_identifier\": null, \"payment_method_options\": {\"card\": {\"request_three_d_secure\": \"automatic\"}}, \"phone_number_collection\": {\"enabled\": false}, \"payment_method_collection\": \"if_required\", \"billing_address_collection\": null, \"shipping_address_collection\": null, \"saved_payment_method_options\": null, \"payment_method_configuration_details\": null}', '2026-05-16 05:34:39', '2026-05-16 05:40:08'),
(3, 1, 'hs_booking', 13, 'stripe', 'cs_test_a1aNZ0jCWTNAVz75q87fkcRHZZ703xSmjtabSazARdDxOtKetEmw5WREAj', 200.00, 'INR', 'paid', '{\"id\": \"cs_test_a1aNZ0jCWTNAVz75q87fkcRHZZ703xSmjtabSazARdDxOtKetEmw5WREAj\", \"url\": null, \"mode\": \"payment\", \"locale\": null, \"object\": \"checkout.session\", \"status\": \"complete\", \"consent\": null, \"created\": 1778930483, \"invoice\": null, \"ui_mode\": \"hosted_page\", \"currency\": \"inr\", \"customer\": null, \"livemode\": false, \"metadata\": [], \"discounts\": [], \"cancel_url\": \"http://localhost/buzzified/public/payment/checkout?amount=200.00&source_type=hs_booking&reference_id=13&user_id=1&currency=INR\", \"expires_at\": 1779016883, \"custom_text\": {\"submit\": null, \"after_submit\": null, \"shipping_address\": null, \"terms_of_service_acceptance\": null}, \"permissions\": null, \"submit_type\": null, \"success_url\": \"http://localhost/buzzified/public/payment/callback?gateway=stripe&source_type=hs_booking&reference_id=13&amount=200.00&currency=INR&user_id=1&session_id={CHECKOUT_SESSION_ID}\", \"amount_total\": 20000, \"payment_link\": null, \"setup_intent\": null, \"subscription\": null, \"automatic_tax\": {\"status\": null, \"enabled\": false, \"provider\": null, \"liability\": null}, \"client_secret\": null, \"custom_fields\": [], \"shipping_cost\": null, \"total_details\": {\"amount_tax\": 0, \"amount_discount\": 0, \"amount_shipping\": 0}, \"customer_email\": null, \"origin_context\": null, \"payment_intent\": \"pi_3TXgHsAKWfZAkcs92RXEhbXA\", \"payment_status\": \"paid\", \"recovered_from\": null, \"wallet_options\": null, \"amount_subtotal\": 20000, \"adaptive_pricing\": {\"enabled\": true}, \"after_expiration\": null, \"customer_account\": null, \"customer_details\": {\"name\": \"bs\", \"email\": \"baljit+test@gmail.com\", \"phone\": null, \"address\": {\"city\": null, \"line1\": null, \"line2\": null, \"state\": null, \"country\": \"IN\", \"postal_code\": null}, \"tax_ids\": [], \"tax_exempt\": \"none\", \"business_name\": null, \"individual_name\": null}, \"invoice_creation\": {\"enabled\": false, \"invoice_data\": {\"footer\": null, \"issuer\": null, \"metadata\": [], \"description\": null, \"custom_fields\": null, \"account_tax_ids\": null, \"rendering_options\": null}}, \"managed_payments\": {\"enabled\": false}, \"shipping_options\": [], \"branding_settings\": {\"icon\": null, \"logo\": null, \"font_family\": \"default\", \"border_style\": \"rounded\", \"button_color\": \"#0074d4\", \"display_name\": \"test usa\", \"background_color\": \"#ffffff\"}, \"customer_creation\": \"if_required\", \"consent_collection\": null, \"client_reference_id\": null, \"currency_conversion\": null, \"payment_method_types\": [\"card\"], \"allow_promotion_codes\": null, \"collected_information\": null, \"integration_identifier\": null, \"payment_method_options\": {\"card\": {\"request_three_d_secure\": \"automatic\"}}, \"phone_number_collection\": {\"enabled\": false}, \"payment_method_collection\": \"if_required\", \"billing_address_collection\": null, \"shipping_address_collection\": null, \"saved_payment_method_options\": null, \"payment_method_configuration_details\": null}', '2026-05-16 05:53:36', '2026-05-16 05:54:00'),
(4, 1, 'hs_booking', 14, 'cash', 'CASH-1KVUF4FNHN', 400.00, 'INR', 'pending', NULL, '2026-05-16 05:55:35', '2026-05-16 05:55:35'),
(5, 1, 'hs_booking', 15, 'cash', 'CASH-QTNIBLEZHP', 200.00, 'INR', 'pending', NULL, '2026-05-16 06:00:37', '2026-05-16 06:00:37'),
(6, 1, 'hs_booking', 16, 'cash', 'CASH-ZA1O3RWHOM', 200.00, 'INR', 'pending', NULL, '2026-05-28 04:50:53', '2026-05-28 04:50:53'),
(7, 1, 'hs_booking', 17, 'stripe', 'cs_test_a1SULIwVZ7cvphT0UrefnR1v3t0JPi1oEcQ3ggse1A3RJ3CFIGoyNzOoTb', 200.00, 'INR', 'paid', '{\"id\": \"cs_test_a1SULIwVZ7cvphT0UrefnR1v3t0JPi1oEcQ3ggse1A3RJ3CFIGoyNzOoTb\", \"url\": null, \"mode\": \"payment\", \"locale\": null, \"object\": \"checkout.session\", \"status\": \"complete\", \"consent\": null, \"created\": 1779963663, \"invoice\": null, \"ui_mode\": \"hosted_page\", \"currency\": \"inr\", \"customer\": null, \"livemode\": false, \"metadata\": [], \"discounts\": [], \"cancel_url\": \"http://localhost/buzzified/public/payment/checkout?amount=200.00&source_type=hs_booking&reference_id=17&user_id=1&currency=INR\", \"expires_at\": 1780050063, \"custom_text\": {\"submit\": null, \"after_submit\": null, \"shipping_address\": null, \"terms_of_service_acceptance\": null}, \"permissions\": null, \"submit_type\": null, \"success_url\": \"http://localhost/buzzified/public/payment/callback?gateway=stripe&source_type=hs_booking&reference_id=17&amount=200.00&currency=INR&user_id=1&session_id={CHECKOUT_SESSION_ID}\", \"amount_total\": 20000, \"payment_link\": null, \"setup_intent\": null, \"subscription\": null, \"automatic_tax\": {\"status\": null, \"enabled\": false, \"provider\": null, \"liability\": null}, \"client_secret\": null, \"custom_fields\": [], \"shipping_cost\": null, \"total_details\": {\"amount_tax\": 0, \"amount_discount\": 0, \"amount_shipping\": 0}, \"customer_email\": null, \"origin_context\": null, \"payment_intent\": \"pi_3Tc141AKWfZAkcs907XtNuiR\", \"payment_status\": \"paid\", \"recovered_from\": null, \"wallet_options\": null, \"amount_subtotal\": 20000, \"adaptive_pricing\": {\"enabled\": true}, \"after_expiration\": null, \"customer_account\": null, \"customer_details\": {\"name\": \"bs\", \"email\": \"baljit+test@gmail.com\", \"phone\": null, \"address\": {\"city\": null, \"line1\": null, \"line2\": null, \"state\": null, \"country\": \"IN\", \"postal_code\": null}, \"tax_ids\": [], \"tax_exempt\": \"none\", \"business_name\": null, \"individual_name\": null}, \"invoice_creation\": {\"enabled\": false, \"invoice_data\": {\"footer\": null, \"issuer\": null, \"metadata\": [], \"description\": null, \"custom_fields\": null, \"account_tax_ids\": null, \"rendering_options\": null}}, \"managed_payments\": {\"enabled\": false}, \"shipping_options\": [], \"branding_settings\": {\"icon\": null, \"logo\": null, \"font_family\": \"default\", \"border_style\": \"rounded\", \"button_color\": \"#0074d4\", \"display_name\": \"test usa\", \"background_color\": \"#ffffff\"}, \"customer_creation\": \"if_required\", \"consent_collection\": null, \"client_reference_id\": null, \"currency_conversion\": null, \"payment_method_types\": [\"card\"], \"allow_promotion_codes\": null, \"collected_information\": null, \"integration_identifier\": null, \"payment_method_options\": {\"card\": {\"request_three_d_secure\": \"automatic\"}}, \"phone_number_collection\": {\"enabled\": false}, \"payment_method_collection\": \"if_required\", \"billing_address_collection\": null, \"shipping_address_collection\": null, \"saved_payment_method_options\": null, \"payment_method_configuration_details\": null}', '2026-05-28 04:53:30', '2026-05-28 04:53:52'),
(8, 1, 'hs_booking', 18, 'cash', 'CASH-JZWJXFF4FA', 200.00, 'INR', 'pending', NULL, '2026-05-28 05:07:22', '2026-05-28 05:07:22'),
(9, 1, 'hs_booking', 19, 'cash', 'CASH-VR0R4KXU3X', 200.00, 'INR', 'pending', NULL, '2026-05-28 05:13:31', '2026-05-28 05:13:31'),
(10, 1, 'hs_booking', 20, 'cash', 'CASH-KMGTGTUIWC', 200.00, 'INR', 'pending', NULL, '2026-05-28 05:16:43', '2026-05-28 05:16:43'),
(11, 1, 'hs_booking', 21, 'cash', 'CASH-TCPVY5EHE5', 200.00, 'INR', 'pending', NULL, '2026-05-28 05:29:33', '2026-05-28 05:29:33'),
(12, 1, 'hs_booking', 22, 'stripe', 'cs_test_a1UpCpMONLePQO8RoAq5CAS5JqAS3vByE2yg3TTJu9PaOkdGaQhHH4Vr31', 200.00, 'INR', 'paid', '{\"id\": \"cs_test_a1UpCpMONLePQO8RoAq5CAS5JqAS3vByE2yg3TTJu9PaOkdGaQhHH4Vr31\", \"url\": null, \"mode\": \"payment\", \"locale\": null, \"object\": \"checkout.session\", \"status\": \"complete\", \"consent\": null, \"created\": 1779965933, \"invoice\": null, \"ui_mode\": \"hosted_page\", \"currency\": \"inr\", \"customer\": null, \"livemode\": false, \"metadata\": [], \"discounts\": [], \"cancel_url\": \"http://localhost/buzzified/public/payment/checkout?amount=200.00&source_type=hs_booking&reference_id=22&user_id=1&currency=INR\", \"expires_at\": 1780052333, \"custom_text\": {\"submit\": null, \"after_submit\": null, \"shipping_address\": null, \"terms_of_service_acceptance\": null}, \"permissions\": null, \"submit_type\": null, \"success_url\": \"http://localhost/buzzified/public/payment/callback?gateway=stripe&source_type=hs_booking&reference_id=22&amount=200.00&currency=INR&user_id=1&session_id={CHECKOUT_SESSION_ID}\", \"amount_total\": 20000, \"payment_link\": null, \"setup_intent\": null, \"subscription\": null, \"automatic_tax\": {\"status\": null, \"enabled\": false, \"provider\": null, \"liability\": null}, \"client_secret\": null, \"custom_fields\": [], \"shipping_cost\": null, \"total_details\": {\"amount_tax\": 0, \"amount_discount\": 0, \"amount_shipping\": 0}, \"customer_email\": null, \"origin_context\": null, \"payment_intent\": \"pi_3Tc1eYAKWfZAkcs93LmSYiNG\", \"payment_status\": \"paid\", \"recovered_from\": null, \"wallet_options\": null, \"amount_subtotal\": 20000, \"adaptive_pricing\": {\"enabled\": true}, \"after_expiration\": null, \"customer_account\": null, \"customer_details\": {\"name\": \"bs\", \"email\": \"baljit+test@gmail.com\", \"phone\": null, \"address\": {\"city\": null, \"line1\": null, \"line2\": null, \"state\": null, \"country\": \"IN\", \"postal_code\": null}, \"tax_ids\": [], \"tax_exempt\": \"none\", \"business_name\": null, \"individual_name\": null}, \"invoice_creation\": {\"enabled\": false, \"invoice_data\": {\"footer\": null, \"issuer\": null, \"metadata\": [], \"description\": null, \"custom_fields\": null, \"account_tax_ids\": null, \"rendering_options\": null}}, \"managed_payments\": {\"enabled\": false}, \"shipping_options\": [], \"branding_settings\": {\"icon\": null, \"logo\": null, \"font_family\": \"default\", \"border_style\": \"rounded\", \"button_color\": \"#0074d4\", \"display_name\": \"test usa\", \"background_color\": \"#ffffff\"}, \"customer_creation\": \"if_required\", \"consent_collection\": null, \"client_reference_id\": null, \"currency_conversion\": null, \"payment_method_types\": [\"card\"], \"allow_promotion_codes\": null, \"collected_information\": null, \"integration_identifier\": null, \"payment_method_options\": {\"card\": {\"request_three_d_secure\": \"automatic\"}}, \"phone_number_collection\": {\"enabled\": false}, \"payment_method_collection\": \"if_required\", \"billing_address_collection\": null, \"shipping_address_collection\": null, \"saved_payment_method_options\": null, \"payment_method_configuration_details\": null}', '2026-05-28 05:31:19', '2026-05-28 05:31:36'),
(13, 1, 'hs_booking', 23, 'stripe', 'cs_test_a16ca3jSc7tdx6NsoOdg1dgdWB4cU5rE0XkUOpSepr3IO7I4lt20KcOGCC', 200.00, 'INR', 'paid', '{\"id\": \"cs_test_a16ca3jSc7tdx6NsoOdg1dgdWB4cU5rE0XkUOpSepr3IO7I4lt20KcOGCC\", \"url\": null, \"mode\": \"payment\", \"locale\": null, \"object\": \"checkout.session\", \"status\": \"complete\", \"consent\": null, \"created\": 1779966509, \"invoice\": null, \"ui_mode\": \"hosted_page\", \"currency\": \"inr\", \"customer\": null, \"livemode\": false, \"metadata\": [], \"discounts\": [], \"cancel_url\": \"http://localhost/buzzified/public/payment/checkout?amount=200.00&source_type=hs_booking&reference_id=23&user_id=1&currency=INR\", \"expires_at\": 1780052909, \"custom_text\": {\"submit\": null, \"after_submit\": null, \"shipping_address\": null, \"terms_of_service_acceptance\": null}, \"permissions\": null, \"submit_type\": null, \"success_url\": \"http://localhost/buzzified/public/payment/callback?gateway=stripe&source_type=hs_booking&reference_id=23&amount=200.00&currency=INR&user_id=1&session_id={CHECKOUT_SESSION_ID}\", \"amount_total\": 20000, \"payment_link\": null, \"setup_intent\": null, \"subscription\": null, \"automatic_tax\": {\"status\": null, \"enabled\": false, \"provider\": null, \"liability\": null}, \"client_secret\": null, \"custom_fields\": [], \"shipping_cost\": null, \"total_details\": {\"amount_tax\": 0, \"amount_discount\": 0, \"amount_shipping\": 0}, \"customer_email\": null, \"origin_context\": null, \"payment_intent\": \"pi_3Tc1nqAKWfZAkcs92KjihacU\", \"payment_status\": \"paid\", \"recovered_from\": null, \"wallet_options\": null, \"amount_subtotal\": 20000, \"adaptive_pricing\": {\"enabled\": true}, \"after_expiration\": null, \"customer_account\": null, \"customer_details\": {\"name\": \"bs\", \"email\": \"baljit+test@gmail.com\", \"phone\": null, \"address\": {\"city\": null, \"line1\": null, \"line2\": null, \"state\": null, \"country\": \"IN\", \"postal_code\": null}, \"tax_ids\": [], \"tax_exempt\": \"none\", \"business_name\": null, \"individual_name\": null}, \"invoice_creation\": {\"enabled\": false, \"invoice_data\": {\"footer\": null, \"issuer\": null, \"metadata\": [], \"description\": null, \"custom_fields\": null, \"account_tax_ids\": null, \"rendering_options\": null}}, \"managed_payments\": {\"enabled\": false}, \"shipping_options\": [], \"branding_settings\": {\"icon\": null, \"logo\": null, \"font_family\": \"default\", \"border_style\": \"rounded\", \"button_color\": \"#0074d4\", \"display_name\": \"test usa\", \"background_color\": \"#ffffff\"}, \"customer_creation\": \"if_required\", \"consent_collection\": null, \"client_reference_id\": null, \"currency_conversion\": null, \"payment_method_types\": [\"card\"], \"allow_promotion_codes\": null, \"collected_information\": null, \"integration_identifier\": null, \"payment_method_options\": {\"card\": {\"request_three_d_secure\": \"automatic\"}}, \"phone_number_collection\": {\"enabled\": false}, \"payment_method_collection\": \"if_required\", \"billing_address_collection\": null, \"shipping_address_collection\": null, \"saved_payment_method_options\": null, \"payment_method_configuration_details\": null}', '2026-05-28 05:40:56', '2026-05-28 05:41:12'),
(14, 5, 'hs_booking', 24, 'cash', 'CASH-ZBZQ7TRCZZ', 200.00, 'INR', 'pending', NULL, '2026-06-01 01:35:12', '2026-06-01 01:35:12'),
(15, 5, 'hs_booking', 29, 'stripe', 'cs_test_a1aOmHVdZuGBzRBiBWRm5TovTDOpf9u6xOljaqkNax6i9DZTQrBWXxoInQ', 47890.00, 'INR', 'paid', '{\"id\": \"cs_test_a1aOmHVdZuGBzRBiBWRm5TovTDOpf9u6xOljaqkNax6i9DZTQrBWXxoInQ\", \"url\": null, \"mode\": \"payment\", \"locale\": null, \"object\": \"checkout.session\", \"status\": \"complete\", \"consent\": null, \"created\": 1780478519, \"invoice\": null, \"ui_mode\": \"hosted_page\", \"currency\": \"inr\", \"customer\": null, \"livemode\": false, \"metadata\": [], \"discounts\": [], \"cancel_url\": \"http://localhost/buzzified/public/payment/checkout?amount=47890&source_type=hs_booking&reference_id=29&user_id=5&currency=INR\", \"expires_at\": 1780564919, \"custom_text\": {\"submit\": null, \"after_submit\": null, \"shipping_address\": null, \"terms_of_service_acceptance\": null}, \"permissions\": null, \"submit_type\": null, \"success_url\": \"http://localhost/buzzified/public/payment/callback?gateway=stripe&source_type=hs_booking&reference_id=29&amount=47890&currency=INR&user_id=5&session_id={CHECKOUT_SESSION_ID}\", \"amount_total\": 4789000, \"payment_link\": null, \"setup_intent\": null, \"subscription\": null, \"automatic_tax\": {\"status\": null, \"enabled\": false, \"provider\": null, \"liability\": null}, \"client_secret\": null, \"custom_fields\": [], \"shipping_cost\": null, \"total_details\": {\"amount_tax\": 0, \"amount_discount\": 0, \"amount_shipping\": 0}, \"customer_email\": null, \"origin_context\": null, \"payment_intent\": \"pi_3TeB06AKWfZAkcs908HzGDJ9\", \"payment_status\": \"paid\", \"recovered_from\": null, \"wallet_options\": null, \"amount_subtotal\": 4789000, \"adaptive_pricing\": {\"enabled\": true}, \"after_expiration\": null, \"customer_account\": null, \"customer_details\": {\"name\": \"bs\", \"email\": \"baljit+test@gmail.com\", \"phone\": null, \"address\": {\"city\": null, \"line1\": null, \"line2\": null, \"state\": null, \"country\": \"IN\", \"postal_code\": null}, \"tax_ids\": [], \"tax_exempt\": \"none\", \"business_name\": null, \"individual_name\": null}, \"invoice_creation\": {\"enabled\": false, \"invoice_data\": {\"footer\": null, \"issuer\": null, \"metadata\": [], \"description\": null, \"custom_fields\": null, \"account_tax_ids\": null, \"rendering_options\": null}}, \"managed_payments\": {\"enabled\": false}, \"shipping_options\": [], \"branding_settings\": {\"icon\": null, \"logo\": null, \"font_family\": \"default\", \"border_style\": \"rounded\", \"button_color\": \"#0074d4\", \"display_name\": \"test usa\", \"background_color\": \"#ffffff\"}, \"customer_creation\": \"if_required\", \"consent_collection\": null, \"client_reference_id\": null, \"currency_conversion\": null, \"payment_method_types\": [\"card\"], \"allow_promotion_codes\": null, \"collected_information\": null, \"integration_identifier\": null, \"payment_method_options\": {\"card\": {\"request_three_d_secure\": \"automatic\"}}, \"phone_number_collection\": {\"enabled\": false}, \"payment_method_collection\": \"if_required\", \"billing_address_collection\": null, \"shipping_address_collection\": null, \"saved_payment_method_options\": null, \"payment_method_configuration_details\": null}', '2026-06-03 03:54:32', '2026-06-03 03:54:50'),
(16, 5, 'hs_booking', 30, 'stripe', 'cs_test_a1Vm1FsEsmbgeIdnIExVGo4ZzwDNvDxiAMefWsN7sCMkFCsgg7mTsWzf0j', 200.00, 'USD', 'paid', '{\"id\": \"cs_test_a1Vm1FsEsmbgeIdnIExVGo4ZzwDNvDxiAMefWsN7sCMkFCsgg7mTsWzf0j\", \"url\": null, \"mode\": \"payment\", \"locale\": null, \"object\": \"checkout.session\", \"status\": \"complete\", \"consent\": null, \"created\": 1780552314, \"invoice\": null, \"ui_mode\": \"hosted_page\", \"currency\": \"usd\", \"customer\": null, \"livemode\": false, \"metadata\": [], \"discounts\": [], \"cancel_url\": \"http://localhost/buzzified/public/payment/checkout?amount=200&source_type=hs_booking&reference_id=30&user_id=5&currency=USD\", \"expires_at\": 1780638714, \"custom_text\": {\"submit\": null, \"after_submit\": null, \"shipping_address\": null, \"terms_of_service_acceptance\": null}, \"permissions\": null, \"submit_type\": null, \"success_url\": \"http://localhost/buzzified/public/payment/callback?gateway=stripe&source_type=hs_booking&reference_id=30&amount=200&currency=USD&user_id=5&session_id={CHECKOUT_SESSION_ID}\", \"amount_total\": 20000, \"payment_link\": null, \"setup_intent\": null, \"subscription\": null, \"automatic_tax\": {\"status\": null, \"enabled\": false, \"provider\": null, \"liability\": null}, \"client_secret\": null, \"custom_fields\": [], \"shipping_cost\": null, \"total_details\": {\"amount_tax\": 0, \"amount_discount\": 0, \"amount_shipping\": 0}, \"customer_email\": null, \"origin_context\": null, \"payment_intent\": \"pi_3TeUCFAKWfZAkcs93ocKLS7d\", \"payment_status\": \"paid\", \"recovered_from\": null, \"wallet_options\": null, \"amount_subtotal\": 20000, \"adaptive_pricing\": {\"enabled\": true}, \"after_expiration\": null, \"customer_account\": null, \"customer_details\": {\"name\": \"bs\", \"email\": \"baljit+test@gmail.com\", \"phone\": null, \"address\": {\"city\": null, \"line1\": null, \"line2\": null, \"state\": null, \"country\": \"IN\", \"postal_code\": null}, \"tax_ids\": [], \"tax_exempt\": \"none\", \"business_name\": null, \"individual_name\": null}, \"invoice_creation\": {\"enabled\": false, \"invoice_data\": {\"footer\": null, \"issuer\": null, \"metadata\": [], \"description\": null, \"custom_fields\": null, \"account_tax_ids\": null, \"rendering_options\": null}}, \"managed_payments\": {\"enabled\": false}, \"shipping_options\": [], \"branding_settings\": {\"icon\": null, \"logo\": null, \"font_family\": \"default\", \"border_style\": \"rounded\", \"button_color\": \"#0074d4\", \"display_name\": \"test usa\", \"background_color\": \"#ffffff\"}, \"customer_creation\": \"if_required\", \"consent_collection\": null, \"client_reference_id\": null, \"currency_conversion\": null, \"presentment_details\": {\"presentment_amount\": 1985304, \"presentment_currency\": \"inr\"}, \"payment_method_types\": [\"card\"], \"allow_promotion_codes\": null, \"collected_information\": null, \"integration_identifier\": null, \"payment_method_options\": {\"card\": {\"request_three_d_secure\": \"automatic\"}}, \"phone_number_collection\": {\"enabled\": false}, \"payment_method_collection\": \"if_required\", \"billing_address_collection\": null, \"shipping_address_collection\": null, \"saved_payment_method_options\": null, \"payment_method_configuration_details\": null}', '2026-06-04 00:24:28', '2026-06-04 00:24:41'),
(17, 6, 'property_promotion', 1, 'stripe', 'cs_test_a1NtTerJc5WPnwuoaxuMMGwqv9BqkiHqXgzZVEF712oR0N3F7dS96exc5c', 10.00, 'USD', 'paid', '{\"id\": \"cs_test_a1NtTerJc5WPnwuoaxuMMGwqv9BqkiHqXgzZVEF712oR0N3F7dS96exc5c\", \"url\": null, \"mode\": \"payment\", \"locale\": null, \"object\": \"checkout.session\", \"status\": \"complete\", \"consent\": null, \"created\": 1780567894, \"invoice\": null, \"ui_mode\": \"hosted_page\", \"currency\": \"usd\", \"customer\": null, \"livemode\": false, \"metadata\": [], \"discounts\": [], \"cancel_url\": \"http://localhost/buzzified/public/payment/checkout?amount=10.00&currency=USD&source_type=property_promotion&reference_id=1\", \"expires_at\": 1780654294, \"custom_text\": {\"submit\": null, \"after_submit\": null, \"shipping_address\": null, \"terms_of_service_acceptance\": null}, \"permissions\": null, \"submit_type\": null, \"success_url\": \"http://localhost/buzzified/public/payment/callback?gateway=stripe&source_type=property_promotion&reference_id=1&amount=10.00&currency=USD&user_id=6&session_id={CHECKOUT_SESSION_ID}\", \"amount_total\": 1000, \"payment_link\": null, \"setup_intent\": null, \"subscription\": null, \"automatic_tax\": {\"status\": null, \"enabled\": false, \"provider\": null, \"liability\": null}, \"client_secret\": null, \"custom_fields\": [], \"shipping_cost\": null, \"total_details\": {\"amount_tax\": 0, \"amount_discount\": 0, \"amount_shipping\": 0}, \"customer_email\": null, \"origin_context\": null, \"payment_intent\": \"pi_3TeYIPAKWfZAkcs91zIEIzwl\", \"payment_status\": \"paid\", \"recovered_from\": null, \"wallet_options\": null, \"amount_subtotal\": 1000, \"adaptive_pricing\": {\"enabled\": true}, \"after_expiration\": null, \"customer_account\": null, \"customer_details\": {\"name\": \"bs ss\", \"email\": \"baljit.developer+3@gmail.com\", \"phone\": null, \"address\": {\"city\": null, \"line1\": null, \"line2\": null, \"state\": null, \"country\": \"IN\", \"postal_code\": null}, \"tax_ids\": [], \"tax_exempt\": \"none\", \"business_name\": null, \"individual_name\": null}, \"invoice_creation\": {\"enabled\": false, \"invoice_data\": {\"footer\": null, \"issuer\": null, \"metadata\": [], \"description\": null, \"custom_fields\": null, \"account_tax_ids\": null, \"rendering_options\": null}}, \"managed_payments\": {\"enabled\": false}, \"shipping_options\": [], \"branding_settings\": {\"icon\": null, \"logo\": null, \"font_family\": \"default\", \"border_style\": \"rounded\", \"button_color\": \"#0074d4\", \"display_name\": \"test usa\", \"background_color\": \"#ffffff\"}, \"customer_creation\": \"if_required\", \"consent_collection\": null, \"client_reference_id\": null, \"currency_conversion\": null, \"presentment_details\": {\"presentment_amount\": 99620, \"presentment_currency\": \"inr\"}, \"payment_method_types\": [\"card\"], \"allow_promotion_codes\": null, \"collected_information\": null, \"integration_identifier\": null, \"payment_method_options\": {\"card\": {\"request_three_d_secure\": \"automatic\"}}, \"phone_number_collection\": {\"enabled\": false}, \"payment_method_collection\": \"if_required\", \"billing_address_collection\": null, \"shipping_address_collection\": null, \"saved_payment_method_options\": null, \"payment_method_configuration_details\": null}', '2026-06-04 04:44:08', '2026-06-04 04:47:19'),
(18, 6, 'property_promotion', 2, 'stripe', 'cs_test_a1eQzEn5CPcUChiW6KIDlnk3G5kNSm1KtsSYCBNsu33sA0z3irYWDl5z94', 10.00, 'USD', 'paid', '{\"id\": \"cs_test_a1eQzEn5CPcUChiW6KIDlnk3G5kNSm1KtsSYCBNsu33sA0z3irYWDl5z94\", \"url\": null, \"mode\": \"payment\", \"locale\": null, \"object\": \"checkout.session\", \"status\": \"complete\", \"consent\": null, \"created\": 1780568585, \"invoice\": null, \"ui_mode\": \"hosted_page\", \"currency\": \"usd\", \"customer\": null, \"livemode\": false, \"metadata\": [], \"discounts\": [], \"cancel_url\": \"http://localhost/buzzified/public/payment/checkout?amount=10.00&currency=USD&source_type=property_promotion&reference_id=2\", \"expires_at\": 1780654985, \"custom_text\": {\"submit\": null, \"after_submit\": null, \"shipping_address\": null, \"terms_of_service_acceptance\": null}, \"permissions\": null, \"submit_type\": null, \"success_url\": \"http://localhost/buzzified/public/payment/callback?gateway=stripe&source_type=property_promotion&reference_id=2&amount=10.00&currency=USD&user_id=6&session_id={CHECKOUT_SESSION_ID}\", \"amount_total\": 1000, \"payment_link\": null, \"setup_intent\": null, \"subscription\": null, \"automatic_tax\": {\"status\": null, \"enabled\": false, \"provider\": null, \"liability\": null}, \"client_secret\": null, \"custom_fields\": [], \"shipping_cost\": null, \"total_details\": {\"amount_tax\": 0, \"amount_discount\": 0, \"amount_shipping\": 0}, \"customer_email\": null, \"origin_context\": null, \"payment_intent\": \"pi_3TeYR2AKWfZAkcs93XNcmDoc\", \"payment_status\": \"paid\", \"recovered_from\": null, \"wallet_options\": null, \"amount_subtotal\": 1000, \"adaptive_pricing\": {\"enabled\": true}, \"after_expiration\": null, \"customer_account\": null, \"customer_details\": {\"name\": \"bs ss\", \"email\": \"baljit.developer+3@gmail.com\", \"phone\": null, \"address\": {\"city\": null, \"line1\": null, \"line2\": null, \"state\": null, \"country\": \"IN\", \"postal_code\": null}, \"tax_ids\": [], \"tax_exempt\": \"none\", \"business_name\": null, \"individual_name\": null}, \"invoice_creation\": {\"enabled\": false, \"invoice_data\": {\"footer\": null, \"issuer\": null, \"metadata\": [], \"description\": null, \"custom_fields\": null, \"account_tax_ids\": null, \"rendering_options\": null}}, \"managed_payments\": {\"enabled\": false}, \"shipping_options\": [], \"branding_settings\": {\"icon\": null, \"logo\": null, \"font_family\": \"default\", \"border_style\": \"rounded\", \"button_color\": \"#0074d4\", \"display_name\": \"test usa\", \"background_color\": \"#ffffff\"}, \"customer_creation\": \"if_required\", \"consent_collection\": null, \"client_reference_id\": null, \"currency_conversion\": null, \"payment_method_types\": [\"card\"], \"allow_promotion_codes\": null, \"collected_information\": null, \"integration_identifier\": null, \"payment_method_options\": {\"card\": {\"request_three_d_secure\": \"automatic\"}}, \"phone_number_collection\": {\"enabled\": false}, \"payment_method_collection\": \"if_required\", \"billing_address_collection\": null, \"shipping_address_collection\": null, \"saved_payment_method_options\": null, \"payment_method_configuration_details\": null}', '2026-06-04 04:55:39', '2026-06-04 04:56:14'),
(19, 5, 'da_appointment', 3, 'stripe', 'cs_test_a1ZlxUDdpi5gdYOfGmXnejWo1YsjNRG9Dxds5guiLwx3OeAK13dmHkTskh', 50.00, 'USD', 'paid', '{\"id\": \"cs_test_a1ZlxUDdpi5gdYOfGmXnejWo1YsjNRG9Dxds5guiLwx3OeAK13dmHkTskh\", \"url\": null, \"mode\": \"payment\", \"locale\": null, \"object\": \"checkout.session\", \"status\": \"complete\", \"consent\": null, \"created\": 1780655534, \"invoice\": null, \"ui_mode\": \"hosted_page\", \"currency\": \"usd\", \"customer\": null, \"livemode\": false, \"metadata\": [], \"discounts\": [], \"cancel_url\": \"http://localhost/buzzified/public/payment/checkout?amount=50&source_type=da_appointment&reference_id=3&user_id=5&currency=USD\", \"expires_at\": 1780741934, \"custom_text\": {\"submit\": null, \"after_submit\": null, \"shipping_address\": null, \"terms_of_service_acceptance\": null}, \"permissions\": null, \"submit_type\": null, \"success_url\": \"http://localhost/buzzified/public/payment/callback?gateway=stripe&source_type=da_appointment&reference_id=3&amount=50&currency=USD&user_id=5&session_id={CHECKOUT_SESSION_ID}\", \"amount_total\": 5000, \"payment_link\": null, \"setup_intent\": null, \"subscription\": null, \"automatic_tax\": {\"status\": null, \"enabled\": false, \"provider\": null, \"liability\": null}, \"client_secret\": null, \"custom_fields\": [], \"shipping_cost\": null, \"total_details\": {\"amount_tax\": 0, \"amount_discount\": 0, \"amount_shipping\": 0}, \"customer_email\": null, \"origin_context\": null, \"payment_intent\": \"pi_3Tev38AKWfZAkcs92ouYdH0O\", \"payment_status\": \"paid\", \"recovered_from\": null, \"wallet_options\": null, \"amount_subtotal\": 5000, \"adaptive_pricing\": {\"enabled\": true}, \"after_expiration\": null, \"customer_account\": null, \"customer_details\": {\"name\": \"bs\", \"email\": \"baljit+test@gmail.com\", \"phone\": null, \"address\": {\"city\": null, \"line1\": null, \"line2\": null, \"state\": null, \"country\": \"IN\", \"postal_code\": null}, \"tax_ids\": [], \"tax_exempt\": \"none\", \"business_name\": null, \"individual_name\": null}, \"invoice_creation\": {\"enabled\": false, \"invoice_data\": {\"footer\": null, \"issuer\": null, \"metadata\": [], \"description\": null, \"custom_fields\": null, \"account_tax_ids\": null, \"rendering_options\": null}}, \"managed_payments\": {\"enabled\": false}, \"shipping_options\": [], \"branding_settings\": {\"icon\": null, \"logo\": null, \"font_family\": \"default\", \"border_style\": \"rounded\", \"button_color\": \"#0074d4\", \"display_name\": \"test usa\", \"background_color\": \"#ffffff\"}, \"customer_creation\": \"if_required\", \"consent_collection\": null, \"client_reference_id\": null, \"currency_conversion\": null, \"payment_method_types\": [\"card\"], \"allow_promotion_codes\": null, \"collected_information\": null, \"integration_identifier\": null, \"payment_method_options\": {\"card\": {\"request_three_d_secure\": \"automatic\"}}, \"phone_number_collection\": {\"enabled\": false}, \"payment_method_collection\": \"if_required\", \"billing_address_collection\": null, \"shipping_address_collection\": null, \"saved_payment_method_options\": null, \"payment_method_configuration_details\": null}', '2026-06-05 05:04:49', '2026-06-05 05:05:05'),
(20, 5, 'da_appointment', 4, 'stripe', 'cs_test_a1itkejpgEbSUJYzS2C7UJ3ShlR2xJjn8wcicLa05lhopNtHmID0fU3dWj', 50.00, 'USD', 'paid', '{\"id\": \"cs_test_a1itkejpgEbSUJYzS2C7UJ3ShlR2xJjn8wcicLa05lhopNtHmID0fU3dWj\", \"url\": null, \"mode\": \"payment\", \"locale\": null, \"object\": \"checkout.session\", \"status\": \"complete\", \"consent\": null, \"created\": 1780655799, \"invoice\": null, \"ui_mode\": \"hosted_page\", \"currency\": \"usd\", \"customer\": null, \"livemode\": false, \"metadata\": [], \"discounts\": [], \"cancel_url\": \"http://localhost/buzzified/public/payment/checkout?amount=50&source_type=da_appointment&reference_id=4&user_id=5&currency=USD\", \"expires_at\": 1780742199, \"custom_text\": {\"submit\": null, \"after_submit\": null, \"shipping_address\": null, \"terms_of_service_acceptance\": null}, \"permissions\": null, \"submit_type\": null, \"success_url\": \"http://localhost/buzzified/public/payment/callback?gateway=stripe&source_type=da_appointment&reference_id=4&amount=50&currency=USD&user_id=5&session_id={CHECKOUT_SESSION_ID}\", \"amount_total\": 5000, \"payment_link\": null, \"setup_intent\": null, \"subscription\": null, \"automatic_tax\": {\"status\": null, \"enabled\": false, \"provider\": null, \"liability\": null}, \"client_secret\": null, \"custom_fields\": [], \"shipping_cost\": null, \"total_details\": {\"amount_tax\": 0, \"amount_discount\": 0, \"amount_shipping\": 0}, \"customer_email\": null, \"origin_context\": null, \"payment_intent\": \"pi_3Tev7OAKWfZAkcs92wTrsYKB\", \"payment_status\": \"paid\", \"recovered_from\": null, \"wallet_options\": null, \"amount_subtotal\": 5000, \"adaptive_pricing\": {\"enabled\": true}, \"after_expiration\": null, \"customer_account\": null, \"customer_details\": {\"name\": \"bs\", \"email\": \"baljit+test@gmail.com\", \"phone\": null, \"address\": {\"city\": null, \"line1\": null, \"line2\": null, \"state\": null, \"country\": \"IN\", \"postal_code\": null}, \"tax_ids\": [], \"tax_exempt\": \"none\", \"business_name\": null, \"individual_name\": null}, \"invoice_creation\": {\"enabled\": false, \"invoice_data\": {\"footer\": null, \"issuer\": null, \"metadata\": [], \"description\": null, \"custom_fields\": null, \"account_tax_ids\": null, \"rendering_options\": null}}, \"managed_payments\": {\"enabled\": false}, \"shipping_options\": [], \"branding_settings\": {\"icon\": null, \"logo\": null, \"font_family\": \"default\", \"border_style\": \"rounded\", \"button_color\": \"#0074d4\", \"display_name\": \"test usa\", \"background_color\": \"#ffffff\"}, \"customer_creation\": \"if_required\", \"consent_collection\": null, \"client_reference_id\": null, \"currency_conversion\": null, \"payment_method_types\": [\"card\"], \"allow_promotion_codes\": null, \"collected_information\": null, \"integration_identifier\": null, \"payment_method_options\": {\"card\": {\"request_three_d_secure\": \"automatic\"}}, \"phone_number_collection\": {\"enabled\": false}, \"payment_method_collection\": \"if_required\", \"billing_address_collection\": null, \"shipping_address_collection\": null, \"saved_payment_method_options\": null, \"payment_method_configuration_details\": null}', '2026-06-05 05:09:14', '2026-06-05 05:09:29'),
(21, 6, 'classified_promotion', 1, 'stripe', 'cs_test_a1fwBpt0cFVkxgVmxi7XP5W1pKbxB8iBYl0O9PcmgzGrfvj3ibKFXcOD2e', 5.00, 'USD', 'paid', '{\"id\": \"cs_test_a1fwBpt0cFVkxgVmxi7XP5W1pKbxB8iBYl0O9PcmgzGrfvj3ibKFXcOD2e\", \"url\": null, \"mode\": \"payment\", \"locale\": null, \"object\": \"checkout.session\", \"status\": \"complete\", \"consent\": null, \"created\": 1780726182, \"invoice\": null, \"ui_mode\": \"hosted_page\", \"currency\": \"usd\", \"customer\": null, \"livemode\": false, \"metadata\": [], \"discounts\": [], \"cancel_url\": \"http://localhost/buzzified/public/payment/checkout?amount=5.00&currency=USD&source_type=classified_promotion&reference_id=1\", \"expires_at\": 1780812582, \"custom_text\": {\"submit\": null, \"after_submit\": null, \"shipping_address\": null, \"terms_of_service_acceptance\": null}, \"permissions\": null, \"submit_type\": null, \"success_url\": \"http://localhost/buzzified/public/payment/callback?gateway=stripe&source_type=classified_promotion&reference_id=1&amount=5.00&currency=USD&user_id=6&session_id={CHECKOUT_SESSION_ID}\", \"amount_total\": 500, \"payment_link\": null, \"setup_intent\": null, \"subscription\": null, \"automatic_tax\": {\"status\": null, \"enabled\": false, \"provider\": null, \"liability\": null}, \"client_secret\": null, \"custom_fields\": [], \"shipping_cost\": null, \"total_details\": {\"amount_tax\": 0, \"amount_discount\": 0, \"amount_shipping\": 0}, \"customer_email\": null, \"origin_context\": null, \"payment_intent\": \"pi_3TfDQmAKWfZAkcs91T00YVO7\", \"payment_status\": \"paid\", \"recovered_from\": null, \"wallet_options\": null, \"amount_subtotal\": 500, \"adaptive_pricing\": {\"enabled\": true}, \"after_expiration\": null, \"customer_account\": null, \"customer_details\": {\"name\": \"bs ss\", \"email\": \"baljit.developer+3@gmail.com\", \"phone\": null, \"address\": {\"city\": null, \"line1\": null, \"line2\": null, \"state\": null, \"country\": \"IN\", \"postal_code\": null}, \"tax_ids\": [], \"tax_exempt\": \"none\", \"business_name\": null, \"individual_name\": null}, \"invoice_creation\": {\"enabled\": false, \"invoice_data\": {\"footer\": null, \"issuer\": null, \"metadata\": [], \"description\": null, \"custom_fields\": null, \"account_tax_ids\": null, \"rendering_options\": null}}, \"managed_payments\": {\"enabled\": false}, \"shipping_options\": [], \"branding_settings\": {\"icon\": null, \"logo\": null, \"font_family\": \"default\", \"border_style\": \"rounded\", \"button_color\": \"#0074d4\", \"display_name\": \"test usa\", \"background_color\": \"#ffffff\"}, \"customer_creation\": \"if_required\", \"consent_collection\": null, \"client_reference_id\": null, \"currency_conversion\": null, \"payment_method_types\": [\"card\"], \"allow_promotion_codes\": null, \"collected_information\": null, \"integration_identifier\": null, \"payment_method_options\": {\"card\": {\"request_three_d_secure\": \"automatic\"}}, \"phone_number_collection\": {\"enabled\": false}, \"payment_method_collection\": \"if_required\", \"billing_address_collection\": null, \"shipping_address_collection\": null, \"saved_payment_method_options\": null, \"payment_method_configuration_details\": null}', '2026-06-06 00:42:18', '2026-06-06 00:42:44'),
(22, 5, 'ss_appointment', 1, 'stripe', 'cs_test_a18C2GpNclbGwYYlwhhHvliDLcVg8Yu3SApWrpQzG2UhfKHBkGWjMu41GE', 10.00, 'USD', 'paid', '{\"id\": \"cs_test_a18C2GpNclbGwYYlwhhHvliDLcVg8Yu3SApWrpQzG2UhfKHBkGWjMu41GE\", \"url\": null, \"mode\": \"payment\", \"locale\": null, \"object\": \"checkout.session\", \"status\": \"complete\", \"consent\": null, \"created\": 1780925310, \"invoice\": null, \"ui_mode\": \"hosted_page\", \"currency\": \"usd\", \"customer\": null, \"livemode\": false, \"metadata\": [], \"discounts\": [], \"cancel_url\": \"http://localhost/buzzified/public/payment/checkout?amount=10&source_type=ss_appointment&reference_id=1&user_id=5&currency=USD\", \"expires_at\": 1781011710, \"custom_text\": {\"submit\": null, \"after_submit\": null, \"shipping_address\": null, \"terms_of_service_acceptance\": null}, \"permissions\": null, \"submit_type\": null, \"success_url\": \"http://localhost/buzzified/public/payment/callback?gateway=stripe&source_type=ss_appointment&reference_id=1&amount=10&currency=USD&user_id=5&session_id={CHECKOUT_SESSION_ID}\", \"amount_total\": 1000, \"payment_link\": null, \"setup_intent\": null, \"subscription\": null, \"automatic_tax\": {\"status\": null, \"enabled\": false, \"provider\": null, \"liability\": null}, \"client_secret\": null, \"custom_fields\": [], \"shipping_cost\": null, \"total_details\": {\"amount_tax\": 0, \"amount_discount\": 0, \"amount_shipping\": 0}, \"customer_email\": null, \"origin_context\": null, \"payment_intent\": \"pi_3Tg3EPAKWfZAkcs90i0HF3iS\", \"payment_status\": \"paid\", \"recovered_from\": null, \"wallet_options\": null, \"amount_subtotal\": 1000, \"adaptive_pricing\": {\"enabled\": true}, \"after_expiration\": null, \"customer_account\": null, \"customer_details\": {\"name\": \"bs\", \"email\": \"baljit+test@gmail.com\", \"phone\": null, \"address\": {\"city\": null, \"line1\": null, \"line2\": null, \"state\": null, \"country\": \"IN\", \"postal_code\": null}, \"tax_ids\": [], \"tax_exempt\": \"none\", \"business_name\": null, \"individual_name\": null}, \"invoice_creation\": {\"enabled\": false, \"invoice_data\": {\"footer\": null, \"issuer\": null, \"metadata\": [], \"description\": null, \"custom_fields\": null, \"account_tax_ids\": null, \"rendering_options\": null}}, \"managed_payments\": {\"enabled\": false}, \"shipping_options\": [], \"branding_settings\": {\"icon\": null, \"logo\": null, \"font_family\": \"default\", \"border_style\": \"rounded\", \"button_color\": \"#0074d4\", \"display_name\": \"test usa\", \"background_color\": \"#ffffff\"}, \"customer_creation\": \"if_required\", \"consent_collection\": null, \"client_reference_id\": null, \"currency_conversion\": null, \"payment_method_types\": [\"card\"], \"allow_promotion_codes\": null, \"collected_information\": null, \"integration_identifier\": null, \"payment_method_options\": {\"card\": {\"request_three_d_secure\": \"automatic\"}}, \"phone_number_collection\": {\"enabled\": false}, \"payment_method_collection\": \"if_required\", \"billing_address_collection\": null, \"shipping_address_collection\": null, \"saved_payment_method_options\": null, \"payment_method_configuration_details\": null}', '2026-06-08 08:01:08', '2026-06-08 08:01:27'),
(23, 5, 'ss_appointment', 2, 'stripe', 'cs_test_a1HtT9MnHh6YbmuTrQjq6X4di89PizcgrF8lqVGXftEhxSyCyU101QlnDM', 40.00, 'USD', 'paid', '{\"id\": \"cs_test_a1HtT9MnHh6YbmuTrQjq6X4di89PizcgrF8lqVGXftEhxSyCyU101QlnDM\", \"url\": null, \"mode\": \"payment\", \"locale\": null, \"object\": \"checkout.session\", \"status\": \"complete\", \"consent\": null, \"created\": 1780927085, \"invoice\": null, \"ui_mode\": \"hosted_page\", \"currency\": \"usd\", \"customer\": null, \"livemode\": false, \"metadata\": [], \"discounts\": [], \"cancel_url\": \"http://localhost/buzzified/public/payment/checkout?amount=40&source_type=ss_appointment&reference_id=2&user_id=5&currency=USD\", \"expires_at\": 1781013485, \"custom_text\": {\"submit\": null, \"after_submit\": null, \"shipping_address\": null, \"terms_of_service_acceptance\": null}, \"permissions\": null, \"submit_type\": null, \"success_url\": \"http://localhost/buzzified/public/payment/callback?gateway=stripe&source_type=ss_appointment&reference_id=2&amount=40&currency=USD&user_id=5&session_id={CHECKOUT_SESSION_ID}\", \"amount_total\": 4000, \"payment_link\": null, \"setup_intent\": null, \"subscription\": null, \"automatic_tax\": {\"status\": null, \"enabled\": false, \"provider\": null, \"liability\": null}, \"client_secret\": null, \"custom_fields\": [], \"shipping_cost\": null, \"total_details\": {\"amount_tax\": 0, \"amount_discount\": 0, \"amount_shipping\": 0}, \"customer_email\": null, \"origin_context\": null, \"payment_intent\": \"pi_3Tg3h1AKWfZAkcs927th90qI\", \"payment_status\": \"paid\", \"recovered_from\": null, \"wallet_options\": null, \"amount_subtotal\": 4000, \"adaptive_pricing\": {\"enabled\": true}, \"after_expiration\": null, \"customer_account\": null, \"customer_details\": {\"name\": \"bs\", \"email\": \"baljit+test@gmail.com\", \"phone\": null, \"address\": {\"city\": null, \"line1\": null, \"line2\": null, \"state\": null, \"country\": \"IN\", \"postal_code\": null}, \"tax_ids\": [], \"tax_exempt\": \"none\", \"business_name\": null, \"individual_name\": null}, \"invoice_creation\": {\"enabled\": false, \"invoice_data\": {\"footer\": null, \"issuer\": null, \"metadata\": [], \"description\": null, \"custom_fields\": null, \"account_tax_ids\": null, \"rendering_options\": null}}, \"managed_payments\": {\"enabled\": false}, \"shipping_options\": [], \"branding_settings\": {\"icon\": null, \"logo\": null, \"font_family\": \"default\", \"border_style\": \"rounded\", \"button_color\": \"#0074d4\", \"display_name\": \"test usa\", \"background_color\": \"#ffffff\"}, \"customer_creation\": \"if_required\", \"consent_collection\": null, \"client_reference_id\": null, \"currency_conversion\": null, \"payment_method_types\": [\"card\"], \"allow_promotion_codes\": null, \"collected_information\": null, \"integration_identifier\": null, \"payment_method_options\": {\"card\": {\"request_three_d_secure\": \"automatic\"}}, \"phone_number_collection\": {\"enabled\": false}, \"payment_method_collection\": \"if_required\", \"billing_address_collection\": null, \"shipping_address_collection\": null, \"saved_payment_method_options\": null, \"payment_method_configuration_details\": null}', '2026-06-08 08:30:43', '2026-06-08 08:31:01'),
(24, 5, 'ss_appointment', 3, 'stripe', 'cs_test_a11DTOPFVKZMCcO09fIl3ZCjHwxv9K7nDsDHmYu0r1imQWJHsW2s5uJliX', 10.00, 'USD', 'paid', '{\"id\": \"cs_test_a11DTOPFVKZMCcO09fIl3ZCjHwxv9K7nDsDHmYu0r1imQWJHsW2s5uJliX\", \"url\": null, \"mode\": \"payment\", \"locale\": null, \"object\": \"checkout.session\", \"status\": \"complete\", \"consent\": null, \"created\": 1780927546, \"invoice\": null, \"ui_mode\": \"hosted_page\", \"currency\": \"usd\", \"customer\": null, \"livemode\": false, \"metadata\": [], \"discounts\": [], \"cancel_url\": \"http://localhost/buzzified/public/payment/checkout?amount=10&source_type=ss_appointment&reference_id=3&user_id=5&currency=USD\", \"expires_at\": 1781013946, \"custom_text\": {\"submit\": null, \"after_submit\": null, \"shipping_address\": null, \"terms_of_service_acceptance\": null}, \"permissions\": null, \"submit_type\": null, \"success_url\": \"http://localhost/buzzified/public/payment/callback?gateway=stripe&source_type=ss_appointment&reference_id=3&amount=10&currency=USD&user_id=5&session_id={CHECKOUT_SESSION_ID}\", \"amount_total\": 1000, \"payment_link\": null, \"setup_intent\": null, \"subscription\": null, \"automatic_tax\": {\"status\": null, \"enabled\": false, \"provider\": null, \"liability\": null}, \"client_secret\": null, \"custom_fields\": [], \"shipping_cost\": null, \"total_details\": {\"amount_tax\": 0, \"amount_discount\": 0, \"amount_shipping\": 0}, \"customer_email\": null, \"origin_context\": null, \"payment_intent\": \"pi_3Tg3oRAKWfZAkcs90QtEXVIc\", \"payment_status\": \"paid\", \"recovered_from\": null, \"wallet_options\": null, \"amount_subtotal\": 1000, \"adaptive_pricing\": {\"enabled\": true}, \"after_expiration\": null, \"customer_account\": null, \"customer_details\": {\"name\": \"bs\", \"email\": \"baljit+test@gmail.com\", \"phone\": null, \"address\": {\"city\": null, \"line1\": null, \"line2\": null, \"state\": null, \"country\": \"IN\", \"postal_code\": null}, \"tax_ids\": [], \"tax_exempt\": \"none\", \"business_name\": null, \"individual_name\": null}, \"invoice_creation\": {\"enabled\": false, \"invoice_data\": {\"footer\": null, \"issuer\": null, \"metadata\": [], \"description\": null, \"custom_fields\": null, \"account_tax_ids\": null, \"rendering_options\": null}}, \"managed_payments\": {\"enabled\": false}, \"shipping_options\": [], \"branding_settings\": {\"icon\": null, \"logo\": null, \"font_family\": \"default\", \"border_style\": \"rounded\", \"button_color\": \"#0074d4\", \"display_name\": \"test usa\", \"background_color\": \"#ffffff\"}, \"customer_creation\": \"if_required\", \"consent_collection\": null, \"client_reference_id\": null, \"currency_conversion\": null, \"payment_method_types\": [\"card\"], \"allow_promotion_codes\": null, \"collected_information\": null, \"integration_identifier\": null, \"payment_method_options\": {\"card\": {\"request_three_d_secure\": \"automatic\"}}, \"phone_number_collection\": {\"enabled\": false}, \"payment_method_collection\": \"if_required\", \"billing_address_collection\": null, \"shipping_address_collection\": null, \"saved_payment_method_options\": null, \"payment_method_configuration_details\": null}', '2026-06-08 08:38:25', '2026-06-08 08:38:41');
INSERT INTO `payments` (`id`, `user_id`, `source_type`, `reference_id`, `payment_method`, `transaction_id`, `amount`, `currency`, `payment_status`, `gateway_response`, `created_at`, `updated_at`) VALUES
(25, 5, 'ss_appointment', 4, 'cash', 'CASH-1BG4CCYVQ1', 10.00, 'USD', 'pending', NULL, '2026-06-08 08:49:30', '2026-06-08 08:49:30'),
(26, 5, 'ss_appointment', 4, 'cash', 'CASH-GY2LULXE5Z', 10.00, 'USD', 'pending', NULL, '2026-06-08 08:51:04', '2026-06-08 08:51:04'),
(27, 6, 'ss_promotion', 1, 'stripe', 'cs_test_a1uENM9kKz4Auq1qvsU1phexx0DYL2ML2De2B5m5ASR4Fxlb4gJnqJYtNF', 20.00, 'USD', 'paid', '{\"id\": \"cs_test_a1uENM9kKz4Auq1qvsU1phexx0DYL2ML2De2B5m5ASR4Fxlb4gJnqJYtNF\", \"url\": null, \"mode\": \"payment\", \"locale\": null, \"object\": \"checkout.session\", \"status\": \"complete\", \"consent\": null, \"created\": 1780929514, \"invoice\": null, \"ui_mode\": \"hosted_page\", \"currency\": \"usd\", \"customer\": null, \"livemode\": false, \"metadata\": [], \"discounts\": [], \"cancel_url\": \"http://localhost/buzzified/public/payment/checkout?amount=20.00&source_type=ss_promotion&reference_id=1&user_id=6&currency=USD\", \"expires_at\": 1781015914, \"custom_text\": {\"submit\": null, \"after_submit\": null, \"shipping_address\": null, \"terms_of_service_acceptance\": null}, \"permissions\": null, \"submit_type\": null, \"success_url\": \"http://localhost/buzzified/public/payment/callback?gateway=stripe&source_type=ss_promotion&reference_id=1&amount=20.00&currency=USD&user_id=6&session_id={CHECKOUT_SESSION_ID}\", \"amount_total\": 2000, \"payment_link\": null, \"setup_intent\": null, \"subscription\": null, \"automatic_tax\": {\"status\": null, \"enabled\": false, \"provider\": null, \"liability\": null}, \"client_secret\": null, \"custom_fields\": [], \"shipping_cost\": null, \"total_details\": {\"amount_tax\": 0, \"amount_discount\": 0, \"amount_shipping\": 0}, \"customer_email\": null, \"origin_context\": null, \"payment_intent\": \"pi_3Tg4KIAKWfZAkcs91FfLvDn0\", \"payment_status\": \"paid\", \"recovered_from\": null, \"wallet_options\": null, \"amount_subtotal\": 2000, \"adaptive_pricing\": {\"enabled\": true}, \"after_expiration\": null, \"customer_account\": null, \"customer_details\": {\"name\": \"bs ss\", \"email\": \"baljit.developer+3@gmail.com\", \"phone\": null, \"address\": {\"city\": null, \"line1\": null, \"line2\": null, \"state\": null, \"country\": \"IN\", \"postal_code\": null}, \"tax_ids\": [], \"tax_exempt\": \"none\", \"business_name\": null, \"individual_name\": null}, \"invoice_creation\": {\"enabled\": false, \"invoice_data\": {\"footer\": null, \"issuer\": null, \"metadata\": [], \"description\": null, \"custom_fields\": null, \"account_tax_ids\": null, \"rendering_options\": null}}, \"managed_payments\": {\"enabled\": false}, \"shipping_options\": [], \"branding_settings\": {\"icon\": null, \"logo\": null, \"font_family\": \"default\", \"border_style\": \"rounded\", \"button_color\": \"#0074d4\", \"display_name\": \"test usa\", \"background_color\": \"#ffffff\"}, \"customer_creation\": \"if_required\", \"consent_collection\": null, \"client_reference_id\": null, \"currency_conversion\": null, \"presentment_details\": {\"presentment_amount\": 198889, \"presentment_currency\": \"inr\"}, \"payment_method_types\": [\"card\"], \"allow_promotion_codes\": null, \"collected_information\": null, \"integration_identifier\": null, \"payment_method_options\": {\"card\": {\"request_three_d_secure\": \"automatic\"}}, \"phone_number_collection\": {\"enabled\": false}, \"payment_method_collection\": \"if_required\", \"billing_address_collection\": null, \"shipping_address_collection\": null, \"saved_payment_method_options\": null, \"payment_method_configuration_details\": null}', '2026-06-08 09:11:13', '2026-06-08 09:11:36'),
(28, 5, 'ss_appointment', 5, 'stripe', 'cs_test_a1eiehtKDc6EMzGfIuK15rc1KBuXwemz7QJEMcPlRo9Ng7Kqn00JHCxTut', 40.00, 'USD', 'paid', '{\"id\": \"cs_test_a1eiehtKDc6EMzGfIuK15rc1KBuXwemz7QJEMcPlRo9Ng7Kqn00JHCxTut\", \"url\": null, \"mode\": \"payment\", \"locale\": null, \"object\": \"checkout.session\", \"status\": \"complete\", \"consent\": null, \"created\": 1780992717, \"invoice\": null, \"ui_mode\": \"hosted_page\", \"currency\": \"usd\", \"customer\": null, \"livemode\": false, \"metadata\": [], \"discounts\": [], \"cancel_url\": \"http://localhost/buzzified/public/payment/checkout?amount=40.00&source_type=ss_appointment&reference_id=5&user_id=5&currency=USD\", \"expires_at\": 1781079117, \"custom_text\": {\"submit\": null, \"after_submit\": null, \"shipping_address\": null, \"terms_of_service_acceptance\": null}, \"permissions\": null, \"submit_type\": null, \"success_url\": \"http://localhost/buzzified/public/payment/callback?gateway=stripe&source_type=ss_appointment&reference_id=5&amount=40.00&currency=USD&user_id=5&session_id={CHECKOUT_SESSION_ID}\", \"amount_total\": 4000, \"payment_link\": null, \"setup_intent\": null, \"subscription\": null, \"automatic_tax\": {\"status\": null, \"enabled\": false, \"provider\": null, \"liability\": null}, \"client_secret\": null, \"custom_fields\": [], \"shipping_cost\": null, \"total_details\": {\"amount_tax\": 0, \"amount_discount\": 0, \"amount_shipping\": 0}, \"customer_email\": null, \"origin_context\": null, \"payment_intent\": \"pi_3TgKldAKWfZAkcs91iJLt0cG\", \"payment_status\": \"paid\", \"recovered_from\": null, \"wallet_options\": null, \"amount_subtotal\": 4000, \"adaptive_pricing\": {\"enabled\": true}, \"after_expiration\": null, \"customer_account\": null, \"customer_details\": {\"name\": \"bs\", \"email\": \"baljit+test@gmail.com\", \"phone\": null, \"address\": {\"city\": null, \"line1\": null, \"line2\": null, \"state\": null, \"country\": \"IN\", \"postal_code\": null}, \"tax_ids\": [], \"tax_exempt\": \"none\", \"business_name\": null, \"individual_name\": null}, \"invoice_creation\": {\"enabled\": false, \"invoice_data\": {\"footer\": null, \"issuer\": null, \"metadata\": [], \"description\": null, \"custom_fields\": null, \"account_tax_ids\": null, \"rendering_options\": null}}, \"managed_payments\": {\"enabled\": false}, \"shipping_options\": [], \"branding_settings\": {\"icon\": null, \"logo\": null, \"font_family\": \"default\", \"border_style\": \"rounded\", \"button_color\": \"#0074d4\", \"display_name\": \"test usa\", \"background_color\": \"#ffffff\"}, \"customer_creation\": \"if_required\", \"consent_collection\": null, \"client_reference_id\": null, \"currency_conversion\": null, \"presentment_details\": {\"presentment_amount\": 397622, \"presentment_currency\": \"inr\"}, \"payment_method_types\": [\"card\"], \"allow_promotion_codes\": null, \"collected_information\": null, \"integration_identifier\": null, \"payment_method_options\": {\"card\": {\"request_three_d_secure\": \"automatic\"}}, \"phone_number_collection\": {\"enabled\": false}, \"payment_method_collection\": \"if_required\", \"billing_address_collection\": null, \"shipping_address_collection\": null, \"saved_payment_method_options\": null, \"payment_method_configuration_details\": null}', '2026-06-09 02:44:37', '2026-06-09 02:44:57'),
(29, 5, 'ss_appointment', 6, 'stripe', 'cs_test_a1zdf4oXtV15tr6Lw356mot6FRUBOFFnkH1zXjHrOo0yWUKgHVFIrqhTzW', 30.00, 'USD', 'paid', '{\"id\": \"cs_test_a1zdf4oXtV15tr6Lw356mot6FRUBOFFnkH1zXjHrOo0yWUKgHVFIrqhTzW\", \"url\": null, \"mode\": \"payment\", \"locale\": null, \"object\": \"checkout.session\", \"status\": \"complete\", \"consent\": null, \"created\": 1780998018, \"invoice\": null, \"ui_mode\": \"hosted_page\", \"currency\": \"usd\", \"customer\": null, \"livemode\": false, \"metadata\": [], \"discounts\": [], \"cancel_url\": \"http://localhost/buzzified/public/payment/checkout?amount=30&source_type=ss_appointment&reference_id=6&user_id=5&currency=USD\", \"expires_at\": 1781084417, \"custom_text\": {\"submit\": null, \"after_submit\": null, \"shipping_address\": null, \"terms_of_service_acceptance\": null}, \"permissions\": null, \"submit_type\": null, \"success_url\": \"http://localhost/buzzified/public/payment/callback?gateway=stripe&source_type=ss_appointment&reference_id=6&amount=30&currency=USD&user_id=5&session_id={CHECKOUT_SESSION_ID}\", \"amount_total\": 3000, \"payment_link\": null, \"setup_intent\": null, \"subscription\": null, \"automatic_tax\": {\"status\": null, \"enabled\": false, \"provider\": null, \"liability\": null}, \"client_secret\": null, \"custom_fields\": [], \"shipping_cost\": null, \"total_details\": {\"amount_tax\": 0, \"amount_discount\": 0, \"amount_shipping\": 0}, \"customer_email\": null, \"origin_context\": null, \"payment_intent\": \"pi_3TgM9WAKWfZAkcs937vFmRl5\", \"payment_status\": \"paid\", \"recovered_from\": null, \"wallet_options\": null, \"amount_subtotal\": 3000, \"adaptive_pricing\": {\"enabled\": true}, \"after_expiration\": null, \"customer_account\": null, \"customer_details\": {\"name\": \"bs\", \"email\": \"baljit+test@gmail.com\", \"phone\": null, \"address\": {\"city\": null, \"line1\": null, \"line2\": null, \"state\": null, \"country\": \"IN\", \"postal_code\": null}, \"tax_ids\": [], \"tax_exempt\": \"none\", \"business_name\": null, \"individual_name\": null}, \"invoice_creation\": {\"enabled\": false, \"invoice_data\": {\"footer\": null, \"issuer\": null, \"metadata\": [], \"description\": null, \"custom_fields\": null, \"account_tax_ids\": null, \"rendering_options\": null}}, \"managed_payments\": {\"enabled\": false}, \"shipping_options\": [], \"branding_settings\": {\"icon\": null, \"logo\": null, \"font_family\": \"default\", \"border_style\": \"rounded\", \"button_color\": \"#0074d4\", \"display_name\": \"test usa\", \"background_color\": \"#ffffff\"}, \"customer_creation\": \"if_required\", \"consent_collection\": null, \"client_reference_id\": null, \"currency_conversion\": null, \"presentment_details\": {\"presentment_amount\": 297267, \"presentment_currency\": \"inr\"}, \"payment_method_types\": [\"card\"], \"allow_promotion_codes\": null, \"collected_information\": null, \"integration_identifier\": null, \"payment_method_options\": {\"card\": {\"request_three_d_secure\": \"automatic\"}}, \"phone_number_collection\": {\"enabled\": false}, \"payment_method_collection\": \"if_required\", \"billing_address_collection\": null, \"shipping_address_collection\": null, \"saved_payment_method_options\": null, \"payment_method_configuration_details\": null}', '2026-06-09 04:12:57', '2026-06-09 04:13:43'),
(30, 5, 'ss_appointment', 7, 'stripe', 'cs_test_a1rYDiax9bFpsYqroTkJEj9S0dslKxee6GPiUElt7uZ6z5l8Ky7sA11Ras', 10.00, 'USD', 'paid', '{\"id\": \"cs_test_a1rYDiax9bFpsYqroTkJEj9S0dslKxee6GPiUElt7uZ6z5l8Ky7sA11Ras\", \"url\": null, \"mode\": \"payment\", \"locale\": null, \"object\": \"checkout.session\", \"status\": \"complete\", \"consent\": null, \"created\": 1780998441, \"invoice\": null, \"ui_mode\": \"hosted_page\", \"currency\": \"usd\", \"customer\": null, \"livemode\": false, \"metadata\": [], \"discounts\": [], \"cancel_url\": \"http://localhost/buzzified/public/payment/checkout?amount=10&source_type=ss_appointment&reference_id=7&user_id=5&currency=USD\", \"expires_at\": 1781084841, \"custom_text\": {\"submit\": null, \"after_submit\": null, \"shipping_address\": null, \"terms_of_service_acceptance\": null}, \"permissions\": null, \"submit_type\": null, \"success_url\": \"http://localhost/buzzified/public/payment/callback?gateway=stripe&source_type=ss_appointment&reference_id=7&amount=10&currency=USD&user_id=5&session_id={CHECKOUT_SESSION_ID}\", \"amount_total\": 1000, \"payment_link\": null, \"setup_intent\": null, \"subscription\": null, \"automatic_tax\": {\"status\": null, \"enabled\": false, \"provider\": null, \"liability\": null}, \"client_secret\": null, \"custom_fields\": [], \"shipping_cost\": null, \"total_details\": {\"amount_tax\": 0, \"amount_discount\": 0, \"amount_shipping\": 0}, \"customer_email\": null, \"origin_context\": null, \"payment_intent\": \"pi_3TgMFtAKWfZAkcs9066IdaIO\", \"payment_status\": \"paid\", \"recovered_from\": null, \"wallet_options\": null, \"amount_subtotal\": 1000, \"adaptive_pricing\": {\"enabled\": true}, \"after_expiration\": null, \"customer_account\": null, \"customer_details\": {\"name\": \"bs\", \"email\": \"baljit+test@gmail.com\", \"phone\": null, \"address\": {\"city\": null, \"line1\": null, \"line2\": null, \"state\": null, \"country\": \"IN\", \"postal_code\": null}, \"tax_ids\": [], \"tax_exempt\": \"none\", \"business_name\": null, \"individual_name\": null}, \"invoice_creation\": {\"enabled\": false, \"invoice_data\": {\"footer\": null, \"issuer\": null, \"metadata\": [], \"description\": null, \"custom_fields\": null, \"account_tax_ids\": null, \"rendering_options\": null}}, \"managed_payments\": {\"enabled\": false}, \"shipping_options\": [], \"branding_settings\": {\"icon\": null, \"logo\": null, \"font_family\": \"default\", \"border_style\": \"rounded\", \"button_color\": \"#0074d4\", \"display_name\": \"test usa\", \"background_color\": \"#ffffff\"}, \"customer_creation\": \"if_required\", \"consent_collection\": null, \"client_reference_id\": null, \"currency_conversion\": null, \"presentment_details\": {\"presentment_amount\": 99089, \"presentment_currency\": \"inr\"}, \"payment_method_types\": [\"card\"], \"allow_promotion_codes\": null, \"collected_information\": null, \"integration_identifier\": null, \"payment_method_options\": {\"card\": {\"request_three_d_secure\": \"automatic\"}}, \"phone_number_collection\": {\"enabled\": false}, \"payment_method_collection\": \"if_required\", \"billing_address_collection\": null, \"shipping_address_collection\": null, \"saved_payment_method_options\": null, \"payment_method_configuration_details\": null}', '2026-06-09 04:20:01', '2026-06-09 04:20:17'),
(31, 5, 'da_appointment', 5, 'stripe', 'cs_test_a1Rzfa8yNRSrJ5G9p0spUhZ7gTLKkRx0ZV1ujuOzhPDzKb1uKDT5QeSftK', 50.00, 'USD', 'paid', '{\"id\": \"cs_test_a1Rzfa8yNRSrJ5G9p0spUhZ7gTLKkRx0ZV1ujuOzhPDzKb1uKDT5QeSftK\", \"url\": null, \"mode\": \"payment\", \"locale\": null, \"object\": \"checkout.session\", \"status\": \"complete\", \"consent\": null, \"created\": 1780998824, \"invoice\": null, \"ui_mode\": \"hosted_page\", \"currency\": \"usd\", \"customer\": null, \"livemode\": false, \"metadata\": [], \"discounts\": [], \"cancel_url\": \"http://localhost/buzzified/public/payment/checkout?amount=50&source_type=da_appointment&reference_id=5&user_id=5&currency=USD\", \"expires_at\": 1781085224, \"custom_text\": {\"submit\": null, \"after_submit\": null, \"shipping_address\": null, \"terms_of_service_acceptance\": null}, \"permissions\": null, \"submit_type\": null, \"success_url\": \"http://localhost/buzzified/public/payment/callback?gateway=stripe&source_type=da_appointment&reference_id=5&amount=50&currency=USD&user_id=5&session_id={CHECKOUT_SESSION_ID}\", \"amount_total\": 5000, \"payment_link\": null, \"setup_intent\": null, \"subscription\": null, \"automatic_tax\": {\"status\": null, \"enabled\": false, \"provider\": null, \"liability\": null}, \"client_secret\": null, \"custom_fields\": [], \"shipping_cost\": null, \"total_details\": {\"amount_tax\": 0, \"amount_discount\": 0, \"amount_shipping\": 0}, \"customer_email\": null, \"origin_context\": null, \"payment_intent\": \"pi_3TgMM3AKWfZAkcs90VENJ3Bb\", \"payment_status\": \"paid\", \"recovered_from\": null, \"wallet_options\": null, \"amount_subtotal\": 5000, \"adaptive_pricing\": {\"enabled\": true}, \"after_expiration\": null, \"customer_account\": null, \"customer_details\": {\"name\": \"bs\", \"email\": \"baljit+test@gmail.com\", \"phone\": null, \"address\": {\"city\": null, \"line1\": null, \"line2\": null, \"state\": null, \"country\": \"IN\", \"postal_code\": null}, \"tax_ids\": [], \"tax_exempt\": \"none\", \"business_name\": null, \"individual_name\": null}, \"invoice_creation\": {\"enabled\": false, \"invoice_data\": {\"footer\": null, \"issuer\": null, \"metadata\": [], \"description\": null, \"custom_fields\": null, \"account_tax_ids\": null, \"rendering_options\": null}}, \"managed_payments\": {\"enabled\": false}, \"shipping_options\": [], \"branding_settings\": {\"icon\": null, \"logo\": null, \"font_family\": \"default\", \"border_style\": \"rounded\", \"button_color\": \"#0074d4\", \"display_name\": \"test usa\", \"background_color\": \"#ffffff\"}, \"customer_creation\": \"if_required\", \"consent_collection\": null, \"client_reference_id\": null, \"currency_conversion\": null, \"presentment_details\": {\"presentment_amount\": 495446, \"presentment_currency\": \"inr\"}, \"payment_method_types\": [\"card\"], \"allow_promotion_codes\": null, \"collected_information\": null, \"integration_identifier\": null, \"payment_method_options\": {\"card\": {\"request_three_d_secure\": \"automatic\"}}, \"phone_number_collection\": {\"enabled\": false}, \"payment_method_collection\": \"if_required\", \"billing_address_collection\": null, \"shipping_address_collection\": null, \"saved_payment_method_options\": null, \"payment_method_configuration_details\": null}', '2026-06-09 04:26:24', '2026-06-09 04:26:39'),
(32, 5, 'da_appointment', 6, 'stripe', 'cs_test_a1ru5Mhx6BZpGIrDEJMY62Tt0XLeysFDxJSvQWqIBwx27gsbk0ndUIiJ7O', 50.00, 'USD', 'paid', '{\"id\": \"cs_test_a1ru5Mhx6BZpGIrDEJMY62Tt0XLeysFDxJSvQWqIBwx27gsbk0ndUIiJ7O\", \"url\": null, \"mode\": \"payment\", \"locale\": null, \"object\": \"checkout.session\", \"status\": \"complete\", \"consent\": null, \"created\": 1780999242, \"invoice\": null, \"ui_mode\": \"hosted_page\", \"currency\": \"usd\", \"customer\": null, \"livemode\": false, \"metadata\": [], \"discounts\": [], \"cancel_url\": \"http://localhost/buzzified/public/payment/checkout?amount=50&source_type=da_appointment&reference_id=6&user_id=5&currency=USD\", \"expires_at\": 1781085642, \"custom_text\": {\"submit\": null, \"after_submit\": null, \"shipping_address\": null, \"terms_of_service_acceptance\": null}, \"permissions\": null, \"submit_type\": null, \"success_url\": \"http://localhost/buzzified/public/payment/callback?gateway=stripe&source_type=da_appointment&reference_id=6&amount=50&currency=USD&user_id=5&session_id={CHECKOUT_SESSION_ID}\", \"amount_total\": 5000, \"payment_link\": null, \"setup_intent\": null, \"subscription\": null, \"automatic_tax\": {\"status\": null, \"enabled\": false, \"provider\": null, \"liability\": null}, \"client_secret\": null, \"custom_fields\": [], \"shipping_cost\": null, \"total_details\": {\"amount_tax\": 0, \"amount_discount\": 0, \"amount_shipping\": 0}, \"customer_email\": null, \"origin_context\": null, \"payment_intent\": \"pi_3TgMSwAKWfZAkcs936Wji88a\", \"payment_status\": \"paid\", \"recovered_from\": null, \"wallet_options\": null, \"amount_subtotal\": 5000, \"adaptive_pricing\": {\"enabled\": true}, \"after_expiration\": null, \"customer_account\": null, \"customer_details\": {\"name\": \"bs\", \"email\": \"baljit+test@gmail.com\", \"phone\": null, \"address\": {\"city\": null, \"line1\": null, \"line2\": null, \"state\": null, \"country\": \"IN\", \"postal_code\": null}, \"tax_ids\": [], \"tax_exempt\": \"none\", \"business_name\": null, \"individual_name\": null}, \"invoice_creation\": {\"enabled\": false, \"invoice_data\": {\"footer\": null, \"issuer\": null, \"metadata\": [], \"description\": null, \"custom_fields\": null, \"account_tax_ids\": null, \"rendering_options\": null}}, \"managed_payments\": {\"enabled\": false}, \"shipping_options\": [], \"branding_settings\": {\"icon\": null, \"logo\": null, \"font_family\": \"default\", \"border_style\": \"rounded\", \"button_color\": \"#0074d4\", \"display_name\": \"test usa\", \"background_color\": \"#ffffff\"}, \"customer_creation\": \"if_required\", \"consent_collection\": null, \"client_reference_id\": null, \"currency_conversion\": null, \"presentment_details\": {\"presentment_amount\": 495446, \"presentment_currency\": \"inr\"}, \"payment_method_types\": [\"card\"], \"allow_promotion_codes\": null, \"collected_information\": null, \"integration_identifier\": null, \"payment_method_options\": {\"card\": {\"request_three_d_secure\": \"automatic\"}}, \"phone_number_collection\": {\"enabled\": false}, \"payment_method_collection\": \"if_required\", \"billing_address_collection\": null, \"shipping_address_collection\": null, \"saved_payment_method_options\": null, \"payment_method_configuration_details\": null}', '2026-06-09 04:33:21', '2026-06-09 04:33:46'),
(33, 5, 'da_appointment', 7, 'stripe', 'cs_test_a1yZKTrre7OUCrTDDbBz18wCiYVtRiSLwssoCX0WKecG9s7zO4b9G2fya2', 50.00, 'USD', 'paid', '{\"id\": \"cs_test_a1yZKTrre7OUCrTDDbBz18wCiYVtRiSLwssoCX0WKecG9s7zO4b9G2fya2\", \"url\": null, \"mode\": \"payment\", \"locale\": null, \"object\": \"checkout.session\", \"status\": \"complete\", \"consent\": null, \"created\": 1780999635, \"invoice\": null, \"ui_mode\": \"hosted_page\", \"currency\": \"usd\", \"customer\": null, \"livemode\": false, \"metadata\": [], \"discounts\": [], \"cancel_url\": \"http://localhost/buzzified/public/payment/checkout?amount=50&source_type=da_appointment&reference_id=7&user_id=5&currency=USD\", \"expires_at\": 1781086035, \"custom_text\": {\"submit\": null, \"after_submit\": null, \"shipping_address\": null, \"terms_of_service_acceptance\": null}, \"permissions\": null, \"submit_type\": null, \"success_url\": \"http://localhost/buzzified/public/payment/callback?gateway=stripe&source_type=da_appointment&reference_id=7&amount=50&currency=USD&user_id=5&session_id={CHECKOUT_SESSION_ID}\", \"amount_total\": 5000, \"payment_link\": null, \"setup_intent\": null, \"subscription\": null, \"automatic_tax\": {\"status\": null, \"enabled\": false, \"provider\": null, \"liability\": null}, \"client_secret\": null, \"custom_fields\": [], \"shipping_cost\": null, \"total_details\": {\"amount_tax\": 0, \"amount_discount\": 0, \"amount_shipping\": 0}, \"customer_email\": null, \"origin_context\": null, \"payment_intent\": \"pi_3TgMZKAKWfZAkcs92U0VD6Pw\", \"payment_status\": \"paid\", \"recovered_from\": null, \"wallet_options\": null, \"amount_subtotal\": 5000, \"adaptive_pricing\": {\"enabled\": true}, \"after_expiration\": null, \"customer_account\": null, \"customer_details\": {\"name\": \"bs\", \"email\": \"baljit+test@gmail.com\", \"phone\": null, \"address\": {\"city\": null, \"line1\": null, \"line2\": null, \"state\": null, \"country\": \"IN\", \"postal_code\": null}, \"tax_ids\": [], \"tax_exempt\": \"none\", \"business_name\": null, \"individual_name\": null}, \"invoice_creation\": {\"enabled\": false, \"invoice_data\": {\"footer\": null, \"issuer\": null, \"metadata\": [], \"description\": null, \"custom_fields\": null, \"account_tax_ids\": null, \"rendering_options\": null}}, \"managed_payments\": {\"enabled\": false}, \"shipping_options\": [], \"branding_settings\": {\"icon\": null, \"logo\": null, \"font_family\": \"default\", \"border_style\": \"rounded\", \"button_color\": \"#0074d4\", \"display_name\": \"test usa\", \"background_color\": \"#ffffff\"}, \"customer_creation\": \"if_required\", \"consent_collection\": null, \"client_reference_id\": null, \"currency_conversion\": null, \"presentment_details\": {\"presentment_amount\": 495819, \"presentment_currency\": \"inr\"}, \"payment_method_types\": [\"card\"], \"allow_promotion_codes\": null, \"collected_information\": null, \"integration_identifier\": null, \"payment_method_options\": {\"card\": {\"request_three_d_secure\": \"automatic\"}}, \"phone_number_collection\": {\"enabled\": false}, \"payment_method_collection\": \"if_required\", \"billing_address_collection\": null, \"shipping_address_collection\": null, \"saved_payment_method_options\": null, \"payment_method_configuration_details\": null}', '2026-06-09 04:39:55', '2026-06-09 04:40:30'),
(34, 5, 'ft_appointment', 6, 'stripe', 'cs_test_a1JqDQxI6XIyfFN0imrlYxM4uxF7CVzo3qH3UvO8Nsy9CTU9zIH6P6Upsi', 100.00, 'USD', 'paid', '{\"id\": \"cs_test_a1JqDQxI6XIyfFN0imrlYxM4uxF7CVzo3qH3UvO8Nsy9CTU9zIH6P6Upsi\", \"url\": null, \"mode\": \"payment\", \"locale\": null, \"object\": \"checkout.session\", \"status\": \"complete\", \"consent\": null, \"created\": 1781163022, \"invoice\": null, \"ui_mode\": \"hosted_page\", \"currency\": \"usd\", \"customer\": null, \"livemode\": false, \"metadata\": [], \"discounts\": [], \"cancel_url\": \"http://localhost/buzzified/public/payment/checkout?amount=100&source_type=ft_appointment&reference_id=6&user_id=5&currency=USD\", \"expires_at\": 1781249422, \"custom_text\": {\"submit\": null, \"after_submit\": null, \"shipping_address\": null, \"terms_of_service_acceptance\": null}, \"permissions\": null, \"submit_type\": null, \"success_url\": \"http://localhost/buzzified/public/payment/callback?gateway=stripe&source_type=ft_appointment&reference_id=6&amount=100&currency=USD&user_id=5&session_id={CHECKOUT_SESSION_ID}\", \"amount_total\": 10000, \"payment_link\": null, \"setup_intent\": null, \"subscription\": null, \"automatic_tax\": {\"status\": null, \"enabled\": false, \"provider\": null, \"liability\": null}, \"client_secret\": null, \"custom_fields\": [], \"shipping_cost\": null, \"total_details\": {\"amount_tax\": 0, \"amount_discount\": 0, \"amount_shipping\": 0}, \"customer_email\": null, \"origin_context\": null, \"payment_intent\": \"pi_3Th34SAKWfZAkcs93cQZcNod\", \"payment_status\": \"paid\", \"recovered_from\": null, \"wallet_options\": null, \"amount_subtotal\": 10000, \"adaptive_pricing\": {\"enabled\": true}, \"after_expiration\": null, \"customer_account\": null, \"customer_details\": {\"name\": \"bs\", \"email\": \"baljit+test@gmail.com\", \"phone\": null, \"address\": {\"city\": null, \"line1\": null, \"line2\": null, \"state\": null, \"country\": \"IN\", \"postal_code\": null}, \"tax_ids\": [], \"tax_exempt\": \"none\", \"business_name\": null, \"individual_name\": null}, \"invoice_creation\": {\"enabled\": false, \"invoice_data\": {\"footer\": null, \"issuer\": null, \"metadata\": [], \"description\": null, \"custom_fields\": null, \"account_tax_ids\": null, \"rendering_options\": null}}, \"managed_payments\": {\"enabled\": false}, \"shipping_options\": [], \"branding_settings\": {\"icon\": null, \"logo\": null, \"font_family\": \"default\", \"border_style\": \"rounded\", \"button_color\": \"#0074d4\", \"display_name\": \"test usa\", \"background_color\": \"#ffffff\"}, \"customer_creation\": \"if_required\", \"consent_collection\": null, \"client_reference_id\": null, \"currency_conversion\": null, \"presentment_details\": {\"presentment_amount\": 995339, \"presentment_currency\": \"inr\"}, \"payment_method_types\": [\"card\"], \"allow_promotion_codes\": null, \"collected_information\": null, \"integration_identifier\": null, \"payment_method_options\": {\"card\": {\"request_three_d_secure\": \"automatic\"}}, \"phone_number_collection\": {\"enabled\": false}, \"payment_method_collection\": \"if_required\", \"billing_address_collection\": null, \"shipping_address_collection\": null, \"saved_payment_method_options\": null, \"payment_method_configuration_details\": null}', '2026-06-11 02:03:03', '2026-06-11 02:03:22'),
(35, 5, 'ft_appointment', 7, 'stripe', 'cs_test_a1RjRIwj5Fe60iH9ufbsMq3l0YdRr8vZGGtTY3psliMbuj5RN9yUrKQ46y', 20.00, 'USD', 'paid', '{\"id\": \"cs_test_a1RjRIwj5Fe60iH9ufbsMq3l0YdRr8vZGGtTY3psliMbuj5RN9yUrKQ46y\", \"url\": null, \"mode\": \"payment\", \"locale\": null, \"object\": \"checkout.session\", \"status\": \"complete\", \"consent\": null, \"created\": 1781169630, \"invoice\": null, \"ui_mode\": \"hosted_page\", \"currency\": \"usd\", \"customer\": null, \"livemode\": false, \"metadata\": [], \"discounts\": [], \"cancel_url\": \"http://localhost/buzzified/public/payment/checkout?amount=20&source_type=ft_appointment&reference_id=7&user_id=5&currency=USD\", \"expires_at\": 1781256030, \"custom_text\": {\"submit\": null, \"after_submit\": null, \"shipping_address\": null, \"terms_of_service_acceptance\": null}, \"permissions\": null, \"submit_type\": null, \"success_url\": \"http://localhost/buzzified/public/payment/callback?gateway=stripe&source_type=ft_appointment&reference_id=7&amount=20&currency=USD&user_id=5&session_id={CHECKOUT_SESSION_ID}\", \"amount_total\": 2000, \"payment_link\": null, \"setup_intent\": null, \"subscription\": null, \"automatic_tax\": {\"status\": null, \"enabled\": false, \"provider\": null, \"liability\": null}, \"client_secret\": null, \"custom_fields\": [], \"shipping_cost\": null, \"total_details\": {\"amount_tax\": 0, \"amount_discount\": 0, \"amount_shipping\": 0}, \"customer_email\": null, \"origin_context\": null, \"payment_intent\": \"pi_3Th4nJAKWfZAkcs90bBw5FXG\", \"payment_status\": \"paid\", \"recovered_from\": null, \"wallet_options\": null, \"amount_subtotal\": 2000, \"adaptive_pricing\": {\"enabled\": true}, \"after_expiration\": null, \"customer_account\": null, \"customer_details\": {\"name\": \"bs\", \"email\": \"baljit+test@gmail.com\", \"phone\": null, \"address\": {\"city\": null, \"line1\": null, \"line2\": null, \"state\": null, \"country\": \"IN\", \"postal_code\": null}, \"tax_ids\": [], \"tax_exempt\": \"none\", \"business_name\": null, \"individual_name\": null}, \"invoice_creation\": {\"enabled\": false, \"invoice_data\": {\"footer\": null, \"issuer\": null, \"metadata\": [], \"description\": null, \"custom_fields\": null, \"account_tax_ids\": null, \"rendering_options\": null}}, \"managed_payments\": {\"enabled\": false}, \"shipping_options\": [], \"branding_settings\": {\"icon\": null, \"logo\": null, \"font_family\": \"default\", \"border_style\": \"rounded\", \"button_color\": \"#0074d4\", \"display_name\": \"test usa\", \"background_color\": \"#ffffff\"}, \"customer_creation\": \"if_required\", \"consent_collection\": null, \"client_reference_id\": null, \"currency_conversion\": null, \"presentment_details\": {\"presentment_amount\": 199115, \"presentment_currency\": \"inr\"}, \"payment_method_types\": [\"card\"], \"allow_promotion_codes\": null, \"collected_information\": null, \"integration_identifier\": null, \"payment_method_options\": {\"card\": {\"request_three_d_secure\": \"automatic\"}}, \"phone_number_collection\": {\"enabled\": false}, \"payment_method_collection\": \"if_required\", \"billing_address_collection\": null, \"shipping_address_collection\": null, \"saved_payment_method_options\": null, \"payment_method_configuration_details\": null}', '2026-06-11 03:53:11', '2026-06-11 03:53:46'),
(36, 5, 'ft_appointment', 11, 'cash', 'CASH-MIL7JKXMKD', 20.00, 'USD', 'pending', NULL, '2026-06-11 04:09:08', '2026-06-11 04:09:08'),
(37, 5, 'ft_appointment', 11, 'cash', 'CASH-QNLGTFGVY9', 20.00, 'USD', 'pending', NULL, '2026-06-11 04:10:34', '2026-06-11 04:10:34'),
(38, 5, 'ft_appointment', 12, 'stripe', 'cs_test_a1T5dcRl0DQ8fCsuDmFchwA3h6dWzmblRBqQd4az2jHajTpuKhRHH5wiZN', 100.00, 'USD', 'paid', '{\"id\": \"cs_test_a1T5dcRl0DQ8fCsuDmFchwA3h6dWzmblRBqQd4az2jHajTpuKhRHH5wiZN\", \"url\": null, \"mode\": \"payment\", \"locale\": null, \"object\": \"checkout.session\", \"status\": \"complete\", \"consent\": null, \"created\": 1781171647, \"invoice\": null, \"ui_mode\": \"hosted_page\", \"currency\": \"usd\", \"customer\": null, \"livemode\": false, \"metadata\": [], \"discounts\": [], \"cancel_url\": \"http://localhost/buzzified/public/payment/checkout?amount=100&source_type=ft_appointment&reference_id=12&user_id=5&currency=USD\", \"expires_at\": 1781258047, \"custom_text\": {\"submit\": null, \"after_submit\": null, \"shipping_address\": null, \"terms_of_service_acceptance\": null}, \"permissions\": null, \"submit_type\": null, \"success_url\": \"http://localhost/buzzified/public/payment/callback?gateway=stripe&source_type=ft_appointment&reference_id=12&amount=100&currency=USD&user_id=5&session_id={CHECKOUT_SESSION_ID}\", \"amount_total\": 10000, \"payment_link\": null, \"setup_intent\": null, \"subscription\": null, \"automatic_tax\": {\"status\": null, \"enabled\": false, \"provider\": null, \"liability\": null}, \"client_secret\": null, \"custom_fields\": [], \"shipping_cost\": null, \"total_details\": {\"amount_tax\": 0, \"amount_discount\": 0, \"amount_shipping\": 0}, \"customer_email\": null, \"origin_context\": null, \"payment_intent\": \"pi_3Th5JWAKWfZAkcs92MwnWxNS\", \"payment_status\": \"paid\", \"recovered_from\": null, \"wallet_options\": null, \"amount_subtotal\": 10000, \"adaptive_pricing\": {\"enabled\": true}, \"after_expiration\": null, \"customer_account\": null, \"customer_details\": {\"name\": \"bs\", \"email\": \"baljit+test@gmail.com\", \"phone\": null, \"address\": {\"city\": null, \"line1\": null, \"line2\": null, \"state\": null, \"country\": \"IN\", \"postal_code\": null}, \"tax_ids\": [], \"tax_exempt\": \"none\", \"business_name\": null, \"individual_name\": null}, \"invoice_creation\": {\"enabled\": false, \"invoice_data\": {\"footer\": null, \"issuer\": null, \"metadata\": [], \"description\": null, \"custom_fields\": null, \"account_tax_ids\": null, \"rendering_options\": null}}, \"managed_payments\": {\"enabled\": false}, \"shipping_options\": [], \"branding_settings\": {\"icon\": null, \"logo\": null, \"font_family\": \"default\", \"border_style\": \"rounded\", \"button_color\": \"#0074d4\", \"display_name\": \"test usa\", \"background_color\": \"#ffffff\"}, \"customer_creation\": \"if_required\", \"consent_collection\": null, \"client_reference_id\": null, \"currency_conversion\": null, \"presentment_details\": {\"presentment_amount\": 995577, \"presentment_currency\": \"inr\"}, \"payment_method_types\": [\"card\"], \"allow_promotion_codes\": null, \"collected_information\": null, \"integration_identifier\": null, \"payment_method_options\": {\"card\": {\"request_three_d_secure\": \"automatic\"}}, \"phone_number_collection\": {\"enabled\": false}, \"payment_method_collection\": \"if_required\", \"billing_address_collection\": null, \"shipping_address_collection\": null, \"saved_payment_method_options\": null, \"payment_method_configuration_details\": null}', '2026-06-11 04:26:48', '2026-06-11 04:27:03'),
(39, 5, 'ft_appointment', 13, 'cash', 'CASH-ERKOLEWZDF', 100.00, 'USD', 'pending', NULL, '2026-06-11 05:11:54', '2026-06-11 05:11:54'),
(40, 5, 'ft_class', 6, 'stripe', 'cs_test_a1baSuqdRx7NrYG7JUzfgIfQFkbSdLdlWN9LWLP5at4UYdqaBa4CxBjHRR', 70.00, 'USD', 'paid', '{\"id\": \"cs_test_a1baSuqdRx7NrYG7JUzfgIfQFkbSdLdlWN9LWLP5at4UYdqaBa4CxBjHRR\", \"url\": null, \"mode\": \"payment\", \"locale\": null, \"object\": \"checkout.session\", \"status\": \"complete\", \"consent\": null, \"created\": 1781265339, \"invoice\": null, \"ui_mode\": \"hosted_page\", \"currency\": \"usd\", \"customer\": null, \"livemode\": false, \"metadata\": [], \"discounts\": [], \"cancel_url\": \"http://localhost/buzzified/public/payment/checkout?amount=70&source_type=ft_class&reference_id=6&user_id=5&currency=USD\", \"expires_at\": 1781351739, \"custom_text\": {\"submit\": null, \"after_submit\": null, \"shipping_address\": null, \"terms_of_service_acceptance\": null}, \"permissions\": null, \"submit_type\": null, \"success_url\": \"http://localhost/buzzified/public/payment/callback?gateway=stripe&source_type=ft_class&reference_id=6&amount=70&currency=USD&user_id=5&session_id={CHECKOUT_SESSION_ID}\", \"amount_total\": 7000, \"payment_link\": null, \"setup_intent\": null, \"subscription\": null, \"automatic_tax\": {\"status\": null, \"enabled\": false, \"provider\": null, \"liability\": null}, \"client_secret\": null, \"custom_fields\": [], \"shipping_cost\": null, \"total_details\": {\"amount_tax\": 0, \"amount_discount\": 0, \"amount_shipping\": 0}, \"customer_email\": null, \"origin_context\": null, \"payment_intent\": \"pi_3ThTggAKWfZAkcs92Mq6N0bv\", \"payment_status\": \"paid\", \"recovered_from\": null, \"wallet_options\": null, \"amount_subtotal\": 7000, \"adaptive_pricing\": {\"enabled\": true}, \"after_expiration\": null, \"customer_account\": null, \"customer_details\": {\"name\": \"bs\", \"email\": \"baljit+test@gmail.com\", \"phone\": null, \"address\": {\"city\": null, \"line1\": null, \"line2\": null, \"state\": null, \"country\": \"IN\", \"postal_code\": null}, \"tax_ids\": [], \"tax_exempt\": \"none\", \"business_name\": null, \"individual_name\": null}, \"invoice_creation\": {\"enabled\": false, \"invoice_data\": {\"footer\": null, \"issuer\": null, \"metadata\": [], \"description\": null, \"custom_fields\": null, \"account_tax_ids\": null, \"rendering_options\": null}}, \"managed_payments\": {\"enabled\": false}, \"shipping_options\": [], \"branding_settings\": {\"icon\": null, \"logo\": null, \"font_family\": \"default\", \"border_style\": \"rounded\", \"button_color\": \"#0074d4\", \"display_name\": \"test usa\", \"background_color\": \"#ffffff\"}, \"customer_creation\": \"if_required\", \"consent_collection\": null, \"client_reference_id\": null, \"currency_conversion\": null, \"presentment_details\": {\"presentment_amount\": 692812, \"presentment_currency\": \"inr\"}, \"payment_method_types\": [\"card\"], \"allow_promotion_codes\": null, \"collected_information\": null, \"integration_identifier\": null, \"payment_method_options\": {\"card\": {\"request_three_d_secure\": \"automatic\"}}, \"phone_number_collection\": {\"enabled\": false}, \"payment_method_collection\": \"if_required\", \"billing_address_collection\": null, \"shipping_address_collection\": null, \"saved_payment_method_options\": null, \"payment_method_configuration_details\": null}', '2026-06-12 06:28:21', '2026-06-12 06:28:37'),
(41, 5, 'ft_class', 1, 'stripe', 'cs_test_a13XujTgwfmlcQYXtW5YtzKLdIs57dKrH2IiTaFmBvkwQsHPrOY0WVAi5f', 70.00, 'USD', 'paid', '{\"id\": \"cs_test_a13XujTgwfmlcQYXtW5YtzKLdIs57dKrH2IiTaFmBvkwQsHPrOY0WVAi5f\", \"url\": null, \"mode\": \"payment\", \"locale\": null, \"object\": \"checkout.session\", \"status\": \"complete\", \"consent\": null, \"created\": 1781265968, \"invoice\": null, \"ui_mode\": \"hosted_page\", \"currency\": \"usd\", \"customer\": null, \"livemode\": false, \"metadata\": [], \"discounts\": [], \"cancel_url\": \"http://localhost/buzzified/public/payment/checkout?amount=70&source_type=ft_class&reference_id=1&user_id=5&currency=USD\", \"expires_at\": 1781352367, \"custom_text\": {\"submit\": null, \"after_submit\": null, \"shipping_address\": null, \"terms_of_service_acceptance\": null}, \"permissions\": null, \"submit_type\": null, \"success_url\": \"http://localhost/buzzified/public/payment/callback?gateway=stripe&source_type=ft_class&reference_id=1&amount=70&currency=USD&user_id=5&session_id={CHECKOUT_SESSION_ID}\", \"amount_total\": 7000, \"payment_link\": null, \"setup_intent\": null, \"subscription\": null, \"automatic_tax\": {\"status\": null, \"enabled\": false, \"provider\": null, \"liability\": null}, \"client_secret\": null, \"custom_fields\": [], \"shipping_cost\": null, \"total_details\": {\"amount_tax\": 0, \"amount_discount\": 0, \"amount_shipping\": 0}, \"customer_email\": null, \"origin_context\": null, \"payment_intent\": \"pi_3ThTqqAKWfZAkcs92Lzr5ZuA\", \"payment_status\": \"paid\", \"recovered_from\": null, \"wallet_options\": null, \"amount_subtotal\": 7000, \"adaptive_pricing\": {\"enabled\": true}, \"after_expiration\": null, \"customer_account\": null, \"customer_details\": {\"name\": \"bs\", \"email\": \"baljit+test@gmail.com\", \"phone\": null, \"address\": {\"city\": null, \"line1\": null, \"line2\": null, \"state\": null, \"country\": \"IN\", \"postal_code\": null}, \"tax_ids\": [], \"tax_exempt\": \"none\", \"business_name\": null, \"individual_name\": null}, \"invoice_creation\": {\"enabled\": false, \"invoice_data\": {\"footer\": null, \"issuer\": null, \"metadata\": [], \"description\": null, \"custom_fields\": null, \"account_tax_ids\": null, \"rendering_options\": null}}, \"managed_payments\": {\"enabled\": false}, \"shipping_options\": [], \"branding_settings\": {\"icon\": null, \"logo\": null, \"font_family\": \"default\", \"border_style\": \"rounded\", \"button_color\": \"#0074d4\", \"display_name\": \"test usa\", \"background_color\": \"#ffffff\"}, \"customer_creation\": \"if_required\", \"consent_collection\": null, \"client_reference_id\": null, \"currency_conversion\": null, \"presentment_details\": {\"presentment_amount\": 692825, \"presentment_currency\": \"inr\"}, \"payment_method_types\": [\"card\"], \"allow_promotion_codes\": null, \"collected_information\": null, \"integration_identifier\": null, \"payment_method_options\": {\"card\": {\"request_three_d_secure\": \"automatic\"}}, \"phone_number_collection\": {\"enabled\": false}, \"payment_method_collection\": \"if_required\", \"billing_address_collection\": null, \"shipping_address_collection\": null, \"saved_payment_method_options\": null, \"payment_method_configuration_details\": null}', '2026-06-12 06:38:50', '2026-06-12 06:39:06'),
(42, 5, 'ft_class', 3, 'stripe', 'cs_test_a105IqHRdghwtEyTtOCIKUESIcT6hVCiC326TlmZJbdntvtysrSWN9AMvA', 70.00, 'USD', 'paid', '{\"id\": \"cs_test_a105IqHRdghwtEyTtOCIKUESIcT6hVCiC326TlmZJbdntvtysrSWN9AMvA\", \"url\": null, \"mode\": \"payment\", \"locale\": null, \"object\": \"checkout.session\", \"status\": \"complete\", \"consent\": null, \"created\": 1781266718, \"invoice\": null, \"ui_mode\": \"hosted_page\", \"currency\": \"usd\", \"customer\": null, \"livemode\": false, \"metadata\": [], \"discounts\": [], \"cancel_url\": \"http://localhost/buzzified/public/payment/checkout?amount=70&source_type=ft_class&reference_id=3&user_id=5&currency=USD\", \"expires_at\": 1781353118, \"custom_text\": {\"submit\": null, \"after_submit\": null, \"shipping_address\": null, \"terms_of_service_acceptance\": null}, \"permissions\": null, \"submit_type\": null, \"success_url\": \"http://localhost/buzzified/public/payment/callback?gateway=stripe&source_type=ft_class&reference_id=3&amount=70&currency=USD&user_id=5&session_id={CHECKOUT_SESSION_ID}\", \"amount_total\": 7000, \"payment_link\": null, \"setup_intent\": null, \"subscription\": null, \"automatic_tax\": {\"status\": null, \"enabled\": false, \"provider\": null, \"liability\": null}, \"client_secret\": null, \"custom_fields\": [], \"shipping_cost\": null, \"total_details\": {\"amount_tax\": 0, \"amount_discount\": 0, \"amount_shipping\": 0}, \"customer_email\": null, \"origin_context\": null, \"payment_intent\": \"pi_3ThU33AKWfZAkcs93Bgr4p2V\", \"payment_status\": \"paid\", \"recovered_from\": null, \"wallet_options\": null, \"amount_subtotal\": 7000, \"adaptive_pricing\": {\"enabled\": true}, \"after_expiration\": null, \"customer_account\": null, \"customer_details\": {\"name\": \"bs\", \"email\": \"baljit+test@gmail.com\", \"phone\": null, \"address\": {\"city\": null, \"line1\": null, \"line2\": null, \"state\": null, \"country\": \"IN\", \"postal_code\": null}, \"tax_ids\": [], \"tax_exempt\": \"none\", \"business_name\": null, \"individual_name\": null}, \"invoice_creation\": {\"enabled\": false, \"invoice_data\": {\"footer\": null, \"issuer\": null, \"metadata\": [], \"description\": null, \"custom_fields\": null, \"account_tax_ids\": null, \"rendering_options\": null}}, \"managed_payments\": {\"enabled\": false}, \"shipping_options\": [], \"branding_settings\": {\"icon\": null, \"logo\": null, \"font_family\": \"default\", \"border_style\": \"rounded\", \"button_color\": \"#0074d4\", \"display_name\": \"test usa\", \"background_color\": \"#ffffff\"}, \"customer_creation\": \"if_required\", \"consent_collection\": null, \"client_reference_id\": null, \"currency_conversion\": null, \"presentment_details\": {\"presentment_amount\": 692825, \"presentment_currency\": \"inr\"}, \"payment_method_types\": [\"card\"], \"allow_promotion_codes\": null, \"collected_information\": null, \"integration_identifier\": null, \"payment_method_options\": {\"card\": {\"request_three_d_secure\": \"automatic\"}}, \"phone_number_collection\": {\"enabled\": false}, \"payment_method_collection\": \"if_required\", \"billing_address_collection\": null, \"shipping_address_collection\": null, \"saved_payment_method_options\": null, \"payment_method_configuration_details\": null}', '2026-06-12 06:51:20', '2026-06-12 06:51:44'),
(43, 5, 'ft_class', 4, 'stripe', 'cs_test_a1jJSZeWthDIQB6i1Q6DX4FDzdIzdIbIaGBKy66ezbAOUxB2xbcvLGx1zd', 70.00, 'USD', 'paid', '{\"id\": \"cs_test_a1jJSZeWthDIQB6i1Q6DX4FDzdIzdIbIaGBKy66ezbAOUxB2xbcvLGx1zd\", \"url\": null, \"mode\": \"payment\", \"locale\": null, \"object\": \"checkout.session\", \"status\": \"complete\", \"consent\": null, \"created\": 1781266879, \"invoice\": null, \"ui_mode\": \"hosted_page\", \"currency\": \"usd\", \"customer\": null, \"livemode\": false, \"metadata\": [], \"discounts\": [], \"cancel_url\": \"http://localhost/buzzified/public/payment/checkout?amount=70&source_type=ft_class&reference_id=4&user_id=5&currency=USD\", \"expires_at\": 1781353279, \"custom_text\": {\"submit\": null, \"after_submit\": null, \"shipping_address\": null, \"terms_of_service_acceptance\": null}, \"permissions\": null, \"submit_type\": null, \"success_url\": \"http://localhost/buzzified/public/payment/callback?gateway=stripe&source_type=ft_class&reference_id=4&amount=70&currency=USD&user_id=5&session_id={CHECKOUT_SESSION_ID}\", \"amount_total\": 7000, \"payment_link\": null, \"setup_intent\": null, \"subscription\": null, \"automatic_tax\": {\"status\": null, \"enabled\": false, \"provider\": null, \"liability\": null}, \"client_secret\": null, \"custom_fields\": [], \"shipping_cost\": null, \"total_details\": {\"amount_tax\": 0, \"amount_discount\": 0, \"amount_shipping\": 0}, \"customer_email\": null, \"origin_context\": null, \"payment_intent\": \"pi_3ThU5XAKWfZAkcs90NDSFs5u\", \"payment_status\": \"paid\", \"recovered_from\": null, \"wallet_options\": null, \"amount_subtotal\": 7000, \"adaptive_pricing\": {\"enabled\": true}, \"after_expiration\": null, \"customer_account\": null, \"customer_details\": {\"name\": \"bs\", \"email\": \"baljit+test@gmail.com\", \"phone\": null, \"address\": {\"city\": null, \"line1\": null, \"line2\": null, \"state\": null, \"country\": \"IN\", \"postal_code\": null}, \"tax_ids\": [], \"tax_exempt\": \"none\", \"business_name\": null, \"individual_name\": null}, \"invoice_creation\": {\"enabled\": false, \"invoice_data\": {\"footer\": null, \"issuer\": null, \"metadata\": [], \"description\": null, \"custom_fields\": null, \"account_tax_ids\": null, \"rendering_options\": null}}, \"managed_payments\": {\"enabled\": false}, \"shipping_options\": [], \"branding_settings\": {\"icon\": null, \"logo\": null, \"font_family\": \"default\", \"border_style\": \"rounded\", \"button_color\": \"#0074d4\", \"display_name\": \"test usa\", \"background_color\": \"#ffffff\"}, \"customer_creation\": \"if_required\", \"consent_collection\": null, \"client_reference_id\": null, \"currency_conversion\": null, \"presentment_details\": {\"presentment_amount\": 692825, \"presentment_currency\": \"inr\"}, \"payment_method_types\": [\"card\"], \"allow_promotion_codes\": null, \"collected_information\": null, \"integration_identifier\": null, \"payment_method_options\": {\"card\": {\"request_three_d_secure\": \"automatic\"}}, \"phone_number_collection\": {\"enabled\": false}, \"payment_method_collection\": \"if_required\", \"billing_address_collection\": null, \"shipping_address_collection\": null, \"saved_payment_method_options\": null, \"payment_method_configuration_details\": null}', '2026-06-12 06:54:02', '2026-06-12 06:54:19');
INSERT INTO `payments` (`id`, `user_id`, `source_type`, `reference_id`, `payment_method`, `transaction_id`, `amount`, `currency`, `payment_status`, `gateway_response`, `created_at`, `updated_at`) VALUES
(44, 5, 'ft_class', 5, 'stripe', 'cs_test_a1MfqcX38whNp0PNDBZ9hFl84Sr2nmM70JM4ZS02RIi3IKjHuBSnLOU7fD', 50.00, 'USD', 'paid', '{\"id\": \"cs_test_a1MfqcX38whNp0PNDBZ9hFl84Sr2nmM70JM4ZS02RIi3IKjHuBSnLOU7fD\", \"url\": null, \"mode\": \"payment\", \"locale\": null, \"object\": \"checkout.session\", \"status\": \"complete\", \"consent\": null, \"created\": 1781268923, \"invoice\": null, \"ui_mode\": \"hosted_page\", \"currency\": \"usd\", \"customer\": null, \"livemode\": false, \"metadata\": [], \"discounts\": [], \"cancel_url\": \"http://localhost/buzzified/public/payment/checkout?amount=50&source_type=ft_class&reference_id=5&user_id=5&currency=USD\", \"expires_at\": 1781355323, \"custom_text\": {\"submit\": null, \"after_submit\": null, \"shipping_address\": null, \"terms_of_service_acceptance\": null}, \"permissions\": null, \"submit_type\": null, \"success_url\": \"http://localhost/buzzified/public/payment/callback?gateway=stripe&source_type=ft_class&reference_id=5&amount=50&currency=USD&user_id=5&session_id={CHECKOUT_SESSION_ID}\", \"amount_total\": 5000, \"payment_link\": null, \"setup_intent\": null, \"subscription\": null, \"automatic_tax\": {\"status\": null, \"enabled\": false, \"provider\": null, \"liability\": null}, \"client_secret\": null, \"custom_fields\": [], \"shipping_cost\": null, \"total_details\": {\"amount_tax\": 0, \"amount_discount\": 0, \"amount_shipping\": 0}, \"customer_email\": null, \"origin_context\": null, \"payment_intent\": \"pi_3ThUcYAKWfZAkcs92YU1u8E5\", \"payment_status\": \"paid\", \"recovered_from\": null, \"wallet_options\": null, \"amount_subtotal\": 5000, \"adaptive_pricing\": {\"enabled\": true}, \"after_expiration\": null, \"customer_account\": null, \"customer_details\": {\"name\": \"bs\", \"email\": \"baljit+test@gmail.com\", \"phone\": null, \"address\": {\"city\": null, \"line1\": null, \"line2\": null, \"state\": null, \"country\": \"IN\", \"postal_code\": null}, \"tax_ids\": [], \"tax_exempt\": \"none\", \"business_name\": null, \"individual_name\": null}, \"invoice_creation\": {\"enabled\": false, \"invoice_data\": {\"footer\": null, \"issuer\": null, \"metadata\": [], \"description\": null, \"custom_fields\": null, \"account_tax_ids\": null, \"rendering_options\": null}}, \"managed_payments\": {\"enabled\": false}, \"shipping_options\": [], \"branding_settings\": {\"icon\": null, \"logo\": null, \"font_family\": \"default\", \"border_style\": \"rounded\", \"button_color\": \"#0074d4\", \"display_name\": \"test usa\", \"background_color\": \"#ffffff\"}, \"customer_creation\": \"if_required\", \"consent_collection\": null, \"client_reference_id\": null, \"currency_conversion\": null, \"presentment_details\": {\"presentment_amount\": 494875, \"presentment_currency\": \"inr\"}, \"payment_method_types\": [\"card\"], \"allow_promotion_codes\": null, \"collected_information\": null, \"integration_identifier\": null, \"payment_method_options\": {\"card\": {\"request_three_d_secure\": \"automatic\"}}, \"phone_number_collection\": {\"enabled\": false}, \"payment_method_collection\": \"if_required\", \"billing_address_collection\": null, \"shipping_address_collection\": null, \"saved_payment_method_options\": null, \"payment_method_configuration_details\": null}', '2026-06-12 07:28:06', '2026-06-12 07:28:31'),
(45, 5, 'ft_program', 3, 'stripe', 'cs_test_a1I2DwNGvsCCPlL3QLSeDec0EPyDp6eargV46FbGjbelSZepsF6az7Klif', 100.00, 'USD', 'paid', '{\"id\": \"cs_test_a1I2DwNGvsCCPlL3QLSeDec0EPyDp6eargV46FbGjbelSZepsF6az7Klif\", \"url\": null, \"mode\": \"payment\", \"locale\": null, \"object\": \"checkout.session\", \"status\": \"complete\", \"consent\": null, \"created\": 1781270374, \"invoice\": null, \"ui_mode\": \"hosted_page\", \"currency\": \"usd\", \"customer\": null, \"livemode\": false, \"metadata\": [], \"discounts\": [], \"cancel_url\": \"http://localhost/buzzified/public/payment/checkout?amount=100&source_type=ft_program&reference_id=3&user_id=5&currency=USD\", \"expires_at\": 1781356773, \"custom_text\": {\"submit\": null, \"after_submit\": null, \"shipping_address\": null, \"terms_of_service_acceptance\": null}, \"permissions\": null, \"submit_type\": null, \"success_url\": \"http://localhost/buzzified/public/payment/callback?gateway=stripe&source_type=ft_program&reference_id=3&amount=100&currency=USD&user_id=5&session_id={CHECKOUT_SESSION_ID}\", \"amount_total\": 10000, \"payment_link\": null, \"setup_intent\": null, \"subscription\": null, \"automatic_tax\": {\"status\": null, \"enabled\": false, \"provider\": null, \"liability\": null}, \"client_secret\": null, \"custom_fields\": [], \"shipping_cost\": null, \"total_details\": {\"amount_tax\": 0, \"amount_discount\": 0, \"amount_shipping\": 0}, \"customer_email\": null, \"origin_context\": null, \"payment_intent\": \"pi_3ThUzsAKWfZAkcs920buW9pK\", \"payment_status\": \"paid\", \"recovered_from\": null, \"wallet_options\": null, \"amount_subtotal\": 10000, \"adaptive_pricing\": {\"enabled\": true}, \"after_expiration\": null, \"customer_account\": null, \"customer_details\": {\"name\": \"bs\", \"email\": \"baljit+test@gmail.com\", \"phone\": null, \"address\": {\"city\": null, \"line1\": null, \"line2\": null, \"state\": null, \"country\": \"IN\", \"postal_code\": null}, \"tax_ids\": [], \"tax_exempt\": \"none\", \"business_name\": null, \"individual_name\": null}, \"invoice_creation\": {\"enabled\": false, \"invoice_data\": {\"footer\": null, \"issuer\": null, \"metadata\": [], \"description\": null, \"custom_fields\": null, \"account_tax_ids\": null, \"rendering_options\": null}}, \"managed_payments\": {\"enabled\": false}, \"shipping_options\": [], \"branding_settings\": {\"icon\": null, \"logo\": null, \"font_family\": \"default\", \"border_style\": \"rounded\", \"button_color\": \"#0074d4\", \"display_name\": \"test usa\", \"background_color\": \"#ffffff\"}, \"customer_creation\": \"if_required\", \"consent_collection\": null, \"client_reference_id\": null, \"currency_conversion\": null, \"presentment_details\": {\"presentment_amount\": 990090, \"presentment_currency\": \"inr\"}, \"payment_method_types\": [\"card\"], \"allow_promotion_codes\": null, \"collected_information\": null, \"integration_identifier\": null, \"payment_method_options\": {\"card\": {\"request_three_d_secure\": \"automatic\"}}, \"phone_number_collection\": {\"enabled\": false}, \"payment_method_collection\": \"if_required\", \"billing_address_collection\": null, \"shipping_address_collection\": null, \"saved_payment_method_options\": null, \"payment_method_configuration_details\": null}', '2026-06-12 07:52:16', '2026-06-12 07:52:30'),
(46, 5, 'ft_program', 4, 'stripe', 'cs_test_a1LRV4WyPi83iGrmIzx1gf0SrPlag6zbvStXdo68GFIdXZ7F0aWH0r3AOD', 100.00, 'USD', 'paid', '{\"id\": \"cs_test_a1LRV4WyPi83iGrmIzx1gf0SrPlag6zbvStXdo68GFIdXZ7F0aWH0r3AOD\", \"url\": null, \"mode\": \"payment\", \"locale\": null, \"object\": \"checkout.session\", \"status\": \"complete\", \"consent\": null, \"created\": 1781270464, \"invoice\": null, \"ui_mode\": \"hosted_page\", \"currency\": \"usd\", \"customer\": null, \"livemode\": false, \"metadata\": [], \"discounts\": [], \"cancel_url\": \"http://localhost/buzzified/public/payment/checkout?amount=100&source_type=ft_program&reference_id=4&user_id=5&currency=USD\", \"expires_at\": 1781356864, \"custom_text\": {\"submit\": null, \"after_submit\": null, \"shipping_address\": null, \"terms_of_service_acceptance\": null}, \"permissions\": null, \"submit_type\": null, \"success_url\": \"http://localhost/buzzified/public/payment/callback?gateway=stripe&source_type=ft_program&reference_id=4&amount=100&currency=USD&user_id=5&session_id={CHECKOUT_SESSION_ID}\", \"amount_total\": 10000, \"payment_link\": null, \"setup_intent\": null, \"subscription\": null, \"automatic_tax\": {\"status\": null, \"enabled\": false, \"provider\": null, \"liability\": null}, \"client_secret\": null, \"custom_fields\": [], \"shipping_cost\": null, \"total_details\": {\"amount_tax\": 0, \"amount_discount\": 0, \"amount_shipping\": 0}, \"customer_email\": null, \"origin_context\": null, \"payment_intent\": \"pi_3ThV1PAKWfZAkcs92RB353KK\", \"payment_status\": \"paid\", \"recovered_from\": null, \"wallet_options\": null, \"amount_subtotal\": 10000, \"adaptive_pricing\": {\"enabled\": true}, \"after_expiration\": null, \"customer_account\": null, \"customer_details\": {\"name\": \"bs\", \"email\": \"baljit+test@gmail.com\", \"phone\": null, \"address\": {\"city\": null, \"line1\": null, \"line2\": null, \"state\": null, \"country\": \"IN\", \"postal_code\": null}, \"tax_ids\": [], \"tax_exempt\": \"none\", \"business_name\": null, \"individual_name\": null}, \"invoice_creation\": {\"enabled\": false, \"invoice_data\": {\"footer\": null, \"issuer\": null, \"metadata\": [], \"description\": null, \"custom_fields\": null, \"account_tax_ids\": null, \"rendering_options\": null}}, \"managed_payments\": {\"enabled\": false}, \"shipping_options\": [], \"branding_settings\": {\"icon\": null, \"logo\": null, \"font_family\": \"default\", \"border_style\": \"rounded\", \"button_color\": \"#0074d4\", \"display_name\": \"test usa\", \"background_color\": \"#ffffff\"}, \"customer_creation\": \"if_required\", \"consent_collection\": null, \"client_reference_id\": null, \"currency_conversion\": null, \"presentment_details\": {\"presentment_amount\": 990090, \"presentment_currency\": \"inr\"}, \"payment_method_types\": [\"card\"], \"allow_promotion_codes\": null, \"collected_information\": null, \"integration_identifier\": null, \"payment_method_options\": {\"card\": {\"request_three_d_secure\": \"automatic\"}}, \"phone_number_collection\": {\"enabled\": false}, \"payment_method_collection\": \"if_required\", \"billing_address_collection\": null, \"shipping_address_collection\": null, \"saved_payment_method_options\": null, \"payment_method_configuration_details\": null}', '2026-06-12 07:53:47', '2026-06-12 07:54:06'),
(47, 5, 'ft_program', 5, 'stripe', 'cs_test_a1Lo1JYPf9lhrDAtExuigu8lPGn6bYpYNDoBwYQ3r8FH76oDsgqOSLYSxR', 100.00, 'USD', 'paid', '{\"id\": \"cs_test_a1Lo1JYPf9lhrDAtExuigu8lPGn6bYpYNDoBwYQ3r8FH76oDsgqOSLYSxR\", \"url\": null, \"mode\": \"payment\", \"locale\": null, \"object\": \"checkout.session\", \"status\": \"complete\", \"consent\": null, \"created\": 1781270852, \"invoice\": null, \"ui_mode\": \"hosted_page\", \"currency\": \"usd\", \"customer\": null, \"livemode\": false, \"metadata\": [], \"discounts\": [], \"cancel_url\": \"http://localhost/buzzified/public/payment/checkout?amount=100&source_type=ft_program&reference_id=5&user_id=5&currency=USD\", \"expires_at\": 1781357252, \"custom_text\": {\"submit\": null, \"after_submit\": null, \"shipping_address\": null, \"terms_of_service_acceptance\": null}, \"permissions\": null, \"submit_type\": null, \"success_url\": \"http://localhost/buzzified/public/payment/callback?gateway=stripe&source_type=ft_program&reference_id=5&amount=100&currency=USD&user_id=5&session_id={CHECKOUT_SESSION_ID}\", \"amount_total\": 10000, \"payment_link\": null, \"setup_intent\": null, \"subscription\": null, \"automatic_tax\": {\"status\": null, \"enabled\": false, \"provider\": null, \"liability\": null}, \"client_secret\": null, \"custom_fields\": [], \"shipping_cost\": null, \"total_details\": {\"amount_tax\": 0, \"amount_discount\": 0, \"amount_shipping\": 0}, \"customer_email\": null, \"origin_context\": null, \"payment_intent\": \"pi_3ThV7dAKWfZAkcs902uPaeY0\", \"payment_status\": \"paid\", \"recovered_from\": null, \"wallet_options\": null, \"amount_subtotal\": 10000, \"adaptive_pricing\": {\"enabled\": true}, \"after_expiration\": null, \"customer_account\": null, \"customer_details\": {\"name\": \"bs\", \"email\": \"baljit+test@gmail.com\", \"phone\": null, \"address\": {\"city\": null, \"line1\": null, \"line2\": null, \"state\": null, \"country\": \"IN\", \"postal_code\": null}, \"tax_ids\": [], \"tax_exempt\": \"none\", \"business_name\": null, \"individual_name\": null}, \"invoice_creation\": {\"enabled\": false, \"invoice_data\": {\"footer\": null, \"issuer\": null, \"metadata\": [], \"description\": null, \"custom_fields\": null, \"account_tax_ids\": null, \"rendering_options\": null}}, \"managed_payments\": {\"enabled\": false}, \"shipping_options\": [], \"branding_settings\": {\"icon\": null, \"logo\": null, \"font_family\": \"default\", \"border_style\": \"rounded\", \"button_color\": \"#0074d4\", \"display_name\": \"test usa\", \"background_color\": \"#ffffff\"}, \"customer_creation\": \"if_required\", \"consent_collection\": null, \"client_reference_id\": null, \"currency_conversion\": null, \"presentment_details\": {\"presentment_amount\": 990090, \"presentment_currency\": \"inr\"}, \"payment_method_types\": [\"card\"], \"allow_promotion_codes\": null, \"collected_information\": null, \"integration_identifier\": null, \"payment_method_options\": {\"card\": {\"request_three_d_secure\": \"automatic\"}}, \"phone_number_collection\": {\"enabled\": false}, \"payment_method_collection\": \"if_required\", \"billing_address_collection\": null, \"shipping_address_collection\": null, \"saved_payment_method_options\": null, \"payment_method_configuration_details\": null}', '2026-06-12 08:00:15', '2026-06-12 08:00:32'),
(48, 5, 'ft_membership', 4, 'stripe', 'cs_test_a1szCoQdovkhIFJEgCd38H0vN1Xy1BlwCp9dxgWT6wi848OEakVzhEPuhq', 200.00, 'USD', 'paid', '{\"id\": \"cs_test_a1szCoQdovkhIFJEgCd38H0vN1Xy1BlwCp9dxgWT6wi848OEakVzhEPuhq\", \"url\": null, \"mode\": \"payment\", \"locale\": null, \"object\": \"checkout.session\", \"status\": \"complete\", \"consent\": null, \"created\": 1781273485, \"invoice\": null, \"ui_mode\": \"hosted_page\", \"currency\": \"usd\", \"customer\": null, \"livemode\": false, \"metadata\": [], \"discounts\": [], \"cancel_url\": \"http://localhost/buzzified/public/payment/checkout?amount=200&source_type=ft_membership&reference_id=4&user_id=5&currency=USD\", \"expires_at\": 1781359885, \"custom_text\": {\"submit\": null, \"after_submit\": null, \"shipping_address\": null, \"terms_of_service_acceptance\": null}, \"permissions\": null, \"submit_type\": null, \"success_url\": \"http://localhost/buzzified/public/payment/callback?gateway=stripe&source_type=ft_membership&reference_id=4&amount=200&currency=USD&user_id=5&session_id={CHECKOUT_SESSION_ID}\", \"amount_total\": 20000, \"payment_link\": null, \"setup_intent\": null, \"subscription\": null, \"automatic_tax\": {\"status\": null, \"enabled\": false, \"provider\": null, \"liability\": null}, \"client_secret\": null, \"custom_fields\": [], \"shipping_cost\": null, \"total_details\": {\"amount_tax\": 0, \"amount_discount\": 0, \"amount_shipping\": 0}, \"customer_email\": null, \"origin_context\": null, \"payment_intent\": \"pi_3ThVo6AKWfZAkcs909KqOXcu\", \"payment_status\": \"paid\", \"recovered_from\": null, \"wallet_options\": null, \"amount_subtotal\": 20000, \"adaptive_pricing\": {\"enabled\": true}, \"after_expiration\": null, \"customer_account\": null, \"customer_details\": {\"name\": \"bs\", \"email\": \"baljit+test@gmail.com\", \"phone\": null, \"address\": {\"city\": null, \"line1\": null, \"line2\": null, \"state\": null, \"country\": \"IN\", \"postal_code\": null}, \"tax_ids\": [], \"tax_exempt\": \"none\", \"business_name\": null, \"individual_name\": null}, \"invoice_creation\": {\"enabled\": false, \"invoice_data\": {\"footer\": null, \"issuer\": null, \"metadata\": [], \"description\": null, \"custom_fields\": null, \"account_tax_ids\": null, \"rendering_options\": null}}, \"managed_payments\": {\"enabled\": false}, \"shipping_options\": [], \"branding_settings\": {\"icon\": null, \"logo\": null, \"font_family\": \"default\", \"border_style\": \"rounded\", \"button_color\": \"#0074d4\", \"display_name\": \"test usa\", \"background_color\": \"#ffffff\"}, \"customer_creation\": \"if_required\", \"consent_collection\": null, \"client_reference_id\": null, \"currency_conversion\": null, \"presentment_details\": {\"presentment_amount\": 1975005, \"presentment_currency\": \"inr\"}, \"payment_method_types\": [\"card\"], \"allow_promotion_codes\": null, \"collected_information\": null, \"integration_identifier\": null, \"payment_method_options\": {\"card\": {\"request_three_d_secure\": \"automatic\"}}, \"phone_number_collection\": {\"enabled\": false}, \"payment_method_collection\": \"if_required\", \"billing_address_collection\": null, \"shipping_address_collection\": null, \"saved_payment_method_options\": null, \"payment_method_configuration_details\": null}', '2026-06-12 08:44:07', '2026-06-12 08:44:25'),
(49, 5, 'ft_membership', 2, 'stripe', 'cs_test_a1SiIgm6MXSn40pnCOMlPLKzrD52nJ4pgMirrAQor4QuT3MU2g3vAkbGxp', 80.00, 'USD', 'paid', '{\"id\": \"cs_test_a1SiIgm6MXSn40pnCOMlPLKzrD52nJ4pgMirrAQor4QuT3MU2g3vAkbGxp\", \"url\": null, \"mode\": \"payment\", \"locale\": null, \"object\": \"checkout.session\", \"status\": \"complete\", \"consent\": null, \"created\": 1781274916, \"invoice\": null, \"ui_mode\": \"hosted_page\", \"currency\": \"usd\", \"customer\": null, \"livemode\": false, \"metadata\": [], \"discounts\": [], \"cancel_url\": \"http://localhost/buzzified/public/payment/checkout?amount=80&source_type=ft_membership&reference_id=2&user_id=5&currency=USD\", \"expires_at\": 1781361316, \"custom_text\": {\"submit\": null, \"after_submit\": null, \"shipping_address\": null, \"terms_of_service_acceptance\": null}, \"permissions\": null, \"submit_type\": null, \"success_url\": \"http://localhost/buzzified/public/payment/callback?gateway=stripe&source_type=ft_membership&reference_id=2&amount=80&currency=USD&user_id=5&session_id={CHECKOUT_SESSION_ID}\", \"amount_total\": 8000, \"payment_link\": null, \"setup_intent\": null, \"subscription\": null, \"automatic_tax\": {\"status\": null, \"enabled\": false, \"provider\": null, \"liability\": null}, \"client_secret\": null, \"custom_fields\": [], \"shipping_cost\": null, \"total_details\": {\"amount_tax\": 0, \"amount_discount\": 0, \"amount_shipping\": 0}, \"customer_email\": null, \"origin_context\": null, \"payment_intent\": \"pi_3ThWBAAKWfZAkcs91olCqK7J\", \"payment_status\": \"paid\", \"recovered_from\": null, \"wallet_options\": null, \"amount_subtotal\": 8000, \"adaptive_pricing\": {\"enabled\": true}, \"after_expiration\": null, \"customer_account\": null, \"customer_details\": {\"name\": \"bs\", \"email\": \"baljit+test@gmail.com\", \"phone\": null, \"address\": {\"city\": null, \"line1\": null, \"line2\": null, \"state\": null, \"country\": \"IN\", \"postal_code\": null}, \"tax_ids\": [], \"tax_exempt\": \"none\", \"business_name\": null, \"individual_name\": null}, \"invoice_creation\": {\"enabled\": false, \"invoice_data\": {\"footer\": null, \"issuer\": null, \"metadata\": [], \"description\": null, \"custom_fields\": null, \"account_tax_ids\": null, \"rendering_options\": null}}, \"managed_payments\": {\"enabled\": false}, \"shipping_options\": [], \"branding_settings\": {\"icon\": null, \"logo\": null, \"font_family\": \"default\", \"border_style\": \"rounded\", \"button_color\": \"#0074d4\", \"display_name\": \"test usa\", \"background_color\": \"#ffffff\"}, \"customer_creation\": \"if_required\", \"consent_collection\": null, \"client_reference_id\": null, \"currency_conversion\": null, \"presentment_details\": {\"presentment_amount\": 791906, \"presentment_currency\": \"inr\"}, \"payment_method_types\": [\"card\"], \"allow_promotion_codes\": null, \"collected_information\": null, \"integration_identifier\": null, \"payment_method_options\": {\"card\": {\"request_three_d_secure\": \"automatic\"}}, \"phone_number_collection\": {\"enabled\": false}, \"payment_method_collection\": \"if_required\", \"billing_address_collection\": null, \"shipping_address_collection\": null, \"saved_payment_method_options\": null, \"payment_method_configuration_details\": null}', '2026-06-12 08:58:05', '2026-06-12 09:08:15'),
(50, 5, 'ft_membership', 1, 'stripe', 'cs_test_a1ytJKXg8MexStEVjfXAy7jKmGBw0P7vnl6MTFOardU0xnckoEqlYCfNg1', 80.00, 'USD', 'paid', '{\"id\": \"cs_test_a1ytJKXg8MexStEVjfXAy7jKmGBw0P7vnl6MTFOardU0xnckoEqlYCfNg1\", \"url\": null, \"mode\": \"payment\", \"locale\": null, \"object\": \"checkout.session\", \"status\": \"complete\", \"consent\": null, \"created\": 1781274435, \"invoice\": null, \"ui_mode\": \"hosted_page\", \"currency\": \"usd\", \"customer\": null, \"livemode\": false, \"metadata\": [], \"discounts\": [], \"cancel_url\": \"http://localhost/buzzified/public/payment/checkout?amount=80&source_type=ft_membership&reference_id=1&user_id=5&currency=USD\", \"expires_at\": 1781360835, \"custom_text\": {\"submit\": null, \"after_submit\": null, \"shipping_address\": null, \"terms_of_service_acceptance\": null}, \"permissions\": null, \"submit_type\": null, \"success_url\": \"http://localhost/buzzified/public/payment/callback?gateway=stripe&source_type=ft_membership&reference_id=1&amount=80&currency=USD&user_id=5&session_id={CHECKOUT_SESSION_ID}\", \"amount_total\": 8000, \"payment_link\": null, \"setup_intent\": null, \"subscription\": null, \"automatic_tax\": {\"status\": null, \"enabled\": false, \"provider\": null, \"liability\": null}, \"client_secret\": null, \"custom_fields\": [], \"shipping_cost\": null, \"total_details\": {\"amount_tax\": 0, \"amount_discount\": 0, \"amount_shipping\": 0}, \"customer_email\": null, \"origin_context\": null, \"payment_intent\": \"pi_3ThW3ZAKWfZAkcs93CHrL6Iv\", \"payment_status\": \"paid\", \"recovered_from\": null, \"wallet_options\": null, \"amount_subtotal\": 8000, \"adaptive_pricing\": {\"enabled\": true}, \"after_expiration\": null, \"customer_account\": null, \"customer_details\": {\"name\": \"bs\", \"email\": \"baljit+test@gmail.com\", \"phone\": null, \"address\": {\"city\": null, \"line1\": null, \"line2\": null, \"state\": null, \"country\": \"IN\", \"postal_code\": null}, \"tax_ids\": [], \"tax_exempt\": \"none\", \"business_name\": null, \"individual_name\": null}, \"invoice_creation\": {\"enabled\": false, \"invoice_data\": {\"footer\": null, \"issuer\": null, \"metadata\": [], \"description\": null, \"custom_fields\": null, \"account_tax_ids\": null, \"rendering_options\": null}}, \"managed_payments\": {\"enabled\": false}, \"shipping_options\": [], \"branding_settings\": {\"icon\": null, \"logo\": null, \"font_family\": \"default\", \"border_style\": \"rounded\", \"button_color\": \"#0074d4\", \"display_name\": \"test usa\", \"background_color\": \"#ffffff\"}, \"customer_creation\": \"if_required\", \"consent_collection\": null, \"client_reference_id\": null, \"currency_conversion\": null, \"presentment_details\": {\"presentment_amount\": 791906, \"presentment_currency\": \"inr\"}, \"payment_method_types\": [\"card\"], \"allow_promotion_codes\": null, \"collected_information\": null, \"integration_identifier\": null, \"payment_method_options\": {\"card\": {\"request_three_d_secure\": \"automatic\"}}, \"phone_number_collection\": {\"enabled\": false}, \"payment_method_collection\": \"if_required\", \"billing_address_collection\": null, \"shipping_address_collection\": null, \"saved_payment_method_options\": null, \"payment_method_configuration_details\": null}', '2026-06-12 08:59:57', '2026-06-12 09:00:24'),
(51, 6, 'ft_promotion', 1, 'stripe', 'cs_test_a1IMIrL4FOgNp2eo560tkw16iRWtTUisNZqKZnXNOLbzye0oQm62HCLWQS', 20.00, 'USD', 'paid', '{\"id\": \"cs_test_a1IMIrL4FOgNp2eo560tkw16iRWtTUisNZqKZnXNOLbzye0oQm62HCLWQS\", \"url\": null, \"mode\": \"payment\", \"locale\": null, \"object\": \"checkout.session\", \"status\": \"complete\", \"consent\": null, \"created\": 1781349306, \"invoice\": null, \"ui_mode\": \"hosted_page\", \"currency\": \"usd\", \"customer\": null, \"livemode\": false, \"metadata\": [], \"discounts\": [], \"cancel_url\": \"http://localhost/buzzified/public/payment/checkout?amount=20.00&source_type=ft_promotion&reference_id=1&user_id=6&currency=USD\", \"expires_at\": 1781435706, \"custom_text\": {\"submit\": null, \"after_submit\": null, \"shipping_address\": null, \"terms_of_service_acceptance\": null}, \"permissions\": null, \"submit_type\": null, \"success_url\": \"http://localhost/buzzified/public/payment/callback?gateway=stripe&source_type=ft_promotion&reference_id=1&amount=20.00&currency=USD&user_id=6&session_id={CHECKOUT_SESSION_ID}\", \"amount_total\": 2000, \"payment_link\": null, \"setup_intent\": null, \"subscription\": null, \"automatic_tax\": {\"status\": null, \"enabled\": false, \"provider\": null, \"liability\": null}, \"client_secret\": null, \"custom_fields\": [], \"shipping_cost\": null, \"total_details\": {\"amount_tax\": 0, \"amount_discount\": 0, \"amount_shipping\": 0}, \"customer_email\": null, \"origin_context\": null, \"payment_intent\": \"pi_3ThpXPAKWfZAkcs92gvrnEM7\", \"payment_status\": \"paid\", \"recovered_from\": null, \"wallet_options\": null, \"amount_subtotal\": 2000, \"adaptive_pricing\": {\"enabled\": true}, \"after_expiration\": null, \"customer_account\": null, \"customer_details\": {\"name\": \"bs ss\", \"email\": \"baljit.developer+3@gmail.com\", \"phone\": null, \"address\": {\"city\": null, \"line1\": null, \"line2\": null, \"state\": null, \"country\": \"IN\", \"postal_code\": null}, \"tax_ids\": [], \"tax_exempt\": \"none\", \"business_name\": null, \"individual_name\": null}, \"invoice_creation\": {\"enabled\": false, \"invoice_data\": {\"footer\": null, \"issuer\": null, \"metadata\": [], \"description\": null, \"custom_fields\": null, \"account_tax_ids\": null, \"rendering_options\": null}}, \"managed_payments\": {\"enabled\": false}, \"shipping_options\": [], \"branding_settings\": {\"icon\": null, \"logo\": null, \"font_family\": \"default\", \"border_style\": \"rounded\", \"button_color\": \"#0074d4\", \"display_name\": \"test usa\", \"background_color\": \"#ffffff\"}, \"customer_creation\": \"if_required\", \"consent_collection\": null, \"client_reference_id\": null, \"currency_conversion\": null, \"presentment_details\": {\"presentment_amount\": 198016, \"presentment_currency\": \"inr\"}, \"payment_method_types\": [\"card\"], \"allow_promotion_codes\": null, \"collected_information\": null, \"integration_identifier\": null, \"payment_method_options\": {\"card\": {\"request_three_d_secure\": \"automatic\"}}, \"phone_number_collection\": {\"enabled\": false}, \"payment_method_collection\": \"if_required\", \"billing_address_collection\": null, \"shipping_address_collection\": null, \"saved_payment_method_options\": null, \"payment_method_configuration_details\": null}', '2026-06-13 05:45:01', '2026-06-13 05:48:32'),
(52, 5, 'pd_parcel', 3, 'stripe', 'cs_test_a1KVIt0ARJN2t3eJJfzufvVjd5qNDKSv1IHpvj8s417z3Nc4ISn40a8YR9', 25.89, 'USD', 'paid', '{\"id\": \"cs_test_a1KVIt0ARJN2t3eJJfzufvVjd5qNDKSv1IHpvj8s417z3Nc4ISn40a8YR9\", \"url\": null, \"mode\": \"payment\", \"locale\": null, \"object\": \"checkout.session\", \"status\": \"complete\", \"consent\": null, \"created\": 1781854816, \"invoice\": null, \"ui_mode\": \"hosted_page\", \"currency\": \"usd\", \"customer\": null, \"livemode\": false, \"metadata\": [], \"discounts\": [], \"cancel_url\": \"http://localhost/buzzified/public/payment/checkout?amount=25.893477657728&source_type=pd_parcel&reference_id=3&user_id=5&currency=USD\", \"expires_at\": 1781941215, \"custom_text\": {\"submit\": null, \"after_submit\": null, \"shipping_address\": null, \"terms_of_service_acceptance\": null}, \"permissions\": null, \"submit_type\": null, \"success_url\": \"http://localhost/buzzified/public/payment/callback?gateway=stripe&source_type=pd_parcel&reference_id=3&amount=25.893477657728&currency=USD&user_id=5&session_id={CHECKOUT_SESSION_ID}\", \"amount_total\": 2589, \"payment_link\": null, \"setup_intent\": null, \"subscription\": null, \"automatic_tax\": {\"status\": null, \"enabled\": false, \"provider\": null, \"liability\": null}, \"client_secret\": null, \"custom_fields\": [], \"shipping_cost\": null, \"total_details\": {\"amount_tax\": 0, \"amount_discount\": 0, \"amount_shipping\": 0}, \"customer_email\": null, \"origin_context\": null, \"payment_intent\": \"pi_3Tjx2NAKWfZAkcs92x4PewK9\", \"payment_status\": \"paid\", \"recovered_from\": null, \"wallet_options\": null, \"amount_subtotal\": 2589, \"adaptive_pricing\": {\"enabled\": true}, \"after_expiration\": null, \"customer_account\": null, \"customer_details\": {\"name\": \"bs\", \"email\": \"baljit+test@gmail.com\", \"phone\": null, \"address\": {\"city\": null, \"line1\": null, \"line2\": null, \"state\": null, \"country\": \"IN\", \"postal_code\": null}, \"tax_ids\": [], \"tax_exempt\": \"none\", \"business_name\": null, \"individual_name\": null}, \"invoice_creation\": {\"enabled\": false, \"invoice_data\": {\"footer\": null, \"issuer\": null, \"metadata\": [], \"description\": null, \"custom_fields\": null, \"account_tax_ids\": null, \"rendering_options\": null}}, \"managed_payments\": {\"enabled\": false}, \"shipping_options\": [], \"branding_settings\": {\"icon\": null, \"logo\": null, \"font_family\": \"default\", \"border_style\": \"rounded\", \"button_color\": \"#0074d4\", \"display_name\": \"test usa\", \"background_color\": \"#ffffff\"}, \"customer_creation\": \"if_required\", \"consent_collection\": null, \"client_reference_id\": null, \"currency_conversion\": null, \"payment_method_types\": [\"card\"], \"allow_promotion_codes\": null, \"collected_information\": null, \"integration_identifier\": null, \"payment_method_options\": {\"card\": {\"request_three_d_secure\": \"automatic\"}}, \"phone_number_collection\": {\"enabled\": false}, \"payment_method_collection\": \"if_required\", \"billing_address_collection\": null, \"shipping_address_collection\": null, \"saved_payment_method_options\": null, \"payment_method_configuration_details\": null}', '2026-06-19 02:13:06', '2026-06-19 02:13:22'),
(53, 5, 'pd_parcel', 4, 'stripe', 'cs_test_a18eYOXfKBtgKKRgwZOam4lIhoSLfMPpqpdLKddNwvsd95uTWc51cpkUZQ', 35.00, 'USD', 'paid', '{\"id\": \"cs_test_a18eYOXfKBtgKKRgwZOam4lIhoSLfMPpqpdLKddNwvsd95uTWc51cpkUZQ\", \"url\": null, \"mode\": \"payment\", \"locale\": null, \"object\": \"checkout.session\", \"status\": \"complete\", \"consent\": null, \"created\": 1781857098, \"invoice\": null, \"ui_mode\": \"hosted_page\", \"currency\": \"usd\", \"customer\": null, \"livemode\": false, \"metadata\": [], \"discounts\": [], \"cancel_url\": \"http://localhost/buzzified/public/payment/checkout?amount=35.002621139574&source_type=pd_parcel&reference_id=4&user_id=5&currency=USD\", \"expires_at\": 1781943498, \"custom_text\": {\"submit\": null, \"after_submit\": null, \"shipping_address\": null, \"terms_of_service_acceptance\": null}, \"permissions\": null, \"submit_type\": null, \"success_url\": \"http://localhost/buzzified/public/payment/callback?gateway=stripe&source_type=pd_parcel&reference_id=4&amount=35.002621139574&currency=USD&user_id=5&session_id={CHECKOUT_SESSION_ID}\", \"amount_total\": 3500, \"payment_link\": null, \"setup_intent\": null, \"subscription\": null, \"automatic_tax\": {\"status\": null, \"enabled\": false, \"provider\": null, \"liability\": null}, \"client_secret\": null, \"custom_fields\": [], \"shipping_cost\": null, \"total_details\": {\"amount_tax\": 0, \"amount_discount\": 0, \"amount_shipping\": 0}, \"customer_email\": null, \"origin_context\": null, \"payment_intent\": \"pi_3TjxdDAKWfZAkcs906aho9TW\", \"payment_status\": \"paid\", \"recovered_from\": null, \"wallet_options\": null, \"amount_subtotal\": 3500, \"adaptive_pricing\": {\"enabled\": true}, \"after_expiration\": null, \"customer_account\": null, \"customer_details\": {\"name\": \"bs\", \"email\": \"baljit+test@gmail.com\", \"phone\": null, \"address\": {\"city\": null, \"line1\": null, \"line2\": null, \"state\": null, \"country\": \"IN\", \"postal_code\": null}, \"tax_ids\": [], \"tax_exempt\": \"none\", \"business_name\": null, \"individual_name\": null}, \"invoice_creation\": {\"enabled\": false, \"invoice_data\": {\"footer\": null, \"issuer\": null, \"metadata\": [], \"description\": null, \"custom_fields\": null, \"account_tax_ids\": null, \"rendering_options\": null}}, \"managed_payments\": {\"enabled\": false}, \"shipping_options\": [], \"branding_settings\": {\"icon\": null, \"logo\": null, \"font_family\": \"default\", \"border_style\": \"rounded\", \"button_color\": \"#0074d4\", \"display_name\": \"test usa\", \"background_color\": \"#ffffff\"}, \"customer_creation\": \"if_required\", \"consent_collection\": null, \"client_reference_id\": null, \"currency_conversion\": null, \"payment_method_types\": [\"card\"], \"allow_promotion_codes\": null, \"collected_information\": null, \"integration_identifier\": null, \"payment_method_options\": {\"card\": {\"request_three_d_secure\": \"automatic\"}}, \"phone_number_collection\": {\"enabled\": false}, \"payment_method_collection\": \"if_required\", \"billing_address_collection\": null, \"shipping_address_collection\": null, \"saved_payment_method_options\": null, \"payment_method_configuration_details\": null}', '2026-06-19 02:51:08', '2026-06-19 02:51:25'),
(54, 5, 'pd_parcel', 5, 'stripe', 'cs_test_a1G65AgxxRCu9JjGYi0HOz0qR07N9l5D6YPxFv8OMNXshzTzE2aBEGwuxD', 29.50, 'USD', 'paid', '{\"id\": \"cs_test_a1G65AgxxRCu9JjGYi0HOz0qR07N9l5D6YPxFv8OMNXshzTzE2aBEGwuxD\", \"url\": null, \"mode\": \"payment\", \"locale\": null, \"object\": \"checkout.session\", \"status\": \"complete\", \"consent\": null, \"created\": 1781864608, \"invoice\": null, \"ui_mode\": \"hosted_page\", \"currency\": \"usd\", \"customer\": null, \"livemode\": false, \"metadata\": [], \"discounts\": [], \"cancel_url\": \"http://localhost/buzzified/public/payment/checkout?amount=29.504469549407&source_type=pd_parcel&reference_id=5&user_id=5&currency=USD\", \"expires_at\": 1781951008, \"custom_text\": {\"submit\": null, \"after_submit\": null, \"shipping_address\": null, \"terms_of_service_acceptance\": null}, \"permissions\": null, \"submit_type\": null, \"success_url\": \"http://localhost/buzzified/public/payment/callback?gateway=stripe&source_type=pd_parcel&reference_id=5&amount=29.504469549407&currency=USD&user_id=5&session_id={CHECKOUT_SESSION_ID}\", \"amount_total\": 2950, \"payment_link\": null, \"setup_intent\": null, \"subscription\": null, \"automatic_tax\": {\"status\": null, \"enabled\": false, \"provider\": null, \"liability\": null}, \"client_secret\": null, \"custom_fields\": [], \"shipping_cost\": null, \"total_details\": {\"amount_tax\": 0, \"amount_discount\": 0, \"amount_shipping\": 0}, \"customer_email\": null, \"origin_context\": null, \"payment_intent\": \"pi_3TjzaIAKWfZAkcs934jLhrDl\", \"payment_status\": \"paid\", \"recovered_from\": null, \"wallet_options\": null, \"amount_subtotal\": 2950, \"adaptive_pricing\": {\"enabled\": true}, \"after_expiration\": null, \"customer_account\": null, \"customer_details\": {\"name\": \"bs\", \"email\": \"baljit+test@gmail.com\", \"phone\": null, \"address\": {\"city\": null, \"line1\": null, \"line2\": null, \"state\": null, \"country\": \"IN\", \"postal_code\": null}, \"tax_ids\": [], \"tax_exempt\": \"none\", \"business_name\": null, \"individual_name\": null}, \"invoice_creation\": {\"enabled\": false, \"invoice_data\": {\"footer\": null, \"issuer\": null, \"metadata\": [], \"description\": null, \"custom_fields\": null, \"account_tax_ids\": null, \"rendering_options\": null}}, \"managed_payments\": {\"enabled\": false}, \"shipping_options\": [], \"branding_settings\": {\"icon\": null, \"logo\": null, \"font_family\": \"default\", \"border_style\": \"rounded\", \"button_color\": \"#0074d4\", \"display_name\": \"test usa\", \"background_color\": \"#ffffff\"}, \"customer_creation\": \"if_required\", \"consent_collection\": null, \"client_reference_id\": null, \"currency_conversion\": null, \"payment_method_types\": [\"card\"], \"allow_promotion_codes\": null, \"collected_information\": null, \"integration_identifier\": null, \"payment_method_options\": {\"card\": {\"request_three_d_secure\": \"automatic\"}}, \"phone_number_collection\": {\"enabled\": false}, \"payment_method_collection\": \"if_required\", \"billing_address_collection\": null, \"shipping_address_collection\": null, \"saved_payment_method_options\": null, \"payment_method_configuration_details\": null}', '2026-06-19 04:56:19', '2026-06-19 04:56:33'),
(55, 5, 'pd_parcel', 6, 'cash', 'CASH-MFSNPZHPV6', 42.30, 'USD', 'pending', NULL, '2026-06-25 01:41:42', '2026-06-25 01:41:42'),
(56, 5, 'pd_parcel', 7, 'stripe', 'cs_test_a1hWbtt88e1UhKLcNGufgoJwLSbTAKjvPXQVgiN4czZxIAzI1KX0mtC9XD', 32.76, 'USD', 'paid', '{\"id\": \"cs_test_a1hWbtt88e1UhKLcNGufgoJwLSbTAKjvPXQVgiN4czZxIAzI1KX0mtC9XD\", \"url\": null, \"mode\": \"payment\", \"locale\": null, \"object\": \"checkout.session\", \"status\": \"complete\", \"consent\": null, \"created\": 1782371861, \"invoice\": null, \"ui_mode\": \"hosted_page\", \"currency\": \"usd\", \"customer\": null, \"livemode\": false, \"metadata\": [], \"discounts\": [], \"cancel_url\": \"http://localhost/buzzified/public/payment/checkout?amount=32.756040869444&source_type=pd_parcel&reference_id=7&user_id=5&currency=USD\", \"expires_at\": 1782458261, \"custom_text\": {\"submit\": null, \"after_submit\": null, \"shipping_address\": null, \"terms_of_service_acceptance\": null}, \"permissions\": null, \"submit_type\": null, \"success_url\": \"http://localhost/buzzified/public/payment/callback?gateway=stripe&source_type=pd_parcel&reference_id=7&amount=32.756040869444&currency=USD&user_id=5&session_id={CHECKOUT_SESSION_ID}\", \"amount_total\": 3275, \"payment_link\": null, \"setup_intent\": null, \"subscription\": null, \"automatic_tax\": {\"status\": null, \"enabled\": false, \"provider\": null, \"liability\": null}, \"client_secret\": null, \"custom_fields\": [], \"shipping_cost\": null, \"total_details\": {\"amount_tax\": 0, \"amount_discount\": 0, \"amount_shipping\": 0}, \"customer_email\": null, \"origin_context\": null, \"payment_intent\": \"pi_3Tm7XlAKWfZAkcs91PEmYxYs\", \"payment_status\": \"paid\", \"recovered_from\": null, \"wallet_options\": null, \"amount_subtotal\": 3275, \"adaptive_pricing\": {\"enabled\": true}, \"after_expiration\": null, \"customer_account\": null, \"customer_details\": {\"name\": \"bs\", \"email\": \"baljit+test@gmail.com\", \"phone\": null, \"address\": {\"city\": null, \"line1\": null, \"line2\": null, \"state\": null, \"country\": \"IN\", \"postal_code\": null}, \"tax_ids\": [], \"tax_exempt\": \"none\", \"business_name\": null, \"individual_name\": null}, \"invoice_creation\": {\"enabled\": false, \"invoice_data\": {\"footer\": null, \"issuer\": null, \"metadata\": [], \"description\": null, \"custom_fields\": null, \"account_tax_ids\": null, \"rendering_options\": null}}, \"managed_payments\": {\"enabled\": false}, \"shipping_options\": [], \"branding_settings\": {\"icon\": null, \"logo\": null, \"font_family\": \"default\", \"border_style\": \"rounded\", \"button_color\": \"#0074d4\", \"display_name\": \"test usa\", \"background_color\": \"#ffffff\"}, \"customer_creation\": \"if_required\", \"consent_collection\": null, \"client_reference_id\": null, \"currency_conversion\": null, \"presentment_details\": {\"presentment_amount\": 321627, \"presentment_currency\": \"inr\"}, \"payment_method_types\": [\"card\"], \"allow_promotion_codes\": null, \"collected_information\": null, \"integration_identifier\": null, \"payment_method_options\": {\"card\": {\"request_three_d_secure\": \"automatic\"}}, \"phone_number_collection\": {\"enabled\": false}, \"payment_method_collection\": \"if_required\", \"billing_address_collection\": null, \"shipping_address_collection\": null, \"saved_payment_method_options\": null, \"payment_method_configuration_details\": null}', '2026-06-25 01:50:38', '2026-06-25 01:50:51'),
(57, 5, 'pd_parcel', 8, 'stripe', 'cs_test_a1KJWlQr6qhtU3UElytpfELyVdko4jpkIotLcBcbkJoOQ09g2UXZdoeWLZ', 45.91, 'USD', 'paid', '{\"id\": \"cs_test_a1KJWlQr6qhtU3UElytpfELyVdko4jpkIotLcBcbkJoOQ09g2UXZdoeWLZ\", \"url\": null, \"mode\": \"payment\", \"locale\": null, \"object\": \"checkout.session\", \"status\": \"complete\", \"consent\": null, \"created\": 1782373006, \"invoice\": null, \"ui_mode\": \"hosted_page\", \"currency\": \"usd\", \"customer\": null, \"livemode\": false, \"metadata\": [], \"discounts\": [], \"cancel_url\": \"http://localhost/buzzified/public/payment/checkout?amount=45.908570448661&source_type=pd_parcel&reference_id=8&user_id=5&currency=USD\", \"expires_at\": 1782459406, \"custom_text\": {\"submit\": null, \"after_submit\": null, \"shipping_address\": null, \"terms_of_service_acceptance\": null}, \"permissions\": null, \"submit_type\": null, \"success_url\": \"http://localhost/buzzified/public/payment/callback?gateway=stripe&source_type=pd_parcel&reference_id=8&amount=45.908570448661&currency=USD&user_id=5&session_id={CHECKOUT_SESSION_ID}\", \"amount_total\": 4590, \"payment_link\": null, \"setup_intent\": null, \"subscription\": null, \"automatic_tax\": {\"status\": null, \"enabled\": false, \"provider\": null, \"liability\": null}, \"client_secret\": null, \"custom_fields\": [], \"shipping_cost\": null, \"total_details\": {\"amount_tax\": 0, \"amount_discount\": 0, \"amount_shipping\": 0}, \"customer_email\": null, \"origin_context\": null, \"payment_intent\": \"pi_3Tm7qDAKWfZAkcs90cvZpGIX\", \"payment_status\": \"paid\", \"recovered_from\": null, \"wallet_options\": null, \"amount_subtotal\": 4590, \"adaptive_pricing\": {\"enabled\": true}, \"after_expiration\": null, \"customer_account\": null, \"customer_details\": {\"name\": \"bs\", \"email\": \"baljit+test@gmail.com\", \"phone\": null, \"address\": {\"city\": null, \"line1\": null, \"line2\": null, \"state\": null, \"country\": \"IN\", \"postal_code\": null}, \"tax_ids\": [], \"tax_exempt\": \"none\", \"business_name\": null, \"individual_name\": null}, \"invoice_creation\": {\"enabled\": false, \"invoice_data\": {\"footer\": null, \"issuer\": null, \"metadata\": [], \"description\": null, \"custom_fields\": null, \"account_tax_ids\": null, \"rendering_options\": null}}, \"managed_payments\": {\"enabled\": false}, \"shipping_options\": [], \"branding_settings\": {\"icon\": null, \"logo\": null, \"font_family\": \"default\", \"border_style\": \"rounded\", \"button_color\": \"#0074d4\", \"display_name\": \"test usa\", \"background_color\": \"#ffffff\"}, \"customer_creation\": \"if_required\", \"consent_collection\": null, \"client_reference_id\": null, \"currency_conversion\": null, \"presentment_details\": {\"presentment_amount\": 450769, \"presentment_currency\": \"inr\"}, \"payment_method_types\": [\"card\"], \"allow_promotion_codes\": null, \"collected_information\": null, \"integration_identifier\": null, \"payment_method_options\": {\"card\": {\"request_three_d_secure\": \"automatic\"}}, \"phone_number_collection\": {\"enabled\": false}, \"payment_method_collection\": \"if_required\", \"billing_address_collection\": null, \"shipping_address_collection\": null, \"saved_payment_method_options\": null, \"payment_method_configuration_details\": null}', '2026-06-25 02:09:43', '2026-06-25 02:09:57'),
(58, 5, 'pd_parcel', 9, 'stripe', 'cs_test_a13roBNXYLcUfijtGh0qh39dpfE3AS7O13yMU2euRPyF1hRkeClSOHVxth', 50.79, 'USD', 'paid', '{\"id\": \"cs_test_a13roBNXYLcUfijtGh0qh39dpfE3AS7O13yMU2euRPyF1hRkeClSOHVxth\", \"url\": null, \"mode\": \"payment\", \"locale\": null, \"object\": \"checkout.session\", \"status\": \"complete\", \"consent\": null, \"created\": 1782373595, \"invoice\": null, \"ui_mode\": \"hosted_page\", \"currency\": \"usd\", \"customer\": null, \"livemode\": false, \"metadata\": [], \"discounts\": [], \"cancel_url\": \"http://localhost/buzzified/public/payment/checkout?amount=50.794027657682&source_type=pd_parcel&reference_id=9&user_id=5&currency=USD\", \"expires_at\": 1782459995, \"custom_text\": {\"submit\": null, \"after_submit\": null, \"shipping_address\": null, \"terms_of_service_acceptance\": null}, \"permissions\": null, \"submit_type\": null, \"success_url\": \"http://localhost/buzzified/public/payment/callback?gateway=stripe&source_type=pd_parcel&reference_id=9&amount=50.794027657682&currency=USD&user_id=5&session_id={CHECKOUT_SESSION_ID}\", \"amount_total\": 5079, \"payment_link\": null, \"setup_intent\": null, \"subscription\": null, \"automatic_tax\": {\"status\": null, \"enabled\": false, \"provider\": null, \"liability\": null}, \"client_secret\": null, \"custom_fields\": [], \"shipping_cost\": null, \"total_details\": {\"amount_tax\": 0, \"amount_discount\": 0, \"amount_shipping\": 0}, \"customer_email\": null, \"origin_context\": null, \"payment_intent\": \"pi_3Tm7zmAKWfZAkcs93S5D8HD7\", \"payment_status\": \"paid\", \"recovered_from\": null, \"wallet_options\": null, \"amount_subtotal\": 5079, \"adaptive_pricing\": {\"enabled\": true}, \"after_expiration\": null, \"customer_account\": null, \"customer_details\": {\"name\": \"bs\", \"email\": \"baljit+test@gmail.com\", \"phone\": null, \"address\": {\"city\": null, \"line1\": null, \"line2\": null, \"state\": null, \"country\": \"IN\", \"postal_code\": null}, \"tax_ids\": [], \"tax_exempt\": \"none\", \"business_name\": null, \"individual_name\": null}, \"invoice_creation\": {\"enabled\": false, \"invoice_data\": {\"footer\": null, \"issuer\": null, \"metadata\": [], \"description\": null, \"custom_fields\": null, \"account_tax_ids\": null, \"rendering_options\": null}}, \"managed_payments\": {\"enabled\": false}, \"shipping_options\": [], \"branding_settings\": {\"icon\": null, \"logo\": null, \"font_family\": \"default\", \"border_style\": \"rounded\", \"button_color\": \"#0074d4\", \"display_name\": \"test usa\", \"background_color\": \"#ffffff\"}, \"customer_creation\": \"if_required\", \"consent_collection\": null, \"client_reference_id\": null, \"currency_conversion\": null, \"presentment_details\": {\"presentment_amount\": 498792, \"presentment_currency\": \"inr\"}, \"payment_method_types\": [\"card\"], \"allow_promotion_codes\": null, \"collected_information\": null, \"integration_identifier\": null, \"payment_method_options\": {\"card\": {\"request_three_d_secure\": \"automatic\"}}, \"phone_number_collection\": {\"enabled\": false}, \"payment_method_collection\": \"if_required\", \"billing_address_collection\": null, \"shipping_address_collection\": null, \"saved_payment_method_options\": null, \"payment_method_configuration_details\": null}', '2026-06-25 02:19:32', '2026-06-25 02:19:47'),
(59, 5, 'pd_parcel', 10, 'cash', 'CASH-9X4NQHDPEG', 25.01, 'USD', 'pending', NULL, '2026-06-25 02:36:37', '2026-06-25 02:36:37');
INSERT INTO `payments` (`id`, `user_id`, `source_type`, `reference_id`, `payment_method`, `transaction_id`, `amount`, `currency`, `payment_status`, `gateway_response`, `created_at`, `updated_at`) VALUES
(60, 5, 'pd_parcel', 12, 'stripe', 'cs_test_a1bl0Myxfk7rmlY7v6MxsFDMOzNRNDBeoyEgkpSp60si1j3sYP5fPK60BX', 53.88, 'USD', 'paid', '{\"id\": \"cs_test_a1bl0Myxfk7rmlY7v6MxsFDMOzNRNDBeoyEgkpSp60si1j3sYP5fPK60BX\", \"url\": null, \"mode\": \"payment\", \"locale\": null, \"object\": \"checkout.session\", \"status\": \"complete\", \"consent\": null, \"created\": 1782387827, \"invoice\": null, \"ui_mode\": \"hosted_page\", \"currency\": \"usd\", \"customer\": null, \"livemode\": false, \"metadata\": [], \"discounts\": [], \"cancel_url\": \"http://localhost/buzzified/public/payment/checkout?amount=53.87894406048&source_type=pd_parcel&reference_id=12&user_id=5&currency=USD\", \"expires_at\": 1782474227, \"custom_text\": {\"submit\": null, \"after_submit\": null, \"shipping_address\": null, \"terms_of_service_acceptance\": null}, \"permissions\": null, \"submit_type\": null, \"success_url\": \"http://localhost/buzzified/public/payment/callback?gateway=stripe&source_type=pd_parcel&reference_id=12&amount=53.87894406048&currency=USD&user_id=5&session_id={CHECKOUT_SESSION_ID}\", \"amount_total\": 5387, \"payment_link\": null, \"setup_intent\": null, \"subscription\": null, \"automatic_tax\": {\"status\": null, \"enabled\": false, \"provider\": null, \"liability\": null}, \"client_secret\": null, \"custom_fields\": [], \"shipping_cost\": null, \"total_details\": {\"amount_tax\": 0, \"amount_discount\": 0, \"amount_shipping\": 0}, \"customer_email\": null, \"origin_context\": null, \"payment_intent\": \"pi_3TmBhJAKWfZAkcs92UhlGW4o\", \"payment_status\": \"paid\", \"recovered_from\": null, \"wallet_options\": null, \"amount_subtotal\": 5387, \"adaptive_pricing\": {\"enabled\": true}, \"after_expiration\": null, \"customer_account\": null, \"customer_details\": {\"name\": \"bs\", \"email\": \"baljit+test@gmail.com\", \"phone\": null, \"address\": {\"city\": null, \"line1\": null, \"line2\": null, \"state\": null, \"country\": \"IN\", \"postal_code\": null}, \"tax_ids\": [], \"tax_exempt\": \"none\", \"business_name\": null, \"individual_name\": null}, \"invoice_creation\": {\"enabled\": false, \"invoice_data\": {\"footer\": null, \"issuer\": null, \"metadata\": [], \"description\": null, \"custom_fields\": null, \"account_tax_ids\": null, \"rendering_options\": null}}, \"managed_payments\": {\"enabled\": false}, \"shipping_options\": [], \"branding_settings\": {\"icon\": null, \"logo\": null, \"font_family\": \"default\", \"border_style\": \"rounded\", \"button_color\": \"#0074d4\", \"display_name\": \"test usa\", \"background_color\": \"#ffffff\"}, \"customer_creation\": \"if_required\", \"consent_collection\": null, \"client_reference_id\": null, \"currency_conversion\": null, \"presentment_details\": {\"presentment_amount\": 528785, \"presentment_currency\": \"inr\"}, \"payment_method_types\": [\"card\"], \"allow_promotion_codes\": null, \"collected_information\": null, \"integration_identifier\": null, \"payment_method_options\": {\"card\": {\"request_three_d_secure\": \"automatic\"}}, \"phone_number_collection\": {\"enabled\": false}, \"payment_method_collection\": \"if_required\", \"billing_address_collection\": null, \"shipping_address_collection\": null, \"saved_payment_method_options\": null, \"payment_method_configuration_details\": null}', '2026-06-25 06:16:44', '2026-06-25 06:16:58'),
(61, 6, 'pd_promotion', 1, 'stripe', 'cs_test_a1nY2g1KsMrJMGPcAgFmOqOJnMykAB8JIq599tuxpFjIgtSzdVWLHS7sSk', 20.00, 'USD', 'paid', '{\"id\": \"cs_test_a1nY2g1KsMrJMGPcAgFmOqOJnMykAB8JIq599tuxpFjIgtSzdVWLHS7sSk\", \"url\": null, \"mode\": \"payment\", \"locale\": null, \"object\": \"checkout.session\", \"status\": \"complete\", \"consent\": null, \"created\": 1782462074, \"invoice\": null, \"ui_mode\": \"hosted_page\", \"currency\": \"usd\", \"customer\": null, \"livemode\": false, \"metadata\": [], \"discounts\": [], \"cancel_url\": \"http://localhost/buzzified/public/payment/checkout?amount=20.00&source_type=pd_promotion&reference_id=1&user_id=6&currency=USD\", \"expires_at\": 1782548474, \"custom_text\": {\"submit\": null, \"after_submit\": null, \"shipping_address\": null, \"terms_of_service_acceptance\": null}, \"permissions\": null, \"submit_type\": null, \"success_url\": \"http://localhost/buzzified/public/payment/callback?gateway=stripe&source_type=pd_promotion&reference_id=1&amount=20.00&currency=USD&user_id=6&session_id={CHECKOUT_SESSION_ID}\", \"amount_total\": 2000, \"payment_link\": null, \"setup_intent\": null, \"subscription\": null, \"automatic_tax\": {\"status\": null, \"enabled\": false, \"provider\": null, \"liability\": null}, \"client_secret\": null, \"custom_fields\": [], \"shipping_cost\": null, \"total_details\": {\"amount_tax\": 0, \"amount_discount\": 0, \"amount_shipping\": 0}, \"customer_email\": null, \"origin_context\": null, \"payment_intent\": \"pi_3TmV0wAKWfZAkcs91sXDF1hc\", \"payment_status\": \"paid\", \"recovered_from\": null, \"wallet_options\": null, \"amount_subtotal\": 2000, \"adaptive_pricing\": {\"enabled\": true}, \"after_expiration\": null, \"customer_account\": null, \"customer_details\": {\"name\": \"bs ss\", \"email\": \"baljit.developer+3@gmail.com\", \"phone\": null, \"address\": {\"city\": null, \"line1\": null, \"line2\": null, \"state\": null, \"country\": \"IN\", \"postal_code\": null}, \"tax_ids\": [], \"tax_exempt\": \"none\", \"business_name\": null, \"individual_name\": null}, \"invoice_creation\": {\"enabled\": false, \"invoice_data\": {\"footer\": null, \"issuer\": null, \"metadata\": [], \"description\": null, \"custom_fields\": null, \"account_tax_ids\": null, \"rendering_options\": null}}, \"managed_payments\": {\"enabled\": false}, \"shipping_options\": [], \"branding_settings\": {\"icon\": null, \"logo\": null, \"font_family\": \"default\", \"border_style\": \"rounded\", \"button_color\": \"#0074d4\", \"display_name\": \"test usa\", \"background_color\": \"#ffffff\"}, \"customer_creation\": \"if_required\", \"consent_collection\": null, \"client_reference_id\": null, \"currency_conversion\": null, \"payment_method_types\": [\"card\"], \"allow_promotion_codes\": null, \"collected_information\": null, \"integration_identifier\": null, \"payment_method_options\": {\"card\": {\"request_three_d_secure\": \"automatic\"}}, \"phone_number_collection\": {\"enabled\": false}, \"payment_method_collection\": \"if_required\", \"billing_address_collection\": null, \"shipping_address_collection\": null, \"saved_payment_method_options\": null, \"payment_method_configuration_details\": null}', '2026-06-25 07:56:04', '2026-06-26 02:54:33'),
(62, 5, 'pd_parcel', 13, 'stripe', 'cs_test_a1wfs477i1iLBvXOPb8dxfRxhUDp8PWmq08WI9mt8VW5lX2dHePyKCTaIH', 2023.39, 'INR', 'paid', '{\"id\": \"cs_test_a1wfs477i1iLBvXOPb8dxfRxhUDp8PWmq08WI9mt8VW5lX2dHePyKCTaIH\", \"url\": null, \"mode\": \"payment\", \"locale\": null, \"object\": \"checkout.session\", \"status\": \"complete\", \"consent\": null, \"created\": 1782462600, \"invoice\": null, \"ui_mode\": \"hosted_page\", \"currency\": \"inr\", \"customer\": null, \"livemode\": false, \"metadata\": [], \"discounts\": [], \"cancel_url\": \"http://localhost/buzzified/public/payment/checkout?amount=2023.3928393961&source_type=pd_parcel&reference_id=13&user_id=5&currency=INR\", \"expires_at\": 1782549000, \"custom_text\": {\"submit\": null, \"after_submit\": null, \"shipping_address\": null, \"terms_of_service_acceptance\": null}, \"permissions\": null, \"submit_type\": null, \"success_url\": \"http://localhost/buzzified/public/payment/callback?gateway=stripe&source_type=pd_parcel&reference_id=13&amount=2023.3928393961&currency=INR&user_id=5&session_id={CHECKOUT_SESSION_ID}\", \"amount_total\": 202339, \"payment_link\": null, \"setup_intent\": null, \"subscription\": null, \"automatic_tax\": {\"status\": null, \"enabled\": false, \"provider\": null, \"liability\": null}, \"client_secret\": null, \"custom_fields\": [], \"shipping_cost\": null, \"total_details\": {\"amount_tax\": 0, \"amount_discount\": 0, \"amount_shipping\": 0}, \"customer_email\": null, \"origin_context\": null, \"payment_intent\": \"pi_3TmV9MAKWfZAkcs92HnSbKwj\", \"payment_status\": \"paid\", \"recovered_from\": null, \"wallet_options\": null, \"amount_subtotal\": 202339, \"adaptive_pricing\": {\"enabled\": true}, \"after_expiration\": null, \"customer_account\": null, \"customer_details\": {\"name\": \"bs\", \"email\": \"baljit+test@gmail.com\", \"phone\": null, \"address\": {\"city\": null, \"line1\": null, \"line2\": null, \"state\": null, \"country\": \"IN\", \"postal_code\": null}, \"tax_ids\": [], \"tax_exempt\": \"none\", \"business_name\": null, \"individual_name\": null}, \"invoice_creation\": {\"enabled\": false, \"invoice_data\": {\"footer\": null, \"issuer\": null, \"metadata\": [], \"description\": null, \"custom_fields\": null, \"account_tax_ids\": null, \"rendering_options\": null}}, \"managed_payments\": {\"enabled\": false}, \"shipping_options\": [], \"branding_settings\": {\"icon\": null, \"logo\": null, \"font_family\": \"default\", \"border_style\": \"rounded\", \"button_color\": \"#0074d4\", \"display_name\": \"test usa\", \"background_color\": \"#ffffff\"}, \"customer_creation\": \"if_required\", \"consent_collection\": null, \"client_reference_id\": null, \"currency_conversion\": null, \"payment_method_types\": [\"card\"], \"allow_promotion_codes\": null, \"collected_information\": null, \"integration_identifier\": null, \"payment_method_options\": {\"card\": {\"request_three_d_secure\": \"automatic\"}}, \"phone_number_collection\": {\"enabled\": false}, \"payment_method_collection\": \"if_required\", \"billing_address_collection\": null, \"shipping_address_collection\": null, \"saved_payment_method_options\": null, \"payment_method_configuration_details\": null}', '2026-06-26 03:02:59', '2026-06-26 03:03:16'),
(63, 5, 'ec_order', 1, 'cash', 'CASH-QMCXJE33ND', 23.00, 'USD', 'pending', NULL, '2026-06-30 09:05:45', '2026-06-30 09:05:45'),
(64, 5, 'ec_order', 2, 'cash', 'CASH-Z6WR9KUG5N', 53.00, 'USD', 'pending', NULL, '2026-06-30 09:07:47', '2026-06-30 09:07:47'),
(65, 5, 'ec_order', 3, 'stripe', 'cs_test_a1rZykwgk09iFCBgKmLLMOA4ZJZNPMuobbFswEjxxYq1iHXfrZOU76RUkG', 20.00, 'USD', 'paid', '{\"id\": \"cs_test_a1rZykwgk09iFCBgKmLLMOA4ZJZNPMuobbFswEjxxYq1iHXfrZOU76RUkG\", \"url\": null, \"mode\": \"payment\", \"locale\": null, \"object\": \"checkout.session\", \"status\": \"complete\", \"consent\": null, \"created\": 1782896545, \"invoice\": null, \"ui_mode\": \"hosted_page\", \"currency\": \"usd\", \"customer\": null, \"livemode\": false, \"metadata\": [], \"discounts\": [], \"cancel_url\": \"http://localhost/buzzified/public/payment/checkout?amount=20&source_type=ec_order&reference_id=3&user_id=5&currency=USD\", \"expires_at\": 1782982945, \"custom_text\": {\"submit\": null, \"after_submit\": null, \"shipping_address\": null, \"terms_of_service_acceptance\": null}, \"permissions\": null, \"submit_type\": null, \"success_url\": \"http://localhost/buzzified/public/payment/callback?gateway=stripe&source_type=ec_order&reference_id=3&amount=20&currency=USD&user_id=5&session_id={CHECKOUT_SESSION_ID}\", \"amount_total\": 2000, \"payment_link\": null, \"setup_intent\": null, \"subscription\": null, \"automatic_tax\": {\"status\": null, \"enabled\": false, \"provider\": null, \"liability\": null}, \"client_secret\": null, \"custom_fields\": [], \"shipping_cost\": null, \"total_details\": {\"amount_tax\": 0, \"amount_discount\": 0, \"amount_shipping\": 0}, \"customer_email\": null, \"origin_context\": null, \"payment_intent\": \"pi_3ToK5TAKWfZAkcs90jNo2kLG\", \"payment_status\": \"paid\", \"recovered_from\": null, \"wallet_options\": null, \"amount_subtotal\": 2000, \"adaptive_pricing\": {\"enabled\": true}, \"after_expiration\": null, \"customer_account\": null, \"customer_details\": {\"name\": \"bs\", \"email\": \"baljit+test@gmail.com\", \"phone\": null, \"address\": {\"city\": null, \"line1\": null, \"line2\": null, \"state\": null, \"country\": \"IN\", \"postal_code\": null}, \"tax_ids\": [], \"tax_exempt\": \"none\", \"business_name\": null, \"individual_name\": null}, \"invoice_creation\": {\"enabled\": false, \"invoice_data\": {\"footer\": null, \"issuer\": null, \"metadata\": [], \"description\": null, \"custom_fields\": null, \"account_tax_ids\": null, \"rendering_options\": null}}, \"managed_payments\": {\"enabled\": false}, \"shipping_options\": [], \"branding_settings\": {\"icon\": null, \"logo\": null, \"font_family\": \"default\", \"border_style\": \"rounded\", \"button_color\": \"#0074d4\", \"display_name\": \"test usa\", \"background_color\": \"#ffffff\"}, \"customer_creation\": \"if_required\", \"consent_collection\": null, \"client_reference_id\": null, \"currency_conversion\": null, \"presentment_details\": {\"presentment_amount\": 197439, \"presentment_currency\": \"inr\"}, \"payment_method_types\": [\"card\"], \"allow_promotion_codes\": null, \"collected_information\": null, \"integration_identifier\": null, \"payment_method_options\": {\"card\": {\"request_three_d_secure\": \"automatic\"}}, \"phone_number_collection\": {\"enabled\": false}, \"payment_method_collection\": \"if_required\", \"billing_address_collection\": null, \"shipping_address_collection\": null, \"saved_payment_method_options\": null, \"payment_method_configuration_details\": null}', '2026-07-01 03:35:29', '2026-07-01 03:38:51'),
(66, 5, 'ec_order', 4, 'cash', 'CASH-3HSRLUUX2A', 23.00, 'USD', 'pending', NULL, '2026-07-04 02:56:24', '2026-07-04 02:56:24'),
(67, 5, 'ec_order', 5, 'cash', 'CASH-4AMCTMSUAF', 20.00, 'USD', 'pending', NULL, '2026-07-04 07:46:54', '2026-07-04 07:46:54'),
(68, 5, 'ec_order', 6, 'cash', 'CASH-FYMH9YSSIU', 40.00, 'USD', 'pending', NULL, '2026-07-04 08:12:27', '2026-07-04 08:12:27'),
(69, 5, 'ec_order', 7, 'stripe', 'cs_test_a1H4h1e2MgtE7Jv7PmAJzxDpSYiiFznjdKodkIgWTHM4iWU9R4vhCgSGEg', 43.00, 'USD', 'paid', '{\"id\": \"cs_test_a1H4h1e2MgtE7Jv7PmAJzxDpSYiiFznjdKodkIgWTHM4iWU9R4vhCgSGEg\", \"url\": null, \"mode\": \"payment\", \"locale\": null, \"object\": \"checkout.session\", \"status\": \"complete\", \"consent\": null, \"created\": 1783172879, \"invoice\": null, \"ui_mode\": \"hosted_page\", \"currency\": \"usd\", \"customer\": null, \"livemode\": false, \"metadata\": [], \"discounts\": [], \"cancel_url\": \"http://localhost/buzzified/public/payment/checkout?amount=43&source_type=ec_order&reference_id=7&user_id=5&currency=USD\", \"expires_at\": 1783259279, \"custom_text\": {\"submit\": null, \"after_submit\": null, \"shipping_address\": null, \"terms_of_service_acceptance\": null}, \"permissions\": null, \"submit_type\": null, \"success_url\": \"http://localhost/buzzified/public/payment/callback?gateway=stripe&source_type=ec_order&reference_id=7&amount=43&currency=USD&user_id=5&session_id={CHECKOUT_SESSION_ID}\", \"amount_total\": 4300, \"payment_link\": null, \"setup_intent\": null, \"subscription\": null, \"automatic_tax\": {\"status\": null, \"enabled\": false, \"provider\": null, \"liability\": null}, \"client_secret\": null, \"custom_fields\": [], \"shipping_cost\": null, \"total_details\": {\"amount_tax\": 0, \"amount_discount\": 0, \"amount_shipping\": 0}, \"customer_email\": null, \"origin_context\": null, \"payment_intent\": \"pi_3TpTvXAKWfZAkcs91TT5BMka\", \"payment_status\": \"paid\", \"recovered_from\": null, \"wallet_options\": null, \"amount_subtotal\": 4300, \"adaptive_pricing\": {\"enabled\": true}, \"after_expiration\": null, \"customer_account\": null, \"customer_details\": {\"name\": \"bs\", \"email\": \"baljit+test@gmail.com\", \"phone\": null, \"address\": {\"city\": null, \"line1\": null, \"line2\": null, \"state\": null, \"country\": \"IN\", \"postal_code\": null}, \"tax_ids\": [], \"tax_exempt\": \"none\", \"business_name\": null, \"individual_name\": null}, \"invoice_creation\": {\"enabled\": false, \"invoice_data\": {\"footer\": null, \"issuer\": null, \"metadata\": [], \"description\": null, \"custom_fields\": null, \"account_tax_ids\": null, \"rendering_options\": null}}, \"managed_payments\": {\"enabled\": false}, \"shipping_options\": [], \"branding_settings\": {\"icon\": null, \"logo\": null, \"font_family\": \"default\", \"border_style\": \"rounded\", \"button_color\": \"#0074d4\", \"display_name\": \"test usa\", \"background_color\": \"#ffffff\"}, \"customer_creation\": \"if_required\", \"consent_collection\": null, \"client_reference_id\": null, \"currency_conversion\": null, \"payment_method_types\": [\"card\"], \"allow_promotion_codes\": null, \"collected_information\": null, \"integration_identifier\": null, \"payment_method_options\": {\"card\": {\"request_three_d_secure\": \"automatic\"}}, \"phone_number_collection\": {\"enabled\": false}, \"payment_method_collection\": \"if_required\", \"billing_address_collection\": null, \"shipping_address_collection\": null, \"saved_payment_method_options\": null, \"payment_method_configuration_details\": null}', '2026-07-04 08:21:10', '2026-07-04 08:21:28'),
(70, 5, 'ec_order', 8, 'cash', 'CASH-R842GOWRBX', 46.00, 'USD', 'pending', NULL, '2026-07-04 11:19:10', '2026-07-04 11:19:10'),
(71, 5, 'ec_order', 9, 'stripe', 'cs_test_a17HNxcQUg9nssyfiVygcmRzRTlRT7CP6fgeNQyUcakoI2Q8wj9t4y2c3H', 20.00, 'USD', 'paid', '{\"id\": \"cs_test_a17HNxcQUg9nssyfiVygcmRzRTlRT7CP6fgeNQyUcakoI2Q8wj9t4y2c3H\", \"url\": null, \"mode\": \"payment\", \"locale\": null, \"object\": \"checkout.session\", \"status\": \"complete\", \"consent\": null, \"created\": 1783254620, \"invoice\": null, \"ui_mode\": \"hosted_page\", \"currency\": \"usd\", \"customer\": null, \"livemode\": false, \"metadata\": [], \"discounts\": [], \"cancel_url\": \"http://localhost/buzzified/public/payment/checkout?amount=20&source_type=ec_order&reference_id=9&user_id=5&currency=USD\", \"expires_at\": 1783341020, \"custom_text\": {\"submit\": null, \"after_submit\": null, \"shipping_address\": null, \"terms_of_service_acceptance\": null}, \"permissions\": null, \"submit_type\": null, \"success_url\": \"http://localhost/buzzified/public/payment/callback?gateway=stripe&source_type=ec_order&reference_id=9&amount=20&currency=USD&user_id=5&session_id={CHECKOUT_SESSION_ID}\", \"amount_total\": 2000, \"payment_link\": null, \"setup_intent\": null, \"subscription\": null, \"automatic_tax\": {\"status\": null, \"enabled\": false, \"provider\": null, \"liability\": null}, \"client_secret\": null, \"custom_fields\": [], \"shipping_cost\": null, \"total_details\": {\"amount_tax\": 0, \"amount_discount\": 0, \"amount_shipping\": 0}, \"customer_email\": null, \"origin_context\": null, \"payment_intent\": \"pi_3TppBsAKWfZAkcs90qB1LWqd\", \"payment_status\": \"paid\", \"recovered_from\": null, \"wallet_options\": null, \"amount_subtotal\": 2000, \"adaptive_pricing\": {\"enabled\": true}, \"after_expiration\": null, \"customer_account\": null, \"customer_details\": {\"name\": \"bs\", \"email\": \"baljit+test@gmail.com\", \"phone\": null, \"address\": {\"city\": null, \"line1\": null, \"line2\": null, \"state\": null, \"country\": \"IN\", \"postal_code\": null}, \"tax_ids\": [], \"tax_exempt\": \"none\", \"business_name\": null, \"individual_name\": null}, \"invoice_creation\": {\"enabled\": false, \"invoice_data\": {\"footer\": null, \"issuer\": null, \"metadata\": [], \"description\": null, \"custom_fields\": null, \"account_tax_ids\": null, \"rendering_options\": null}}, \"managed_payments\": {\"enabled\": false}, \"shipping_options\": [], \"branding_settings\": {\"icon\": null, \"logo\": null, \"font_family\": \"default\", \"border_style\": \"rounded\", \"button_color\": \"#0074d4\", \"display_name\": \"test usa\", \"background_color\": \"#ffffff\"}, \"customer_creation\": \"if_required\", \"consent_collection\": null, \"client_reference_id\": null, \"currency_conversion\": null, \"payment_method_types\": [\"card\"], \"allow_promotion_codes\": null, \"collected_information\": null, \"integration_identifier\": null, \"payment_method_options\": {\"card\": {\"request_three_d_secure\": \"automatic\"}}, \"phone_number_collection\": {\"enabled\": false}, \"payment_method_collection\": \"if_required\", \"billing_address_collection\": null, \"shipping_address_collection\": null, \"saved_payment_method_options\": null, \"payment_method_configuration_details\": null}', '2026-07-05 07:03:29', '2026-07-05 07:03:44'),
(72, 5, 'ec_order', 10, 'stripe', 'cs_test_a169vE0DQfoeA9JdtYYugpdlUA1NwJeJo48VJmdpKYmX5m2umqG14kGw4G', 23.00, 'USD', 'paid', '{\"id\": \"cs_test_a169vE0DQfoeA9JdtYYugpdlUA1NwJeJo48VJmdpKYmX5m2umqG14kGw4G\", \"url\": null, \"mode\": \"payment\", \"locale\": null, \"object\": \"checkout.session\", \"status\": \"complete\", \"consent\": null, \"created\": 1783256093, \"invoice\": null, \"ui_mode\": \"hosted_page\", \"currency\": \"usd\", \"customer\": null, \"livemode\": false, \"metadata\": [], \"discounts\": [], \"cancel_url\": \"http://localhost/buzzified/public/payment/checkout?amount=23&source_type=ec_order&reference_id=10&user_id=5&currency=USD\", \"expires_at\": 1783342493, \"custom_text\": {\"submit\": null, \"after_submit\": null, \"shipping_address\": null, \"terms_of_service_acceptance\": null}, \"permissions\": null, \"submit_type\": null, \"success_url\": \"http://localhost/buzzified/public/payment/callback?gateway=stripe&source_type=ec_order&reference_id=10&amount=23&currency=USD&user_id=5&session_id={CHECKOUT_SESSION_ID}\", \"amount_total\": 2300, \"payment_link\": null, \"setup_intent\": null, \"subscription\": null, \"automatic_tax\": {\"status\": null, \"enabled\": false, \"provider\": null, \"liability\": null}, \"client_secret\": null, \"custom_fields\": [], \"shipping_cost\": null, \"total_details\": {\"amount_tax\": 0, \"amount_discount\": 0, \"amount_shipping\": 0}, \"customer_email\": null, \"origin_context\": null, \"payment_intent\": \"pi_3TppZhAKWfZAkcs916F73FLR\", \"payment_status\": \"paid\", \"recovered_from\": null, \"wallet_options\": null, \"amount_subtotal\": 2300, \"adaptive_pricing\": {\"enabled\": true}, \"after_expiration\": null, \"customer_account\": null, \"customer_details\": {\"name\": \"bs\", \"email\": \"baljit+test@gmail.com\", \"phone\": null, \"address\": {\"city\": null, \"line1\": null, \"line2\": null, \"state\": null, \"country\": \"IN\", \"postal_code\": null}, \"tax_ids\": [], \"tax_exempt\": \"none\", \"business_name\": null, \"individual_name\": null}, \"invoice_creation\": {\"enabled\": false, \"invoice_data\": {\"footer\": null, \"issuer\": null, \"metadata\": [], \"description\": null, \"custom_fields\": null, \"account_tax_ids\": null, \"rendering_options\": null}}, \"managed_payments\": {\"enabled\": false}, \"shipping_options\": [], \"branding_settings\": {\"icon\": null, \"logo\": null, \"font_family\": \"default\", \"border_style\": \"rounded\", \"button_color\": \"#0074d4\", \"display_name\": \"test usa\", \"background_color\": \"#ffffff\"}, \"customer_creation\": \"if_required\", \"consent_collection\": null, \"client_reference_id\": null, \"currency_conversion\": null, \"payment_method_types\": [\"card\"], \"allow_promotion_codes\": null, \"collected_information\": null, \"integration_identifier\": null, \"payment_method_options\": {\"card\": {\"request_three_d_secure\": \"automatic\"}}, \"phone_number_collection\": {\"enabled\": false}, \"payment_method_collection\": \"if_required\", \"billing_address_collection\": null, \"shipping_address_collection\": null, \"saved_payment_method_options\": null, \"payment_method_configuration_details\": null}', '2026-07-05 07:28:02', '2026-07-05 07:28:22'),
(73, 5, 'ec_order', 11, 'cash', 'CASH-TYE1Y1WYKC', 40.00, 'USD', 'pending', NULL, '2026-07-05 07:35:59', '2026-07-05 07:35:59'),
(74, 5, 'ec_order', 12, 'stripe', 'cs_test_a168jBlMJsCVrgY2IP68Iwu8I3oaaxFalW1y2DwHcrpwqYpStqRhTpZUrv', 69.00, 'USD', 'paid', '{\"id\": \"cs_test_a168jBlMJsCVrgY2IP68Iwu8I3oaaxFalW1y2DwHcrpwqYpStqRhTpZUrv\", \"url\": null, \"mode\": \"payment\", \"locale\": null, \"object\": \"checkout.session\", \"status\": \"complete\", \"consent\": null, \"created\": 1783256678, \"invoice\": null, \"ui_mode\": \"hosted_page\", \"currency\": \"usd\", \"customer\": null, \"livemode\": false, \"metadata\": [], \"discounts\": [], \"cancel_url\": \"http://localhost/buzzified/public/payment/checkout?amount=69&source_type=ec_order&reference_id=12&user_id=5&currency=USD\", \"expires_at\": 1783343078, \"custom_text\": {\"submit\": null, \"after_submit\": null, \"shipping_address\": null, \"terms_of_service_acceptance\": null}, \"permissions\": null, \"submit_type\": null, \"success_url\": \"http://localhost/buzzified/public/payment/callback?gateway=stripe&source_type=ec_order&reference_id=12&amount=69&currency=USD&user_id=5&session_id={CHECKOUT_SESSION_ID}\", \"amount_total\": 6900, \"payment_link\": null, \"setup_intent\": null, \"subscription\": null, \"automatic_tax\": {\"status\": null, \"enabled\": false, \"provider\": null, \"liability\": null}, \"client_secret\": null, \"custom_fields\": [], \"shipping_cost\": null, \"total_details\": {\"amount_tax\": 0, \"amount_discount\": 0, \"amount_shipping\": 0}, \"customer_email\": null, \"origin_context\": null, \"payment_intent\": \"pi_3Tppj4AKWfZAkcs91409jA4r\", \"payment_status\": \"paid\", \"recovered_from\": null, \"wallet_options\": null, \"amount_subtotal\": 6900, \"adaptive_pricing\": {\"enabled\": true}, \"after_expiration\": null, \"customer_account\": null, \"customer_details\": {\"name\": \"bs\", \"email\": \"baljit+test@gmail.com\", \"phone\": null, \"address\": {\"city\": null, \"line1\": null, \"line2\": null, \"state\": null, \"country\": \"IN\", \"postal_code\": null}, \"tax_ids\": [], \"tax_exempt\": \"none\", \"business_name\": null, \"individual_name\": null}, \"invoice_creation\": {\"enabled\": false, \"invoice_data\": {\"footer\": null, \"issuer\": null, \"metadata\": [], \"description\": null, \"custom_fields\": null, \"account_tax_ids\": null, \"rendering_options\": null}}, \"managed_payments\": {\"enabled\": false}, \"shipping_options\": [], \"branding_settings\": {\"icon\": null, \"logo\": null, \"font_family\": \"default\", \"border_style\": \"rounded\", \"button_color\": \"#0074d4\", \"display_name\": \"test usa\", \"background_color\": \"#ffffff\"}, \"customer_creation\": \"if_required\", \"consent_collection\": null, \"client_reference_id\": null, \"currency_conversion\": null, \"payment_method_types\": [\"card\"], \"allow_promotion_codes\": null, \"collected_information\": null, \"integration_identifier\": null, \"payment_method_options\": {\"card\": {\"request_three_d_secure\": \"automatic\"}}, \"phone_number_collection\": {\"enabled\": false}, \"payment_method_collection\": \"if_required\", \"billing_address_collection\": null, \"shipping_address_collection\": null, \"saved_payment_method_options\": null, \"payment_method_configuration_details\": null}', '2026-07-05 07:37:46', '2026-07-05 07:38:01'),
(75, 5, 'ec_order', 13, 'stripe', 'cs_test_a1I00nyeYec8ADZbieuRJogxDpuDETlShq8PnjXZqeB6DIg4r4aa4EpeY5', 40.00, 'USD', 'paid', '{\"id\": \"cs_test_a1I00nyeYec8ADZbieuRJogxDpuDETlShq8PnjXZqeB6DIg4r4aa4EpeY5\", \"url\": null, \"mode\": \"payment\", \"locale\": null, \"object\": \"checkout.session\", \"status\": \"complete\", \"consent\": null, \"created\": 1783257049, \"invoice\": null, \"ui_mode\": \"hosted_page\", \"currency\": \"usd\", \"customer\": null, \"livemode\": false, \"metadata\": [], \"discounts\": [], \"cancel_url\": \"http://localhost/buzzified/public/payment/checkout?amount=40&source_type=ec_order&reference_id=13&user_id=5&currency=USD\", \"expires_at\": 1783343449, \"custom_text\": {\"submit\": null, \"after_submit\": null, \"shipping_address\": null, \"terms_of_service_acceptance\": null}, \"permissions\": null, \"submit_type\": null, \"success_url\": \"http://localhost/buzzified/public/payment/callback?gateway=stripe&source_type=ec_order&reference_id=13&amount=40&currency=USD&user_id=5&session_id={CHECKOUT_SESSION_ID}\", \"amount_total\": 4000, \"payment_link\": null, \"setup_intent\": null, \"subscription\": null, \"automatic_tax\": {\"status\": null, \"enabled\": false, \"provider\": null, \"liability\": null}, \"client_secret\": null, \"custom_fields\": [], \"shipping_cost\": null, \"total_details\": {\"amount_tax\": 0, \"amount_discount\": 0, \"amount_shipping\": 0}, \"customer_email\": null, \"origin_context\": null, \"payment_intent\": \"pi_3TppozAKWfZAkcs93YkliBX9\", \"payment_status\": \"paid\", \"recovered_from\": null, \"wallet_options\": null, \"amount_subtotal\": 4000, \"adaptive_pricing\": {\"enabled\": true}, \"after_expiration\": null, \"customer_account\": null, \"customer_details\": {\"name\": \"bs\", \"email\": \"baljit+test@gmail.com\", \"phone\": null, \"address\": {\"city\": null, \"line1\": null, \"line2\": null, \"state\": null, \"country\": \"IN\", \"postal_code\": null}, \"tax_ids\": [], \"tax_exempt\": \"none\", \"business_name\": null, \"individual_name\": null}, \"invoice_creation\": {\"enabled\": false, \"invoice_data\": {\"footer\": null, \"issuer\": null, \"metadata\": [], \"description\": null, \"custom_fields\": null, \"account_tax_ids\": null, \"rendering_options\": null}}, \"managed_payments\": {\"enabled\": false}, \"shipping_options\": [], \"branding_settings\": {\"icon\": null, \"logo\": null, \"font_family\": \"default\", \"border_style\": \"rounded\", \"button_color\": \"#0074d4\", \"display_name\": \"test usa\", \"background_color\": \"#ffffff\"}, \"customer_creation\": \"if_required\", \"consent_collection\": null, \"client_reference_id\": null, \"currency_conversion\": null, \"payment_method_types\": [\"card\"], \"allow_promotion_codes\": null, \"collected_information\": null, \"integration_identifier\": null, \"payment_method_options\": {\"card\": {\"request_three_d_secure\": \"automatic\"}}, \"phone_number_collection\": {\"enabled\": false}, \"payment_method_collection\": \"if_required\", \"billing_address_collection\": null, \"shipping_address_collection\": null, \"saved_payment_method_options\": null, \"payment_method_configuration_details\": null}', '2026-07-05 07:43:57', '2026-07-05 07:44:10'),
(76, 5, 'ec_order', 14, 'cash', 'CASH-0E6GLLR4NT', 43.00, 'USD', 'pending', NULL, '2026-07-05 07:51:03', '2026-07-05 07:51:03'),
(77, 5, 'ec_order', 15, 'wallet', 'WALLET-KZEGF0H8QN', 20.00, 'USD', 'paid', NULL, '2026-07-07 07:52:10', '2026-07-07 07:52:10'),
(78, 6, 'ec_promotion', 2, 'stripe', 'cs_test_a1N2TnTEiEmxM3q7FEovNcuFCFIr3OZhBri34xLcirTDeLfo3DpSa28WsP', 5.00, 'USD', 'paid', '{\"id\": \"cs_test_a1N2TnTEiEmxM3q7FEovNcuFCFIr3OZhBri34xLcirTDeLfo3DpSa28WsP\", \"url\": null, \"mode\": \"payment\", \"locale\": null, \"object\": \"checkout.session\", \"status\": \"complete\", \"consent\": null, \"created\": 1783693805, \"invoice\": null, \"ui_mode\": \"hosted_page\", \"currency\": \"usd\", \"customer\": null, \"livemode\": false, \"metadata\": [], \"discounts\": [], \"cancel_url\": \"http://localhost/buzzified/public/payment/checkout?amount=5.00&source_type=ec_promotion&reference_id=2&user_id=6&currency=USD\", \"expires_at\": 1783780205, \"custom_text\": {\"submit\": null, \"after_submit\": null, \"shipping_address\": null, \"terms_of_service_acceptance\": null}, \"permissions\": null, \"submit_type\": null, \"success_url\": \"http://localhost/buzzified/public/payment/callback?gateway=stripe&source_type=ec_promotion&reference_id=2&amount=5.00&currency=USD&user_id=6&session_id={CHECKOUT_SESSION_ID}\", \"amount_total\": 500, \"payment_link\": null, \"setup_intent\": null, \"subscription\": null, \"automatic_tax\": {\"status\": null, \"enabled\": false, \"provider\": null, \"liability\": null}, \"client_secret\": null, \"custom_fields\": [], \"shipping_cost\": null, \"total_details\": {\"amount_tax\": 0, \"amount_discount\": 0, \"amount_shipping\": 0}, \"customer_email\": null, \"origin_context\": null, \"payment_intent\": \"pi_3TrfRWAKWfZAkcs908tXdKmD\", \"payment_status\": \"paid\", \"recovered_from\": null, \"wallet_options\": null, \"amount_subtotal\": 500, \"adaptive_pricing\": {\"enabled\": true}, \"after_expiration\": null, \"customer_account\": null, \"customer_details\": {\"name\": \"bs ss\", \"email\": \"baljit.developer+3@gmail.com\", \"phone\": null, \"address\": {\"city\": null, \"line1\": null, \"line2\": null, \"state\": null, \"country\": \"IN\", \"postal_code\": null}, \"tax_ids\": [], \"tax_exempt\": \"none\", \"business_name\": null, \"individual_name\": null}, \"invoice_creation\": {\"enabled\": false, \"invoice_data\": {\"footer\": null, \"issuer\": null, \"metadata\": [], \"description\": null, \"custom_fields\": null, \"account_tax_ids\": null, \"rendering_options\": null}}, \"managed_payments\": {\"enabled\": false}, \"shipping_options\": [], \"branding_settings\": {\"icon\": null, \"logo\": null, \"font_family\": \"default\", \"border_style\": \"rounded\", \"button_color\": \"#0074d4\", \"display_name\": \"test usa\", \"background_color\": \"#ffffff\"}, \"customer_creation\": \"if_required\", \"consent_collection\": null, \"client_reference_id\": null, \"currency_conversion\": null, \"payment_method_types\": [\"card\"], \"allow_promotion_codes\": null, \"collected_information\": null, \"integration_identifier\": null, \"payment_method_options\": {\"card\": {\"request_three_d_secure\": \"automatic\"}}, \"phone_number_collection\": {\"enabled\": false}, \"payment_method_collection\": \"if_required\", \"billing_address_collection\": null, \"shipping_address_collection\": null, \"saved_payment_method_options\": null, \"payment_method_configuration_details\": null}', '2026-07-10 09:03:19', '2026-07-10 09:03:36'),
(79, 6, 'ec_promotion', 3, 'provider_wallet', 'PWALLET-WUN7XATSBU', 20.00, 'USD', 'paid', NULL, '2026-07-10 09:07:53', '2026-07-10 09:07:53'),
(80, 6, 'ec_promotion', 4, 'provider_wallet', 'PWALLET-J7EKZ9T6DV', 5.00, 'USD', 'paid', NULL, '2026-07-11 05:43:54', '2026-07-11 05:43:54'),
(81, 5, 'ec_order', 17, 'wallet', 'WALLET-R3XAUM8D7J', 23.00, 'USD', 'paid', NULL, '2026-07-11 05:56:05', '2026-07-11 05:56:05'),
(82, 6, 'ec_promotion', 5, 'provider_wallet', 'PWALLET-3V6BXK8MX9', 5.00, 'USD', 'paid', NULL, '2026-07-13 02:38:33', '2026-07-13 02:38:33'),
(83, 6, 'classified_promotion', 2, 'provider_wallet', 'PWALLET-J3FSUX9232', 5.00, 'USD', 'paid', NULL, '2026-07-14 01:38:45', '2026-07-14 01:38:45'),
(84, 5, 'hs_booking', 31, 'stripe', 'cs_test_a1DqeZUzJsnZh1RV9ZuJMpWBTbxs7K3T7i52PFjxaamM30H3qxIW1USfrp', 200.00, 'USD', 'paid', '{\"id\": \"cs_test_a1DqeZUzJsnZh1RV9ZuJMpWBTbxs7K3T7i52PFjxaamM30H3qxIW1USfrp\", \"url\": null, \"mode\": \"payment\", \"locale\": null, \"object\": \"checkout.session\", \"status\": \"complete\", \"consent\": null, \"created\": 1784012865, \"invoice\": null, \"ui_mode\": \"hosted_page\", \"currency\": \"usd\", \"customer\": null, \"livemode\": false, \"metadata\": [], \"discounts\": [], \"cancel_url\": \"http://localhost/buzzified/public/payment/checkout?amount=200&source_type=hs_booking&reference_id=31&user_id=5&currency=USD\", \"expires_at\": 1784099265, \"custom_text\": {\"submit\": null, \"after_submit\": null, \"shipping_address\": null, \"terms_of_service_acceptance\": null}, \"permissions\": null, \"submit_type\": null, \"success_url\": \"http://localhost/buzzified/public/payment/callback?gateway=stripe&source_type=hs_booking&reference_id=31&amount=200&currency=USD&user_id=5&session_id={CHECKOUT_SESSION_ID}\", \"amount_total\": 20000, \"payment_link\": null, \"setup_intent\": null, \"subscription\": null, \"automatic_tax\": {\"status\": null, \"enabled\": false, \"provider\": null, \"liability\": null}, \"client_secret\": null, \"custom_fields\": [], \"shipping_cost\": null, \"total_details\": {\"amount_tax\": 0, \"amount_discount\": 0, \"amount_shipping\": 0}, \"customer_email\": null, \"origin_context\": null, \"payment_intent\": \"pi_3Tt0RdAKWfZAkcs9104UGUEe\", \"payment_status\": \"paid\", \"recovered_from\": null, \"wallet_options\": null, \"amount_subtotal\": 20000, \"adaptive_pricing\": {\"enabled\": true}, \"after_expiration\": null, \"customer_account\": null, \"customer_details\": {\"name\": \"bs\", \"email\": \"baljit+test@gmail.com\", \"phone\": null, \"address\": {\"city\": null, \"line1\": null, \"line2\": null, \"state\": null, \"country\": \"IN\", \"postal_code\": null}, \"tax_ids\": [], \"tax_exempt\": \"none\", \"business_name\": null, \"individual_name\": null}, \"invoice_creation\": {\"enabled\": false, \"invoice_data\": {\"footer\": null, \"issuer\": null, \"metadata\": [], \"description\": null, \"custom_fields\": null, \"account_tax_ids\": null, \"rendering_options\": null}}, \"managed_payments\": {\"enabled\": false}, \"shipping_options\": [], \"branding_settings\": {\"icon\": null, \"logo\": null, \"font_family\": \"default\", \"border_style\": \"rounded\", \"button_color\": \"#0074d4\", \"display_name\": \"test usa\", \"background_color\": \"#ffffff\"}, \"customer_creation\": \"if_required\", \"consent_collection\": null, \"client_reference_id\": null, \"currency_conversion\": null, \"payment_method_types\": [\"card\"], \"allow_promotion_codes\": null, \"collected_information\": null, \"integration_identifier\": null, \"payment_method_options\": {\"card\": {\"request_three_d_secure\": \"automatic\"}}, \"phone_number_collection\": {\"enabled\": false}, \"payment_method_collection\": \"if_required\", \"billing_address_collection\": null, \"shipping_address_collection\": null, \"saved_payment_method_options\": null, \"payment_method_configuration_details\": null}', '2026-07-14 01:41:04', '2026-07-14 01:41:20'),
(85, 5, 'hs_booking', 32, 'stripe', 'cs_test_a1dZ9DuVbXDAeHdvCCDDxpNtDILo8Xf6zKGg2NuRrpxJWkXrqeMJGDjmDd', 200.00, 'USD', 'paid', '{\"id\": \"cs_test_a1dZ9DuVbXDAeHdvCCDDxpNtDILo8Xf6zKGg2NuRrpxJWkXrqeMJGDjmDd\", \"url\": null, \"mode\": \"payment\", \"locale\": null, \"object\": \"checkout.session\", \"status\": \"complete\", \"consent\": null, \"created\": 1784112794, \"invoice\": null, \"ui_mode\": \"hosted_page\", \"currency\": \"usd\", \"customer\": null, \"livemode\": false, \"metadata\": [], \"discounts\": [], \"cancel_url\": \"http://localhost/buzzified/public/payment/checkout?amount=200&source_type=hs_booking&reference_id=32&user_id=5&currency=USD\", \"expires_at\": 1784199194, \"custom_text\": {\"submit\": null, \"after_submit\": null, \"shipping_address\": null, \"terms_of_service_acceptance\": null}, \"permissions\": null, \"submit_type\": null, \"success_url\": \"http://localhost/buzzified/public/payment/callback?gateway=stripe&source_type=hs_booking&reference_id=32&amount=200&currency=USD&user_id=5&session_id={CHECKOUT_SESSION_ID}\", \"amount_total\": 20000, \"payment_link\": null, \"setup_intent\": null, \"subscription\": null, \"automatic_tax\": {\"status\": null, \"enabled\": false, \"provider\": null, \"liability\": null}, \"client_secret\": null, \"custom_fields\": [], \"shipping_cost\": null, \"total_details\": {\"amount_tax\": 0, \"amount_discount\": 0, \"amount_shipping\": 0}, \"customer_email\": null, \"origin_context\": null, \"payment_intent\": \"pi_3TtQRMAKWfZAkcs93llTRAFQ\", \"payment_status\": \"paid\", \"recovered_from\": null, \"wallet_options\": null, \"amount_subtotal\": 20000, \"adaptive_pricing\": {\"enabled\": true}, \"after_expiration\": null, \"customer_account\": null, \"customer_details\": {\"name\": \"bs\", \"email\": \"baljit+test@gmail.com\", \"phone\": null, \"address\": {\"city\": null, \"line1\": null, \"line2\": null, \"state\": null, \"country\": \"IN\", \"postal_code\": null}, \"tax_ids\": [], \"tax_exempt\": \"none\", \"business_name\": null, \"individual_name\": null}, \"invoice_creation\": {\"enabled\": false, \"invoice_data\": {\"footer\": null, \"issuer\": null, \"metadata\": [], \"description\": null, \"custom_fields\": null, \"account_tax_ids\": null, \"rendering_options\": null}}, \"managed_payments\": {\"enabled\": false}, \"shipping_options\": [], \"branding_settings\": {\"icon\": null, \"logo\": null, \"font_family\": \"default\", \"border_style\": \"rounded\", \"button_color\": \"#0074d4\", \"display_name\": \"test usa\", \"background_color\": \"#ffffff\"}, \"customer_creation\": \"if_required\", \"consent_collection\": null, \"client_reference_id\": null, \"currency_conversion\": null, \"payment_method_types\": [\"card\"], \"allow_promotion_codes\": null, \"collected_information\": null, \"integration_identifier\": null, \"payment_method_options\": {\"card\": {\"request_three_d_secure\": \"automatic\"}}, \"phone_number_collection\": {\"enabled\": false}, \"payment_method_collection\": \"if_required\", \"billing_address_collection\": null, \"shipping_address_collection\": null, \"saved_payment_method_options\": null, \"payment_method_configuration_details\": null}', '2026-07-15 05:26:33', '2026-07-15 05:26:47'),
(86, 5, 'hs_booking', 33, 'cash', 'CASH-DT3Y5KBS39', 400.00, 'USD', 'pending', NULL, '2026-07-15 05:33:39', '2026-07-15 05:33:39'),
(87, 5, 'da_appointment', 8, 'cash', 'CASH-8PHZPYEFSJ', 50.00, 'USD', 'pending', NULL, '2026-07-15 05:40:38', '2026-07-15 05:40:38'),
(88, 5, 'ss_appointment', 8, 'stripe', 'cs_test_a1mZk49UUcUhVn7z3fCMH1GqSH2DaMhRA1cLrtCB4mD70QE0JEsvXcE7Ej', 35.00, 'USD', 'paid', '{\"id\": \"cs_test_a1mZk49UUcUhVn7z3fCMH1GqSH2DaMhRA1cLrtCB4mD70QE0JEsvXcE7Ej\", \"url\": null, \"mode\": \"payment\", \"locale\": null, \"object\": \"checkout.session\", \"status\": \"complete\", \"consent\": null, \"created\": 1784114259, \"invoice\": null, \"ui_mode\": \"hosted_page\", \"currency\": \"usd\", \"customer\": null, \"livemode\": false, \"metadata\": [], \"discounts\": [], \"cancel_url\": \"http://localhost/buzzified/public/payment/checkout?amount=35&source_type=ss_appointment&reference_id=8&user_id=5&currency=USD\", \"expires_at\": 1784200659, \"custom_text\": {\"submit\": null, \"after_submit\": null, \"shipping_address\": null, \"terms_of_service_acceptance\": null}, \"permissions\": null, \"submit_type\": null, \"success_url\": \"http://localhost/buzzified/public/payment/callback?gateway=stripe&source_type=ss_appointment&reference_id=8&amount=35&currency=USD&user_id=5&session_id={CHECKOUT_SESSION_ID}\", \"amount_total\": 3500, \"payment_link\": null, \"setup_intent\": null, \"subscription\": null, \"automatic_tax\": {\"status\": null, \"enabled\": false, \"provider\": null, \"liability\": null}, \"client_secret\": null, \"custom_fields\": [], \"shipping_cost\": null, \"total_details\": {\"amount_tax\": 0, \"amount_discount\": 0, \"amount_shipping\": 0}, \"customer_email\": null, \"origin_context\": null, \"payment_intent\": \"pi_3TtQozAKWfZAkcs902FIbKcj\", \"payment_status\": \"paid\", \"recovered_from\": null, \"wallet_options\": null, \"amount_subtotal\": 3500, \"adaptive_pricing\": {\"enabled\": true}, \"after_expiration\": null, \"customer_account\": null, \"customer_details\": {\"name\": \"bs\", \"email\": \"baljit+test@gmail.com\", \"phone\": null, \"address\": {\"city\": null, \"line1\": null, \"line2\": null, \"state\": null, \"country\": \"IN\", \"postal_code\": null}, \"tax_ids\": [], \"tax_exempt\": \"none\", \"business_name\": null, \"individual_name\": null}, \"invoice_creation\": {\"enabled\": false, \"invoice_data\": {\"footer\": null, \"issuer\": null, \"metadata\": [], \"description\": null, \"custom_fields\": null, \"account_tax_ids\": null, \"rendering_options\": null}}, \"managed_payments\": {\"enabled\": false}, \"shipping_options\": [], \"branding_settings\": {\"icon\": null, \"logo\": null, \"font_family\": \"default\", \"border_style\": \"rounded\", \"button_color\": \"#0074d4\", \"display_name\": \"test usa\", \"background_color\": \"#ffffff\"}, \"customer_creation\": \"if_required\", \"consent_collection\": null, \"client_reference_id\": null, \"currency_conversion\": null, \"payment_method_types\": [\"card\"], \"allow_promotion_codes\": null, \"collected_information\": null, \"integration_identifier\": null, \"payment_method_options\": {\"card\": {\"request_three_d_secure\": \"automatic\"}}, \"phone_number_collection\": {\"enabled\": false}, \"payment_method_collection\": \"if_required\", \"billing_address_collection\": null, \"shipping_address_collection\": null, \"saved_payment_method_options\": null, \"payment_method_configuration_details\": null}', '2026-07-15 05:50:58', '2026-07-15 05:51:13'),
(89, 6, 'ft_promotion', 2, 'provider_wallet', 'PWALLET-MKNZOTFEV8', 20.00, 'USD', 'paid', NULL, '2026-07-15 05:59:08', '2026-07-15 05:59:08'),
(90, 5, 'pd_parcel', 14, 'stripe', 'cs_test_a1vrfqGhy69FeUXs6I3usSf2BTR3eHMQnjBDzsNrUvbRmdgOKiuHjQ7rvz', 51.47, 'USD', 'paid', '{\"id\": \"cs_test_a1vrfqGhy69FeUXs6I3usSf2BTR3eHMQnjBDzsNrUvbRmdgOKiuHjQ7rvz\", \"url\": null, \"mode\": \"payment\", \"locale\": null, \"object\": \"checkout.session\", \"status\": \"complete\", \"consent\": null, \"created\": 1784115070, \"invoice\": null, \"ui_mode\": \"hosted_page\", \"currency\": \"usd\", \"customer\": null, \"livemode\": false, \"metadata\": [], \"discounts\": [], \"cancel_url\": \"http://localhost/buzzified/public/payment/checkout?amount=51.469226399297&source_type=pd_parcel&reference_id=14&user_id=5&currency=USD\", \"expires_at\": 1784201470, \"custom_text\": {\"submit\": null, \"after_submit\": null, \"shipping_address\": null, \"terms_of_service_acceptance\": null}, \"permissions\": null, \"submit_type\": null, \"success_url\": \"http://localhost/buzzified/public/payment/callback?gateway=stripe&source_type=pd_parcel&reference_id=14&amount=51.469226399297&currency=USD&user_id=5&session_id={CHECKOUT_SESSION_ID}\", \"amount_total\": 5146, \"payment_link\": null, \"setup_intent\": null, \"subscription\": null, \"automatic_tax\": {\"status\": null, \"enabled\": false, \"provider\": null, \"liability\": null}, \"client_secret\": null, \"custom_fields\": [], \"shipping_cost\": null, \"total_details\": {\"amount_tax\": 0, \"amount_discount\": 0, \"amount_shipping\": 0}, \"customer_email\": null, \"origin_context\": null, \"payment_intent\": \"pi_3TtR24AKWfZAkcs92NqqAXBh\", \"payment_status\": \"paid\", \"recovered_from\": null, \"wallet_options\": null, \"amount_subtotal\": 5146, \"adaptive_pricing\": {\"enabled\": true}, \"after_expiration\": null, \"customer_account\": null, \"customer_details\": {\"name\": \"bs\", \"email\": \"baljit+test@gmail.com\", \"phone\": null, \"address\": {\"city\": null, \"line1\": null, \"line2\": null, \"state\": null, \"country\": \"IN\", \"postal_code\": null}, \"tax_ids\": [], \"tax_exempt\": \"none\", \"business_name\": null, \"individual_name\": null}, \"invoice_creation\": {\"enabled\": false, \"invoice_data\": {\"footer\": null, \"issuer\": null, \"metadata\": [], \"description\": null, \"custom_fields\": null, \"account_tax_ids\": null, \"rendering_options\": null}}, \"managed_payments\": {\"enabled\": false}, \"shipping_options\": [], \"branding_settings\": {\"icon\": null, \"logo\": null, \"font_family\": \"default\", \"border_style\": \"rounded\", \"button_color\": \"#0074d4\", \"display_name\": \"test usa\", \"background_color\": \"#ffffff\"}, \"customer_creation\": \"if_required\", \"consent_collection\": null, \"client_reference_id\": null, \"currency_conversion\": null, \"payment_method_types\": [\"card\"], \"allow_promotion_codes\": null, \"collected_information\": null, \"integration_identifier\": null, \"payment_method_options\": {\"card\": {\"request_three_d_secure\": \"automatic\"}}, \"phone_number_collection\": {\"enabled\": false}, \"payment_method_collection\": \"if_required\", \"billing_address_collection\": null, \"shipping_address_collection\": null, \"saved_payment_method_options\": null, \"payment_method_configuration_details\": null}', '2026-07-15 06:04:29', '2026-07-15 06:04:44'),
(91, 5, 'ec_order', 18, 'cash', 'CASH-HYDHTYL6RV', 53.00, 'USD', 'pending', NULL, '2026-07-15 06:16:38', '2026-07-15 06:16:38');
