INSERT INTO `payments` (`id`, `user_id`, `source_type`, `reference_id`, `payment_method`, `transaction_id`, `amount`, `currency`, `payment_status`, `gateway_response`, `created_at`, `updated_at`) VALUES
(92, 5, 'pd_parcel', 15, 'stripe', 'cs_test_a1BzQVhMx3OgxTEfrx2DpPtuyjToMHI1RakQ0zeRWZWb49Glre49sfUKxe', 78.98, 'USD', 'paid', '{\"id\": \"cs_test_a1BzQVhMx3OgxTEfrx2DpPtuyjToMHI1RakQ0zeRWZWb49Glre49sfUKxe\", \"url\": null, \"mode\": \"payment\", \"locale\": null, \"object\": \"checkout.session\", \"status\": \"complete\", \"consent\": null, \"created\": 1784200184, \"invoice\": null, \"ui_mode\": \"hosted_page\", \"currency\": \"usd\", \"customer\": null, \"livemode\": false, \"metadata\": [], \"discounts\": [], \"cancel_url\": \"http://localhost/buzzified/public/payment/checkout?amount=78.980633416908&source_type=pd_parcel&reference_id=15&user_id=5&currency=USD\", \"expires_at\": 1784286584, \"custom_text\": {\"submit\": null, \"after_submit\": null, \"shipping_address\": null, \"terms_of_service_acceptance\": null}, \"permissions\": null, \"submit_type\": null, \"success_url\": \"http://localhost/buzzified/public/payment/callback?gateway=stripe&source_type=pd_parcel&reference_id=15&amount=78.980633416908&currency=USD&user_id=5&session_id={CHECKOUT_SESSION_ID}\", \"amount_total\": 7898, \"payment_link\": null, \"setup_intent\": null, \"subscription\": null, \"automatic_tax\": {\"status\": null, \"enabled\": false, \"provider\": null, \"liability\": null}, \"client_secret\": null, \"custom_fields\": [], \"shipping_cost\": null, \"total_details\": {\"amount_tax\": 0, \"amount_discount\": 0, \"amount_shipping\": 0}, \"customer_email\": null, \"origin_context\": null, \"payment_intent\": \"pi_3TtnAuAKWfZAkcs905zPev6S\", \"payment_status\": \"paid\", \"recovered_from\": null, \"wallet_options\": null, \"amount_subtotal\": 7898, \"adaptive_pricing\": {\"enabled\": true}, \"after_expiration\": null, \"customer_account\": null, \"customer_details\": {\"name\": \"bs\", \"email\": \"baljit+test@gmail.com\", \"phone\": null, \"address\": {\"city\": null, \"line1\": null, \"line2\": null, \"state\": null, \"country\": \"IN\", \"postal_code\": null}, \"tax_ids\": [], \"tax_exempt\": \"none\", \"business_name\": null, \"individual_name\": null}, \"invoice_creation\": {\"enabled\": false, \"invoice_data\": {\"footer\": null, \"issuer\": null, \"metadata\": [], \"description\": null, \"custom_fields\": null, \"account_tax_ids\": null, \"rendering_options\": null}}, \"managed_payments\": {\"enabled\": false}, \"shipping_options\": [], \"branding_settings\": {\"icon\": null, \"logo\": null, \"font_family\": \"default\", \"border_style\": \"rounded\", \"button_color\": \"#0074d4\", \"display_name\": \"test usa\", \"background_color\": \"#ffffff\"}, \"customer_creation\": \"if_required\", \"consent_collection\": null, \"client_reference_id\": null, \"currency_conversion\": null, \"payment_method_types\": [\"card\"], \"allow_promotion_codes\": null, \"collected_information\": null, \"integration_identifier\": null, \"payment_method_options\": {\"card\": {\"request_three_d_secure\": \"automatic\"}}, \"phone_number_collection\": {\"enabled\": false}, \"payment_method_collection\": \"if_required\", \"billing_address_collection\": null, \"shipping_address_collection\": null, \"saved_payment_method_options\": null, \"payment_method_configuration_details\": null}', '2026-07-16 05:43:04', '2026-07-16 05:43:25'),
(93, 5, 'pd_parcel', 16, 'stripe', 'cs_test_a1ogjE0qWCD2hZP8OcrwyLQiVhAQp5sIfRA7ftBeYF7vgcpIajj3VmuudA', 123.20, 'USD', 'paid', '{\"id\": \"cs_test_a1ogjE0qWCD2hZP8OcrwyLQiVhAQp5sIfRA7ftBeYF7vgcpIajj3VmuudA\", \"url\": null, \"mode\": \"payment\", \"locale\": null, \"object\": \"checkout.session\", \"status\": \"complete\", \"consent\": null, \"created\": 1784202487, \"invoice\": null, \"ui_mode\": \"hosted_page\", \"currency\": \"usd\", \"customer\": null, \"livemode\": false, \"metadata\": [], \"discounts\": [], \"cancel_url\": \"http://localhost/buzzified/public/payment/checkout?amount=123.1955496752&source_type=pd_parcel&reference_id=16&user_id=5&currency=USD\", \"expires_at\": 1784288887, \"custom_text\": {\"submit\": null, \"after_submit\": null, \"shipping_address\": null, \"terms_of_service_acceptance\": null}, \"permissions\": null, \"submit_type\": null, \"success_url\": \"http://localhost/buzzified/public/payment/callback?gateway=stripe&source_type=pd_parcel&reference_id=16&amount=123.1955496752&currency=USD&user_id=5&session_id={CHECKOUT_SESSION_ID}\", \"amount_total\": 12319, \"payment_link\": null, \"setup_intent\": null, \"subscription\": null, \"automatic_tax\": {\"status\": null, \"enabled\": false, \"provider\": null, \"liability\": null}, \"client_secret\": null, \"custom_fields\": [], \"shipping_cost\": null, \"total_details\": {\"amount_tax\": 0, \"amount_discount\": 0, \"amount_shipping\": 0}, \"customer_email\": null, \"origin_context\": null, \"payment_intent\": \"pi_3TtnlyAKWfZAkcs91r2R3Qyx\", \"payment_status\": \"paid\", \"recovered_from\": null, \"wallet_options\": null, \"amount_subtotal\": 12319, \"adaptive_pricing\": {\"enabled\": true}, \"after_expiration\": null, \"customer_account\": null, \"customer_details\": {\"name\": \"bs\", \"email\": \"baljit+test@gmail.com\", \"phone\": null, \"address\": {\"city\": null, \"line1\": null, \"line2\": null, \"state\": null, \"country\": \"IN\", \"postal_code\": null}, \"tax_ids\": [], \"tax_exempt\": \"none\", \"business_name\": null, \"individual_name\": null}, \"invoice_creation\": {\"enabled\": false, \"invoice_data\": {\"footer\": null, \"issuer\": null, \"metadata\": [], \"description\": null, \"custom_fields\": null, \"account_tax_ids\": null, \"rendering_options\": null}}, \"managed_payments\": {\"enabled\": false}, \"shipping_options\": [], \"branding_settings\": {\"icon\": null, \"logo\": null, \"font_family\": \"default\", \"border_style\": \"rounded\", \"button_color\": \"#0074d4\", \"display_name\": \"test usa\", \"background_color\": \"#ffffff\"}, \"customer_creation\": \"if_required\", \"consent_collection\": null, \"client_reference_id\": null, \"currency_conversion\": null, \"presentment_details\": {\"presentment_amount\": 1233881, \"presentment_currency\": \"inr\"}, \"payment_method_types\": [\"card\"], \"allow_promotion_codes\": null, \"collected_information\": null, \"integration_identifier\": null, \"payment_method_options\": {\"card\": {\"request_three_d_secure\": \"automatic\"}}, \"phone_number_collection\": {\"enabled\": false}, \"payment_method_collection\": \"if_required\", \"billing_address_collection\": null, \"shipping_address_collection\": null, \"saved_payment_method_options\": null, \"payment_method_configuration_details\": null}', '2026-07-16 06:21:27', '2026-07-16 06:21:38'),
(94, 5, 'pd_parcel', 17, 'stripe', 'cs_test_a11GpWUcUHJnsTW6qQksCo8QTe6ckfwLqc1lRQAWP6ISuTAMU2tiFttAof', 54.76, 'USD', 'paid', '{\"id\": \"cs_test_a11GpWUcUHJnsTW6qQksCo8QTe6ckfwLqc1lRQAWP6ISuTAMU2tiFttAof\", \"url\": null, \"mode\": \"payment\", \"locale\": null, \"object\": \"checkout.session\", \"status\": \"complete\", \"consent\": null, \"created\": 1784206853, \"invoice\": null, \"ui_mode\": \"hosted_page\", \"currency\": \"usd\", \"customer\": null, \"livemode\": false, \"metadata\": [], \"discounts\": [], \"cancel_url\": \"http://localhost/buzzified/public/payment/checkout?amount=54.758170589196&source_type=pd_parcel&reference_id=17&user_id=5&currency=USD\", \"expires_at\": 1784293253, \"custom_text\": {\"submit\": null, \"after_submit\": null, \"shipping_address\": null, \"terms_of_service_acceptance\": null}, \"permissions\": null, \"submit_type\": null, \"success_url\": \"http://localhost/buzzified/public/payment/callback?gateway=stripe&source_type=pd_parcel&reference_id=17&amount=54.758170589196&currency=USD&user_id=5&session_id={CHECKOUT_SESSION_ID}\", \"amount_total\": 5475, \"payment_link\": null, \"setup_intent\": null, \"subscription\": null, \"automatic_tax\": {\"status\": null, \"enabled\": false, \"provider\": null, \"liability\": null}, \"client_secret\": null, \"custom_fields\": [], \"shipping_cost\": null, \"total_details\": {\"amount_tax\": 0, \"amount_discount\": 0, \"amount_shipping\": 0}, \"customer_email\": null, \"origin_context\": null, \"payment_intent\": \"pi_3TtouQAKWfZAkcs91P8UfjGj\", \"payment_status\": \"paid\", \"recovered_from\": null, \"wallet_options\": null, \"amount_subtotal\": 5475, \"adaptive_pricing\": {\"enabled\": true}, \"after_expiration\": null, \"customer_account\": null, \"customer_details\": {\"name\": \"bs\", \"email\": \"baljit+test@gmail.com\", \"phone\": null, \"address\": {\"city\": null, \"line1\": null, \"line2\": null, \"state\": null, \"country\": \"IN\", \"postal_code\": null}, \"tax_ids\": [], \"tax_exempt\": \"none\", \"business_name\": null, \"individual_name\": null}, \"invoice_creation\": {\"enabled\": false, \"invoice_data\": {\"footer\": null, \"issuer\": null, \"metadata\": [], \"description\": null, \"custom_fields\": null, \"account_tax_ids\": null, \"rendering_options\": null}}, \"managed_payments\": {\"enabled\": false}, \"shipping_options\": [], \"branding_settings\": {\"icon\": null, \"logo\": null, \"font_family\": \"default\", \"border_style\": \"rounded\", \"button_color\": \"#0074d4\", \"display_name\": \"test usa\", \"background_color\": \"#ffffff\"}, \"customer_creation\": \"if_required\", \"consent_collection\": null, \"client_reference_id\": null, \"currency_conversion\": null, \"payment_method_types\": [\"card\"], \"allow_promotion_codes\": null, \"collected_information\": null, \"integration_identifier\": null, \"payment_method_options\": {\"card\": {\"request_three_d_secure\": \"automatic\"}}, \"phone_number_collection\": {\"enabled\": false}, \"payment_method_collection\": \"if_required\", \"billing_address_collection\": null, \"shipping_address_collection\": null, \"saved_payment_method_options\": null, \"payment_method_configuration_details\": null}', '2026-07-16 07:34:13', '2026-07-16 07:34:26'),
(95, 5, 'hs_booking', 34, 'cash', 'CASH-419F6LL6LB', 200.00, 'USD', 'pending', NULL, '2026-07-16 07:39:25', '2026-07-16 07:39:25'),
(96, 5, 'hs_booking', 35, 'wallet', 'WALLET-EMMYTAJMAO', 108.70, 'USD', 'paid', NULL, '2026-07-16 07:40:03', '2026-07-16 07:40:03'),
(97, 5, 'hs_booking', 36, 'wallet', 'WALLET-JYHLZGE2T2', 20.00, 'USD', 'paid', NULL, '2026-07-16 08:14:10', '2026-07-16 08:14:10'),
(98, 5, 'hs_booking', 37, 'wallet', 'WALLET-WWMHGSXXLA', 20.00, 'USD', 'paid', NULL, '2026-07-16 08:16:19', '2026-07-16 08:16:19'),
(99, 5, 'da_appointment', 9, 'wallet', 'WALLET-NN3T866FEW', 50.00, 'USD', 'paid', NULL, '2026-07-16 08:18:42', '2026-07-16 08:18:42'),
(100, 5, 'da_appointment', 10, 'stripe', 'cs_test_a19gIi2kS6iK0qGePQckxu9XCUIV1vMYOflLq4o77gG8yn6qjYBBTErh0K', 50.00, 'USD', 'paid', '{\"id\": \"cs_test_a19gIi2kS6iK0qGePQckxu9XCUIV1vMYOflLq4o77gG8yn6qjYBBTErh0K\", \"url\": null, \"mode\": \"payment\", \"locale\": null, \"object\": \"checkout.session\", \"status\": \"complete\", \"consent\": null, \"created\": 1784209747, \"invoice\": null, \"ui_mode\": \"hosted_page\", \"currency\": \"usd\", \"customer\": null, \"livemode\": false, \"metadata\": [], \"discounts\": [], \"cancel_url\": \"http://localhost/buzzified/public/payment/checkout?amount=50&source_type=da_appointment&reference_id=10&user_id=5&currency=USD\", \"expires_at\": 1784296147, \"custom_text\": {\"submit\": null, \"after_submit\": null, \"shipping_address\": null, \"terms_of_service_acceptance\": null}, \"permissions\": null, \"submit_type\": null, \"success_url\": \"http://localhost/buzzified/public/payment/callback?gateway=stripe&source_type=da_appointment&reference_id=10&amount=50&currency=USD&user_id=5&session_id={CHECKOUT_SESSION_ID}\", \"amount_total\": 5000, \"payment_link\": null, \"setup_intent\": null, \"subscription\": null, \"automatic_tax\": {\"status\": null, \"enabled\": false, \"provider\": null, \"liability\": null}, \"client_secret\": null, \"custom_fields\": [], \"shipping_cost\": null, \"total_details\": {\"amount_tax\": 0, \"amount_discount\": 0, \"amount_shipping\": 0}, \"customer_email\": null, \"origin_context\": null, \"payment_intent\": \"pi_3Ttpf6AKWfZAkcs914zj5a6o\", \"payment_status\": \"paid\", \"recovered_from\": null, \"wallet_options\": null, \"amount_subtotal\": 5000, \"adaptive_pricing\": {\"enabled\": true}, \"after_expiration\": null, \"customer_account\": null, \"customer_details\": {\"name\": \"bs\", \"email\": \"baljit+test@gmail.com\", \"phone\": null, \"address\": {\"city\": null, \"line1\": null, \"line2\": null, \"state\": null, \"country\": \"IN\", \"postal_code\": null}, \"tax_ids\": [], \"tax_exempt\": \"none\", \"business_name\": null, \"individual_name\": null}, \"invoice_creation\": {\"enabled\": false, \"invoice_data\": {\"footer\": null, \"issuer\": null, \"metadata\": [], \"description\": null, \"custom_fields\": null, \"account_tax_ids\": null, \"rendering_options\": null}}, \"managed_payments\": {\"enabled\": false}, \"shipping_options\": [], \"branding_settings\": {\"icon\": null, \"logo\": null, \"font_family\": \"default\", \"border_style\": \"rounded\", \"button_color\": \"#0074d4\", \"display_name\": \"test usa\", \"background_color\": \"#ffffff\"}, \"customer_creation\": \"if_required\", \"consent_collection\": null, \"client_reference_id\": null, \"currency_conversion\": null, \"payment_method_types\": [\"card\"], \"allow_promotion_codes\": null, \"collected_information\": null, \"integration_identifier\": null, \"payment_method_options\": {\"card\": {\"request_three_d_secure\": \"automatic\"}}, \"phone_number_collection\": {\"enabled\": false}, \"payment_method_collection\": \"if_required\", \"billing_address_collection\": null, \"shipping_address_collection\": null, \"saved_payment_method_options\": null, \"payment_method_configuration_details\": null}', '2026-07-16 08:22:27', '2026-07-16 08:22:40'),
(101, 5, 'ss_appointment', 9, 'wallet', 'WALLET-DGCYJBYECB', 10.00, 'USD', 'paid', NULL, '2026-07-16 08:23:50', '2026-07-16 08:23:50'),
(102, 5, 'ss_appointment', 10, 'cash', 'CASH-1QY8Y48ZQC', 30.00, 'USD', 'pending', NULL, '2026-07-16 08:33:01', '2026-07-16 08:33:01'),
(103, 5, 'ft_appointment', 14, 'wallet', 'WALLET-VSSZHXOHTQ', 20.00, 'USD', 'paid', NULL, '2026-07-17 21:58:45', '2026-07-17 21:58:45'),
(104, 5, 'ft_appointment', 15, 'wallet', 'WALLET-ILCNTIGPU4', 20.00, 'USD', 'paid', NULL, '2026-07-17 22:06:50', '2026-07-17 22:06:50'),
(105, 5, 'ft_appointment', 15, 'wallet', 'WALLET-K8ON5TZZRI', 20.00, 'USD', 'paid', NULL, '2026-07-17 22:07:14', '2026-07-17 22:07:14'),
(106, 5, 'pd_parcel', 18, 'wallet', 'WALLET-LRX5OENWB7', 45.91, 'USD', 'paid', NULL, '2026-07-17 22:16:17', '2026-07-17 22:16:17'),
(107, 5, 'hs_booking', 38, 'wallet', 'WALLET-TIRB8FSBMN', 20.00, 'USD', 'paid', NULL, '2026-07-17 22:22:31', '2026-07-17 22:22:31'),
(108, 5, 'hs_booking', 39, 'wallet', 'WALLET-SRCFKNPQFX', 20.00, 'USD', 'paid', NULL, '2026-07-17 22:27:46', '2026-07-17 22:27:46'),
(109, 5, 'ss_appointment', 13, 'wallet', 'WALLET-OS2VYVG2BM', 30.00, 'USD', 'paid', NULL, '2026-07-18 05:28:11', '2026-07-18 05:28:11'),
(110, 5, 'hs_booking', 43, 'stripe', 'cs_test_a10AqIweIN8yfbhNe1E1bPGzCGWuPWaU7ofcP0vtUxeamuSADqR6qeLSP8', 500.00, 'USD', 'paid', '{\"id\": \"cs_test_a10AqIweIN8yfbhNe1E1bPGzCGWuPWaU7ofcP0vtUxeamuSADqR6qeLSP8\", \"url\": null, \"mode\": \"payment\", \"locale\": null, \"object\": \"checkout.session\", \"status\": \"complete\", \"consent\": null, \"created\": 1784378121, \"invoice\": null, \"ui_mode\": \"hosted_page\", \"currency\": \"usd\", \"customer\": null, \"livemode\": false, \"metadata\": [], \"discounts\": [], \"cancel_url\": \"http://localhost/buzzified/public/payment/checkout?amount=500&source_type=hs_booking&reference_id=43&user_id=5&currency=USD\", \"expires_at\": 1784464521, \"custom_text\": {\"submit\": null, \"after_submit\": null, \"shipping_address\": null, \"terms_of_service_acceptance\": null}, \"permissions\": null, \"submit_type\": null, \"success_url\": \"http://localhost/buzzified/public/payment/callback?gateway=stripe&source_type=hs_booking&reference_id=43&amount=500&currency=USD&user_id=5&session_id={CHECKOUT_SESSION_ID}\", \"amount_total\": 50000, \"payment_link\": null, \"setup_intent\": null, \"subscription\": null, \"automatic_tax\": {\"status\": null, \"enabled\": false, \"provider\": null, \"liability\": null}, \"client_secret\": null, \"custom_fields\": [], \"shipping_cost\": null, \"total_details\": {\"amount_tax\": 0, \"amount_discount\": 0, \"amount_shipping\": 0}, \"customer_email\": null, \"origin_context\": null, \"payment_intent\": \"pi_3TuXSpAKWfZAkcs9067Q6zcc\", \"payment_status\": \"paid\", \"recovered_from\": null, \"wallet_options\": null, \"amount_subtotal\": 50000, \"adaptive_pricing\": {\"enabled\": true}, \"after_expiration\": null, \"customer_account\": null, \"customer_details\": {\"name\": \"bs\", \"email\": \"baljit+test@gmail.com\", \"phone\": null, \"address\": {\"city\": null, \"line1\": null, \"line2\": null, \"state\": null, \"country\": \"IN\", \"postal_code\": null}, \"tax_ids\": [], \"tax_exempt\": \"none\", \"business_name\": null, \"individual_name\": null}, \"invoice_creation\": {\"enabled\": false, \"invoice_data\": {\"footer\": null, \"issuer\": null, \"metadata\": [], \"description\": null, \"custom_fields\": null, \"account_tax_ids\": null, \"rendering_options\": null}}, \"managed_payments\": {\"enabled\": false}, \"shipping_options\": [], \"branding_settings\": {\"icon\": null, \"logo\": null, \"font_family\": \"default\", \"border_style\": \"rounded\", \"button_color\": \"#0074d4\", \"display_name\": \"test usa\", \"background_color\": \"#ffffff\"}, \"customer_creation\": \"if_required\", \"consent_collection\": null, \"client_reference_id\": null, \"currency_conversion\": null, \"payment_method_types\": [\"card\"], \"allow_promotion_codes\": null, \"collected_information\": null, \"integration_identifier\": null, \"payment_method_options\": {\"card\": {\"request_three_d_secure\": \"automatic\"}}, \"phone_number_collection\": {\"enabled\": false}, \"payment_method_collection\": \"if_required\", \"billing_address_collection\": null, \"shipping_address_collection\": null, \"saved_payment_method_options\": null, \"payment_method_configuration_details\": null}', '2026-07-18 07:08:45', '2026-07-18 07:08:58'),
(111, 5, 'da_appointment', 12, 'wallet', 'WALLET-EXVCXZMPDA', 50.00, 'USD', 'paid', NULL, '2026-07-18 07:23:55', '2026-07-18 07:23:55'),
(112, 5, 'ft_appointment', 16, 'wallet', 'WALLET-LGZRMBX2MM', 100.00, 'USD', 'paid', NULL, '2026-07-18 07:26:44', '2026-07-18 07:26:44'),
(113, 5, 'pd_parcel', 19, 'wallet', 'WALLET-WOYGDRDQCM', 51.00, 'USD', 'paid', NULL, '2026-07-18 07:39:34', '2026-07-18 07:39:34'),
(114, 5, 'ec_order', 20, 'wallet', 'WALLET-SYXL76JJGL', 20.00, 'USD', 'paid', NULL, '2026-07-18 07:47:26', '2026-07-18 07:47:26'),
(115, 5, 'ec_order', 21, 'wallet', 'WALLET-NLD3LWMUFD', 163.15, 'USD', 'paid', NULL, '2026-07-21 11:43:21', '2026-07-21 11:43:21'),
(116, 5, 'hs_booking', 46, 'paypal', '78H5895894283621X', 20.00, 'USD', 'pending', NULL, '2026-07-24 07:09:01', '2026-07-24 07:11:07'),
(117, 5, 'hs_booking', 46, 'cash', 'CASH-MCNAIW8EPO', 20.00, 'USD', 'pending', NULL, '2026-07-24 07:13:27', '2026-07-24 07:13:27'),
(118, 5, 'hs_booking', 47, 'paypal', '1NB275303C680821L', 20.00, 'USD', 'pending', NULL, '2026-07-24 07:14:06', '2026-07-24 07:14:06'),
(119, 5, 'hs_booking', 48, 'paypal', '5WU216935X773632G', 100.00, 'USD', 'pending', NULL, '2026-07-24 07:16:45', '2026-07-24 07:16:45'),
(120, 5, 'hs_booking', 49, 'paypal', '583949956F2245911', 20.00, 'USD', 'pending', NULL, '2026-07-24 07:23:45', '2026-07-24 07:23:45'),
(121, 5, 'hs_booking', 50, 'paypal', '9UJ520001X3109440', 20.00, 'USD', 'pending', NULL, '2026-07-24 07:27:50', '2026-07-24 07:27:50'),
(122, 5, 'hs_booking', 51, 'paypal', '9AD944910F638284X', 200.00, 'USD', 'pending', NULL, '2026-07-24 07:30:39', '2026-07-24 07:30:39'),
(123, 5, 'hs_booking', 52, 'paypal', '1LG61597PX655520D', 400.00, 'USD', 'paid', '{\"id\": \"1LG61597PX655520D\", \"links\": [{\"rel\": \"self\", \"href\": \"https://api.sandbox.paypal.com/v2/checkout/orders/1LG61597PX655520D\", \"method\": \"GET\"}], \"payer\": {\"name\": {\"surname\": \"Doe usa\", \"given_name\": \"John\"}, \"address\": {\"country_code\": \"US\"}, \"payer_id\": \"SYC9A67RRV8LN\", \"email_address\": \"sb-k474io2666278@personal.example.com\"}, \"status\": \"COMPLETED\", \"payment_source\": {\"paypal\": {\"name\": {\"surname\": \"Doe usa\", \"given_name\": \"John\"}, \"address\": {\"country_code\": \"US\"}, \"account_id\": \"SYC9A67RRV8LN\", \"email_address\": \"sb-k474io2666278@personal.example.com\", \"account_status\": \"VERIFIED\"}}, \"purchase_units\": [{\"payments\": {\"captures\": [{\"id\": \"2BU06076X3777005Y\", \"links\": [{\"rel\": \"self\", \"href\": \"https://api.sandbox.paypal.com/v2/payments/captures/2BU06076X3777005Y\", \"method\": \"GET\"}, {\"rel\": \"refund\", \"href\": \"https://api.sandbox.paypal.com/v2/payments/captures/2BU06076X3777005Y/refund\", \"method\": \"POST\"}, {\"rel\": \"up\", \"href\": \"https://api.sandbox.paypal.com/v2/checkout/orders/1LG61597PX655520D\", \"method\": \"GET\"}], \"amount\": {\"value\": \"400.00\", \"currency_code\": \"USD\"}, \"status\": \"COMPLETED\", \"create_time\": \"2026-07-24T13:06:07Z\", \"update_time\": \"2026-07-24T13:06:07Z\", \"final_capture\": true, \"seller_protection\": {\"status\": \"ELIGIBLE\", \"dispute_categories\": [\"ITEM_NOT_RECEIVED\", \"UNAUTHORIZED_TRANSACTION\"]}, \"seller_receivable_breakdown\": {\"net_amount\": {\"value\": \"381.24\", \"currency_code\": \"USD\"}, \"paypal_fee\": {\"value\": \"18.76\", \"currency_code\": \"USD\"}, \"gross_amount\": {\"value\": \"400.00\", \"currency_code\": \"USD\"}}}]}, \"shipping\": {\"name\": {\"full_name\": \"John Doe usa\"}, \"address\": {\"postal_code\": \"95131\", \"admin_area_1\": \"CA\", \"admin_area_2\": \"San Jose\", \"country_code\": \"US\", \"address_line_1\": \"1 Main St\"}}, \"reference_id\": \"default\"}]}', '2026-07-24 07:39:26', '2026-07-24 07:39:35'),
(124, 6, 'ft_promotion', 3, 'paypal', '10R739236S186204P', 20.00, 'USD', 'paid', '{\"id\": \"10R739236S186204P\", \"links\": [{\"rel\": \"self\", \"href\": \"https://api.sandbox.paypal.com/v2/checkout/orders/10R739236S186204P\", \"method\": \"GET\"}], \"payer\": {\"name\": {\"surname\": \"Doe usa\", \"given_name\": \"John\"}, \"address\": {\"country_code\": \"US\"}, \"payer_id\": \"SYC9A67RRV8LN\", \"email_address\": \"sb-k474io2666278@personal.example.com\"}, \"status\": \"COMPLETED\", \"payment_source\": {\"paypal\": {\"name\": {\"surname\": \"Doe usa\", \"given_name\": \"John\"}, \"address\": {\"country_code\": \"US\"}, \"account_id\": \"SYC9A67RRV8LN\", \"email_address\": \"sb-k474io2666278@personal.example.com\", \"account_status\": \"VERIFIED\"}}, \"purchase_units\": [{\"payments\": {\"captures\": [{\"id\": \"91522754PH1795204\", \"links\": [{\"rel\": \"self\", \"href\": \"https://api.sandbox.paypal.com/v2/payments/captures/91522754PH1795204\", \"method\": \"GET\"}, {\"rel\": \"refund\", \"href\": \"https://api.sandbox.paypal.com/v2/payments/captures/91522754PH1795204/refund\", \"method\": \"POST\"}, {\"rel\": \"up\", \"href\": \"https://api.sandbox.paypal.com/v2/checkout/orders/10R739236S186204P\", \"method\": \"GET\"}], \"amount\": {\"value\": \"20.00\", \"currency_code\": \"USD\"}, \"status\": \"COMPLETED\", \"create_time\": \"2026-07-24T13:08:33Z\", \"update_time\": \"2026-07-24T13:08:33Z\", \"final_capture\": true, \"seller_protection\": {\"status\": \"ELIGIBLE\", \"dispute_categories\": [\"ITEM_NOT_RECEIVED\", \"UNAUTHORIZED_TRANSACTION\"]}, \"seller_receivable_breakdown\": {\"net_amount\": {\"value\": \"18.73\", \"currency_code\": \"USD\"}, \"paypal_fee\": {\"value\": \"1.27\", \"currency_code\": \"USD\"}, \"gross_amount\": {\"value\": \"20.00\", \"currency_code\": \"USD\"}}}]}, \"shipping\": {\"name\": {\"full_name\": \"John Doe usa\"}, \"address\": {\"postal_code\": \"95131\", \"admin_area_1\": \"CA\", \"admin_area_2\": \"San Jose\", \"country_code\": \"US\", \"address_line_1\": \"1 Main St\"}}, \"reference_id\": \"default\"}]}', '2026-07-24 07:41:24', '2026-07-24 07:42:02'),
(125, 5, 'ft_class', 7, 'paypal', '62X221784D381650K', 50.00, 'USD', 'pending', NULL, '2026-07-28 07:20:00', '2026-07-28 08:14:25'),
(126, 5, 'ft_class', 8, 'flutterwave', 'FLW-UPDRF4CMHQL0', 50.00, 'USD', 'pending', NULL, '2026-07-28 07:34:47', '2026-07-28 08:05:25'),
(127, 5, 'ft_membership', 3, 'flutterwave', '10399185', 80.00, 'USD', 'paid', '{\"id\": 10399185, \"ip\": \"54.75.161.64\", \"card\": {\"type\": \"VISA\", \"token\": \"flw-t1nf-713960665566bf84cde9801c1597effc-m03k\", \"expiry\": \"09/20\", \"issuer\": \" CREDIT\", \"country\": \"VISA TEST CARD\", \"last_4digits\": \"4242\", \"first_6digits\": \"424242\"}, \"meta\": {\"__CheckoutInitAddress\": \"http://localhost/buzzified/public/payment/process\", \"__FingerprintConfidenceScore\": \"0.6\"}, \"amount\": 80, \"status\": \"successful\", \"tx_ref\": \"FLW-F3QUXUXSVW3Z\", \"app_fee\": 3.04, \"flw_ref\": \"FLW-MOCK-0c6a739516f6d395a0006af8d563f578\", \"currency\": \"USD\", \"customer\": {\"id\": 3580969, \"name\": \"Baljit Singh\", \"email\": \"ravesb_5c377c813b500e0df1ae_baljit.developer@gmail.com\", \"created_at\": \"2026-07-28T18:37:29.000Z\", \"phone_number\": \"N/A\"}, \"narration\": \"CARD Transaction \", \"account_id\": 2752671, \"auth_model\": \"VBVSECURECODE\", \"created_at\": \"2026-07-28T18:37:29.000Z\", \"merchant_fee\": 0, \"payment_type\": \"card\", \"amount_settled\": 76.73, \"charged_amount\": 80, \"device_fingerprint\": \"b93f59fab3e02bf387f3f764e3c06af82bba1e27418f312879b406ca9b9ec3f0\", \"processor_response\": \"Approved. Successful\"}', '2026-07-28 13:09:49', '2026-07-28 13:11:42'),
(128, 5, 'ft_class', 9, 'flutterwave', 'FLW-TBKG1DMUMAKX', 50.00, 'USD', 'pending', NULL, '2026-07-29 00:13:02', '2026-07-29 00:13:02'),
(129, 5, 'pd_parcel', 20, 'wallet', 'WALLET-U8WL4KHSVD', 56.44, 'USD', 'paid', NULL, '2026-08-03 05:39:02', '2026-08-03 05:39:02'),
(130, 5, 'pd_parcel', 21, 'wallet', 'WALLET-32PQDVMASN', 316.45, 'USD', 'paid', NULL, '2026-08-03 05:55:53', '2026-08-03 05:55:53'),
(131, 5, 'pd_parcel', 22, 'wallet', 'WALLET-0BLGWGRYPA', 158.13, 'USD', 'paid', NULL, '2026-08-03 06:00:32', '2026-08-03 06:00:32'),
(132, 5, 'hs_booking', 53, 'wallet', 'WALLET-2YSLJ7SJWX', 200.00, 'USD', 'paid', NULL, '2026-08-03 08:00:20', '2026-08-03 08:00:20'),
(133, 5, 'hs_booking', 55, 'cash', 'CASH-YUXYKLDQ5B', 100.00, 'USD', 'pending', NULL, '2026-08-03 08:13:07', '2026-08-03 08:13:07'),
(134, 5, 'hs_booking', 56, 'wallet', 'WALLET-WB1H3AXGPA', 100.00, 'USD', 'paid', NULL, '2026-08-03 08:24:16', '2026-08-03 08:24:16'),
(135, 5, 'hs_booking', 57, 'cash', 'CASH-BEFKX1MDHJ', 500.00, 'USD', 'pending', NULL, '2026-08-03 08:25:49', '2026-08-03 08:25:49'),
(136, 5, 'pd_parcel', 23, 'wallet', 'WALLET-73BQXJNSYT', 37.89, 'USD', 'paid', NULL, '2026-08-03 08:40:08', '2026-08-03 08:40:08'),
(137, 5, 'hs_booking', 58, 'wallet', 'WALLET-ZBJNF7EGAZ', 28.60, 'USD', 'paid', NULL, '2026-08-04 03:16:48', '2026-08-04 03:16:48'),
(138, 5, 'hs_booking', 59, 'wallet', 'WALLET-QI3CPP4T0R', 28.60, 'USD', 'paid', NULL, '2026-08-04 05:23:07', '2026-08-04 05:23:07'),
(139, 5, 'hs_booking', 60, 'stripe', 'cs_test_a15gztiUt3sGVVtS7qGQgSXSSOQFYrEHkZEJiRxYXDfaiMOiQhqTR0qKT1', 241.00, 'USD', 'paid', '{\"id\": \"cs_test_a15gztiUt3sGVVtS7qGQgSXSSOQFYrEHkZEJiRxYXDfaiMOiQhqTR0qKT1\", \"url\": null, \"mode\": \"payment\", \"locale\": null, \"object\": \"checkout.session\", \"status\": \"complete\", \"consent\": null, \"created\": 1785840747, \"invoice\": null, \"ui_mode\": \"hosted_page\", \"currency\": \"usd\", \"customer\": null, \"livemode\": false, \"metadata\": [], \"discounts\": [], \"cancel_url\": \"http://127.0.0.1:8000/payment/checkout?amount=241&source_type=hs_booking&reference_id=60&user_id=5&currency=USD\", \"expires_at\": 1785927147, \"custom_text\": {\"submit\": null, \"after_submit\": null, \"shipping_address\": null, \"terms_of_service_acceptance\": null}, \"permissions\": null, \"submit_type\": null, \"success_url\": \"http://127.0.0.1:8000/payment/callback?gateway=stripe&source_type=hs_booking&reference_id=60&amount=241&currency=USD&user_id=5&session_id={CHECKOUT_SESSION_ID}\", \"amount_total\": 24100, \"payment_link\": null, \"setup_intent\": null, \"subscription\": null, \"automatic_tax\": {\"status\": null, \"enabled\": false, \"provider\": null, \"liability\": null}, \"client_secret\": null, \"custom_fields\": [], \"shipping_cost\": null, \"total_details\": {\"amount_tax\": 0, \"amount_discount\": 0, \"amount_shipping\": 0}, \"customer_email\": null, \"origin_context\": null, \"payment_intent\": \"pi_3U0fxbAKWfZAkcs91pAeRCWT\", \"payment_status\": \"paid\", \"recovered_from\": null, \"wallet_options\": null, \"amount_subtotal\": 24100, \"adaptive_pricing\": {\"enabled\": true}, \"after_expiration\": null, \"customer_account\": null, \"customer_details\": {\"name\": \"bs\", \"email\": \"baljit+test@gmail.com\", \"phone\": null, \"address\": {\"city\": null, \"line1\": null, \"line2\": null, \"state\": null, \"country\": \"IN\", \"postal_code\": null}, \"tax_ids\": [], \"tax_exempt\": \"none\", \"business_name\": null, \"individual_name\": null}, \"invoice_creation\": {\"enabled\": false, \"invoice_data\": {\"footer\": null, \"issuer\": null, \"metadata\": [], \"description\": null, \"custom_fields\": null, \"account_tax_ids\": null, \"rendering_options\": null}}, \"managed_payments\": {\"enabled\": false}, \"shipping_options\": [], \"branding_settings\": {\"icon\": null, \"logo\": null, \"font_family\": \"default\", \"border_style\": \"rounded\", \"button_color\": \"#0074d4\", \"display_name\": \"test usa\", \"background_color\": \"#ffffff\"}, \"customer_creation\": \"if_required\", \"consent_collection\": null, \"client_reference_id\": null, \"currency_conversion\": null, \"presentment_details\": {\"presentment_amount\": 2384648, \"presentment_currency\": \"inr\"}, \"payment_method_types\": [\"card\"], \"allow_promotion_codes\": null, \"collected_information\": null, \"integration_identifier\": null, \"payment_method_options\": {\"card\": {\"request_three_d_secure\": \"automatic\"}}, \"phone_number_collection\": {\"enabled\": false}, \"payment_method_collection\": \"if_required\", \"billing_address_collection\": null, \"shipping_address_collection\": null, \"saved_payment_method_options\": null, \"payment_method_configuration_details\": null}', '2026-08-04 05:26:07', '2026-08-04 05:26:24'),
(140, 5, 'da_appointment', 14, 'wallet', 'WALLET-IIJIHNQOL1', 59.00, 'USD', 'paid', NULL, '2026-08-04 06:13:07', '2026-08-04 06:13:07'),
(141, 5, 'da_appointment', 15, 'wallet', 'WALLET-KRODQISOEN', 50.00, 'USD', 'paid', NULL, '2026-08-04 06:27:29', '2026-08-04 06:27:29'),
(142, 5, 'ss_appointment', 15, 'wallet', 'WALLET-5IKNOMNVFC', 35.40, 'USD', 'paid', NULL, '2026-08-04 06:58:40', '2026-08-04 06:58:40'),
(143, 5, 'ss_appointment', 16, 'wallet', 'WALLET-DDFCJ2DAZH', 11.80, 'USD', 'paid', NULL, '2026-08-04 07:03:35', '2026-08-04 07:03:35'),
(144, 5, 'ft_appointment', 17, 'stripe', 'cs_test_a1Vr3DeZHJ4NAETJiZX17pquF69DPtNLPlmCQXdtTjFiajNZUOOwIwSlne', 118.00, 'USD', 'paid', '{\"id\": \"cs_test_a1Vr3DeZHJ4NAETJiZX17pquF69DPtNLPlmCQXdtTjFiajNZUOOwIwSlne\", \"url\": null, \"mode\": \"payment\", \"locale\": null, \"object\": \"checkout.session\", \"status\": \"complete\", \"consent\": null, \"created\": 1785847087, \"invoice\": null, \"ui_mode\": \"hosted_page\", \"currency\": \"usd\", \"customer\": null, \"livemode\": false, \"metadata\": [], \"discounts\": [], \"cancel_url\": \"http://127.0.0.1:8000/payment/checkout?amount=118&source_type=ft_appointment&reference_id=17&user_id=5&currency=USD\", \"expires_at\": 1785933487, \"custom_text\": {\"submit\": null, \"after_submit\": null, \"shipping_address\": null, \"terms_of_service_acceptance\": null}, \"permissions\": null, \"submit_type\": null, \"success_url\": \"http://127.0.0.1:8000/payment/callback?gateway=stripe&source_type=ft_appointment&reference_id=17&amount=118&currency=USD&user_id=5&session_id={CHECKOUT_SESSION_ID}\", \"amount_total\": 11800, \"payment_link\": null, \"setup_intent\": null, \"subscription\": null, \"automatic_tax\": {\"status\": null, \"enabled\": false, \"provider\": null, \"liability\": null}, \"client_secret\": null, \"custom_fields\": [], \"shipping_cost\": null, \"total_details\": {\"amount_tax\": 0, \"amount_discount\": 0, \"amount_shipping\": 0}, \"customer_email\": null, \"origin_context\": null, \"payment_intent\": \"pi_3U0hbrAKWfZAkcs92AogvA10\", \"payment_status\": \"paid\", \"recovered_from\": null, \"wallet_options\": null, \"amount_subtotal\": 11800, \"adaptive_pricing\": {\"enabled\": true}, \"after_expiration\": null, \"customer_account\": null, \"customer_details\": {\"name\": \"bs\", \"email\": \"baljit+test@gmail.com\", \"phone\": null, \"address\": {\"city\": null, \"line1\": null, \"line2\": null, \"state\": null, \"country\": \"IN\", \"postal_code\": null}, \"tax_ids\": [], \"tax_exempt\": \"none\", \"business_name\": null, \"individual_name\": null}, \"invoice_creation\": {\"enabled\": false, \"invoice_data\": {\"footer\": null, \"issuer\": null, \"metadata\": [], \"description\": null, \"custom_fields\": null, \"account_tax_ids\": null, \"rendering_options\": null}}, \"managed_payments\": {\"enabled\": false}, \"shipping_options\": [], \"branding_settings\": {\"icon\": null, \"logo\": null, \"font_family\": \"default\", \"border_style\": \"rounded\", \"button_color\": \"#0074d4\", \"display_name\": \"test usa\", \"background_color\": \"#ffffff\"}, \"customer_creation\": \"if_required\", \"consent_collection\": null, \"client_reference_id\": null, \"currency_conversion\": null, \"presentment_details\": {\"presentment_amount\": 1169174, \"presentment_currency\": \"inr\"}, \"payment_method_types\": [\"card\"], \"allow_promotion_codes\": null, \"collected_information\": null, \"integration_identifier\": null, \"payment_method_options\": {\"card\": {\"request_three_d_secure\": \"automatic\"}}, \"phone_number_collection\": {\"enabled\": false}, \"payment_method_collection\": \"if_required\", \"billing_address_collection\": null, \"shipping_address_collection\": null, \"saved_payment_method_options\": null, \"payment_method_configuration_details\": null}', '2026-08-04 07:11:48', '2026-08-04 07:12:03'),
(145, 5, 'ec_order', 22, 'stripe', 'cs_test_a1eTFu2X8JtkxgjzcTqUmjwyamwhoWooMY3vjDGDBPhsL5Hzsct4SGl5LQ', 1508.14, 'USD', 'paid', '{\"id\": \"cs_test_a1eTFu2X8JtkxgjzcTqUmjwyamwhoWooMY3vjDGDBPhsL5Hzsct4SGl5LQ\", \"url\": null, \"mode\": \"payment\", \"locale\": null, \"object\": \"checkout.session\", \"status\": \"complete\", \"consent\": null, \"created\": 1785847614, \"invoice\": null, \"ui_mode\": \"hosted_page\", \"currency\": \"usd\", \"customer\": null, \"livemode\": false, \"metadata\": [], \"discounts\": [], \"cancel_url\": \"http://127.0.0.1:8000/payment/checkout?amount=1508.14&source_type=ec_order&reference_id=22&user_id=5&currency=USD\", \"expires_at\": 1785934014, \"custom_text\": {\"submit\": null, \"after_submit\": null, \"shipping_address\": null, \"terms_of_service_acceptance\": null}, \"permissions\": null, \"submit_type\": null, \"success_url\": \"http://127.0.0.1:8000/payment/callback?gateway=stripe&source_type=ec_order&reference_id=22&amount=1508.14&currency=USD&user_id=5&session_id={CHECKOUT_SESSION_ID}\", \"amount_total\": 150814, \"payment_link\": null, \"setup_intent\": null, \"subscription\": null, \"automatic_tax\": {\"status\": null, \"enabled\": false, \"provider\": null, \"liability\": null}, \"client_secret\": null, \"custom_fields\": [], \"shipping_cost\": null, \"total_details\": {\"amount_tax\": 0, \"amount_discount\": 0, \"amount_shipping\": 0}, \"customer_email\": null, \"origin_context\": null, \"payment_intent\": \"pi_3U0hkJAKWfZAkcs93yNHrsih\", \"payment_status\": \"paid\", \"recovered_from\": null, \"wallet_options\": null, \"amount_subtotal\": 150814, \"adaptive_pricing\": {\"enabled\": true}, \"after_expiration\": null, \"customer_account\": null, \"customer_details\": {\"name\": \"bs\", \"email\": \"baljit+test@gmail.com\", \"phone\": null, \"address\": {\"city\": null, \"line1\": null, \"line2\": null, \"state\": null, \"country\": \"IN\", \"postal_code\": null}, \"tax_ids\": [], \"tax_exempt\": \"none\", \"business_name\": null, \"individual_name\": null}, \"invoice_creation\": {\"enabled\": false, \"invoice_data\": {\"footer\": null, \"issuer\": null, \"metadata\": [], \"description\": null, \"custom_fields\": null, \"account_tax_ids\": null, \"rendering_options\": null}}, \"managed_payments\": {\"enabled\": false}, \"shipping_options\": [], \"branding_settings\": {\"icon\": null, \"logo\": null, \"font_family\": \"default\", \"border_style\": \"rounded\", \"button_color\": \"#0074d4\", \"display_name\": \"test usa\", \"background_color\": \"#ffffff\"}, \"customer_creation\": \"if_required\", \"consent_collection\": null, \"client_reference_id\": null, \"currency_conversion\": null, \"presentment_details\": {\"presentment_amount\": 14907113, \"presentment_currency\": \"inr\"}, \"payment_method_types\": [\"card\"], \"allow_promotion_codes\": null, \"collected_information\": null, \"integration_identifier\": null, \"payment_method_options\": {\"card\": {\"request_three_d_secure\": \"automatic\"}}, \"phone_number_collection\": {\"enabled\": false}, \"payment_method_collection\": \"if_required\", \"billing_address_collection\": null, \"shipping_address_collection\": null, \"saved_payment_method_options\": null, \"payment_method_configuration_details\": null}', '2026-08-04 07:20:34', '2026-08-04 07:20:47'),
(146, 5, 'hs_booking', 61, 'wallet', 'WALLET-ZHGSXL87CX', 123.00, 'USD', 'paid', NULL, '2026-08-04 07:26:32', '2026-08-04 07:26:32'),
(147, 29, 'property_promotion', 3, 'stripe', 'cs_test_a1Y6tS0RbauUZI0kxLezBUtIQJis16TJIkDUnfBR4yJGYI9qciOcfq4ZHk', 15.00, 'USD', 'paid', '{\"id\": \"cs_test_a1Y6tS0RbauUZI0kxLezBUtIQJis16TJIkDUnfBR4yJGYI9qciOcfq4ZHk\", \"url\": null, \"mode\": \"payment\", \"locale\": null, \"object\": \"checkout.session\", \"status\": \"complete\", \"consent\": null, \"created\": 1786632482, \"invoice\": null, \"ui_mode\": \"hosted_page\", \"currency\": \"usd\", \"customer\": null, \"livemode\": false, \"metadata\": [], \"discounts\": [], \"cancel_url\": \"http://localhost/buzzified/public/payment/checkout?amount=15.00&currency=USD&source_type=property_promotion&reference_id=3\", \"expires_at\": 1786718882, \"custom_text\": {\"submit\": null, \"after_submit\": null, \"shipping_address\": null, \"terms_of_service_acceptance\": null}, \"permissions\": null, \"submit_type\": null, \"success_url\": \"http://localhost/buzzified/public/payment/callback?gateway=stripe&source_type=property_promotion&reference_id=3&amount=15.00&currency=USD&user_id=29&session_id={CHECKOUT_SESSION_ID}\", \"amount_total\": 1500, \"payment_link\": null, \"setup_intent\": null, \"subscription\": null, \"automatic_tax\": {\"status\": null, \"enabled\": false, \"provider\": null, \"liability\": null}, \"client_secret\": null, \"custom_fields\": [], \"shipping_cost\": null, \"total_details\": {\"amount_tax\": 0, \"amount_discount\": 0, \"amount_shipping\": 0}, \"customer_email\": null, \"origin_context\": null, \"payment_intent\": \"pi_3U3zvZAKWfZAkcs92Ncj92ee\", \"payment_status\": \"paid\", \"recovered_from\": null, \"wallet_options\": null, \"amount_subtotal\": 1500, \"adaptive_pricing\": {\"enabled\": true}, \"after_expiration\": null, \"customer_account\": null, \"customer_details\": {\"name\": \"bs ss\", \"email\": \"baljit.developer+3@gmail.com\", \"phone\": null, \"address\": {\"city\": null, \"line1\": null, \"line2\": null, \"state\": null, \"country\": \"IN\", \"postal_code\": null}, \"tax_ids\": [], \"tax_exempt\": \"none\", \"business_name\": null, \"individual_name\": null}, \"invoice_creation\": {\"enabled\": false, \"invoice_data\": {\"footer\": null, \"issuer\": null, \"metadata\": [], \"description\": null, \"custom_fields\": null, \"account_tax_ids\": null, \"rendering_options\": null}}, \"managed_payments\": {\"enabled\": false}, \"shipping_options\": [], \"branding_settings\": {\"icon\": null, \"logo\": null, \"font_family\": \"default\", \"border_style\": \"rounded\", \"button_color\": \"#0074d4\", \"display_name\": \"test usa\", \"background_color\": \"#ffffff\"}, \"customer_creation\": \"if_required\", \"consent_collection\": null, \"client_reference_id\": null, \"currency_conversion\": null, \"presentment_details\": {\"presentment_amount\": 148794, \"presentment_currency\": \"inr\"}, \"payment_method_types\": [\"card\"], \"allow_promotion_codes\": null, \"collected_information\": null, \"integration_identifier\": null, \"payment_method_options\": {\"card\": {\"request_three_d_secure\": \"automatic\"}}, \"phone_number_collection\": {\"enabled\": false}, \"payment_method_collection\": \"if_required\", \"billing_address_collection\": null, \"shipping_address_collection\": null, \"saved_payment_method_options\": null, \"payment_method_configuration_details\": null}', '2026-08-13 09:21:53', '2026-08-13 09:22:12'),
(148, 27, 'hs_booking', 62, 'stripe', 'cs_test_a1Q6wYZRhBEawzU6faogzOIQkHObSgMR3q65Ke02oNUfYMsOChUMeQgWzB', 28.60, 'USD', 'paid', '{\"id\": \"cs_test_a1Q6wYZRhBEawzU6faogzOIQkHObSgMR3q65Ke02oNUfYMsOChUMeQgWzB\", \"url\": null, \"mode\": \"payment\", \"locale\": null, \"object\": \"checkout.session\", \"status\": \"complete\", \"consent\": null, \"created\": 1786733101, \"invoice\": null, \"ui_mode\": \"hosted_page\", \"currency\": \"usd\", \"customer\": null, \"livemode\": false, \"metadata\": [], \"discounts\": [], \"cancel_url\": \"http://localhost/buzzified/public/payment/checkout?amount=28.6&source_type=hs_booking&reference_id=62&user_id=27&currency=USD\", \"expires_at\": 1786819501, \"custom_text\": {\"submit\": null, \"after_submit\": null, \"shipping_address\": null, \"terms_of_service_acceptance\": null}, \"permissions\": null, \"submit_type\": null, \"success_url\": \"http://localhost/buzzified/public/payment/callback?gateway=stripe&source_type=hs_booking&reference_id=62&amount=28.6&currency=USD&user_id=27&session_id={CHECKOUT_SESSION_ID}\", \"amount_total\": 2860, \"payment_link\": null, \"setup_intent\": null, \"subscription\": null, \"automatic_tax\": {\"status\": null, \"enabled\": false, \"provider\": null, \"liability\": null}, \"client_secret\": null, \"custom_fields\": [], \"shipping_cost\": null, \"total_details\": {\"amount_tax\": 0, \"amount_discount\": 0, \"amount_shipping\": 0}, \"customer_email\": null, \"origin_context\": null, \"payment_intent\": \"pi_3U4Q6LAKWfZAkcs917r087aV\", \"payment_status\": \"paid\", \"recovered_from\": null, \"wallet_options\": null, \"amount_subtotal\": 2860, \"adaptive_pricing\": {\"enabled\": true}, \"after_expiration\": null, \"customer_account\": null, \"customer_details\": {\"name\": \"bs\", \"email\": \"baljit+test@gmail.com\", \"phone\": null, \"address\": {\"city\": null, \"line1\": null, \"line2\": null, \"state\": null, \"country\": \"IN\", \"postal_code\": null}, \"tax_ids\": [], \"tax_exempt\": \"none\", \"business_name\": null, \"individual_name\": null}, \"invoice_creation\": {\"enabled\": false, \"invoice_data\": {\"footer\": null, \"issuer\": null, \"metadata\": [], \"description\": null, \"custom_fields\": null, \"account_tax_ids\": null, \"rendering_options\": null}}, \"managed_payments\": {\"enabled\": false}, \"shipping_options\": [], \"branding_settings\": {\"icon\": null, \"logo\": null, \"font_family\": \"default\", \"border_style\": \"rounded\", \"button_color\": \"#0074d4\", \"display_name\": \"test usa\", \"background_color\": \"#ffffff\"}, \"customer_creation\": \"if_required\", \"consent_collection\": null, \"client_reference_id\": null, \"currency_conversion\": null, \"presentment_details\": {\"presentment_amount\": 284196, \"presentment_currency\": \"inr\"}, \"payment_method_types\": [\"card\"], \"allow_promotion_codes\": null, \"collected_information\": null, \"integration_identifier\": null, \"payment_method_options\": {\"card\": {\"request_three_d_secure\": \"automatic\"}}, \"phone_number_collection\": {\"enabled\": false}, \"payment_method_collection\": \"if_required\", \"billing_address_collection\": null, \"shipping_address_collection\": null, \"saved_payment_method_options\": null, \"payment_method_configuration_details\": null}', '2026-08-14 13:18:52', '2026-08-14 13:19:05'),
(149, 27, 'da_appointment', 16, 'stripe', 'cs_test_a1jwWGtp08Sy8HvRz3NqhfspUdE1vVrUYwh4gw4e8azJ1D45IXitgyxSKN', 100.00, 'USD', 'pending', NULL, '2026-08-17 07:48:20', '2026-08-17 07:48:20'),
(150, 27, 'da_appointment', 17, 'stripe', 'cs_test_a1lmmKBrfFGiQK7oWXBKAvP3ugzT8PxyMcesEWG5yMyNInCDMSvvfAiLrD', 105.00, 'USD', 'paid', '{\"id\": \"cs_test_a1lmmKBrfFGiQK7oWXBKAvP3ugzT8PxyMcesEWG5yMyNInCDMSvvfAiLrD\", \"url\": null, \"mode\": \"payment\", \"locale\": null, \"object\": \"checkout.session\", \"status\": \"complete\", \"consent\": null, \"created\": 1786972585, \"invoice\": null, \"ui_mode\": \"hosted_page\", \"currency\": \"usd\", \"customer\": null, \"livemode\": false, \"metadata\": [], \"discounts\": [], \"cancel_url\": \"http://localhost/buzzified/public/payment/checkout?amount=105&source_type=da_appointment&reference_id=17&user_id=27&currency=USD\", \"expires_at\": 1787058985, \"custom_text\": {\"submit\": null, \"after_submit\": null, \"shipping_address\": null, \"terms_of_service_acceptance\": null}, \"permissions\": null, \"submit_type\": null, \"success_url\": \"http://localhost/buzzified/public/payment/callback?gateway=stripe&source_type=da_appointment&reference_id=17&amount=105&currency=USD&user_id=27&session_id={CHECKOUT_SESSION_ID}\", \"amount_total\": 10500, \"payment_link\": null, \"setup_intent\": null, \"subscription\": null, \"automatic_tax\": {\"status\": null, \"enabled\": false, \"provider\": null, \"liability\": null}, \"client_secret\": null, \"custom_fields\": [], \"shipping_cost\": null, \"total_details\": {\"amount_tax\": 0, \"amount_discount\": 0, \"amount_shipping\": 0}, \"customer_email\": null, \"origin_context\": null, \"payment_intent\": \"pi_3U5QP1AKWfZAkcs91y2rCowi\", \"payment_status\": \"paid\", \"recovered_from\": null, \"wallet_options\": null, \"amount_subtotal\": 10500, \"adaptive_pricing\": {\"enabled\": true}, \"after_expiration\": null, \"customer_account\": null, \"customer_details\": {\"name\": \"bs\", \"email\": \"baljit+test@gmail.com\", \"phone\": null, \"address\": {\"city\": null, \"line1\": null, \"line2\": null, \"state\": null, \"country\": \"IN\", \"postal_code\": null}, \"tax_ids\": [], \"tax_exempt\": \"none\", \"business_name\": null, \"individual_name\": null}, \"invoice_creation\": {\"enabled\": false, \"invoice_data\": {\"footer\": null, \"issuer\": null, \"metadata\": [], \"description\": null, \"custom_fields\": null, \"account_tax_ids\": null, \"rendering_options\": null}}, \"managed_payments\": {\"enabled\": false}, \"shipping_options\": [], \"branding_settings\": {\"icon\": null, \"logo\": null, \"font_family\": \"default\", \"border_style\": \"rounded\", \"button_color\": \"#0074d4\", \"display_name\": \"test usa\", \"background_color\": \"#ffffff\"}, \"customer_creation\": \"if_required\", \"consent_collection\": null, \"client_reference_id\": null, \"currency_conversion\": null, \"presentment_details\": {\"presentment_amount\": 1044097, \"presentment_currency\": \"inr\"}, \"payment_method_types\": [\"card\"], \"allow_promotion_codes\": null, \"collected_information\": null, \"integration_identifier\": null, \"payment_method_options\": {\"card\": {\"request_three_d_secure\": \"automatic\"}}, \"phone_number_collection\": {\"enabled\": false}, \"payment_method_collection\": \"if_required\", \"billing_address_collection\": null, \"shipping_address_collection\": null, \"saved_payment_method_options\": null, \"payment_method_configuration_details\": null}', '2026-08-17 07:50:20', '2026-08-17 07:50:34');
INSERT INTO `payments` (`id`, `user_id`, `source_type`, `reference_id`, `payment_method`, `transaction_id`, `amount`, `currency`, `payment_status`, `gateway_response`, `created_at`, `updated_at`) VALUES
(151, 27, 'da_appointment', 18, 'stripe', 'cs_test_a1uTLtBnJkhnJoiJQ9ZvBTL6LUBhCIniMX9FPHPf3HRcdYkSzwHFMgGJFq', 105.00, 'USD', 'paid', '{\"id\": \"cs_test_a1uTLtBnJkhnJoiJQ9ZvBTL6LUBhCIniMX9FPHPf3HRcdYkSzwHFMgGJFq\", \"url\": null, \"mode\": \"payment\", \"locale\": null, \"object\": \"checkout.session\", \"status\": \"complete\", \"consent\": null, \"created\": 1786973490, \"invoice\": null, \"ui_mode\": \"hosted_page\", \"currency\": \"usd\", \"customer\": null, \"livemode\": false, \"metadata\": [], \"discounts\": [], \"cancel_url\": \"http://localhost/buzzified/public/payment/checkout?amount=105&source_type=da_appointment&reference_id=18&user_id=27&currency=USD\", \"expires_at\": 1787059890, \"custom_text\": {\"submit\": null, \"after_submit\": null, \"shipping_address\": null, \"terms_of_service_acceptance\": null}, \"permissions\": null, \"submit_type\": null, \"success_url\": \"http://localhost/buzzified/public/payment/callback?gateway=stripe&source_type=da_appointment&reference_id=18&amount=105&currency=USD&user_id=27&session_id={CHECKOUT_SESSION_ID}\", \"amount_total\": 10500, \"payment_link\": null, \"setup_intent\": null, \"subscription\": null, \"automatic_tax\": {\"status\": null, \"enabled\": false, \"provider\": null, \"liability\": null}, \"client_secret\": null, \"custom_fields\": [], \"shipping_cost\": null, \"total_details\": {\"amount_tax\": 0, \"amount_discount\": 0, \"amount_shipping\": 0}, \"customer_email\": null, \"origin_context\": null, \"payment_intent\": \"pi_3U5QdZAKWfZAkcs93u2HfjQs\", \"payment_status\": \"paid\", \"recovered_from\": null, \"wallet_options\": null, \"amount_subtotal\": 10500, \"adaptive_pricing\": {\"enabled\": true}, \"after_expiration\": null, \"customer_account\": null, \"customer_details\": {\"name\": \"bs\", \"email\": \"baljit+test@gmail.com\", \"phone\": null, \"address\": {\"city\": null, \"line1\": null, \"line2\": null, \"state\": null, \"country\": \"IN\", \"postal_code\": null}, \"tax_ids\": [], \"tax_exempt\": \"none\", \"business_name\": null, \"individual_name\": null}, \"invoice_creation\": {\"enabled\": false, \"invoice_data\": {\"footer\": null, \"issuer\": null, \"metadata\": [], \"description\": null, \"custom_fields\": null, \"account_tax_ids\": null, \"rendering_options\": null}}, \"managed_payments\": {\"enabled\": false}, \"shipping_options\": [], \"branding_settings\": {\"icon\": null, \"logo\": null, \"font_family\": \"default\", \"border_style\": \"rounded\", \"button_color\": \"#0074d4\", \"display_name\": \"test usa\", \"background_color\": \"#ffffff\"}, \"customer_creation\": \"if_required\", \"consent_collection\": null, \"client_reference_id\": null, \"currency_conversion\": null, \"presentment_details\": {\"presentment_amount\": 1044097, \"presentment_currency\": \"inr\"}, \"payment_method_types\": [\"card\"], \"allow_promotion_codes\": null, \"collected_information\": null, \"integration_identifier\": null, \"payment_method_options\": {\"card\": {\"request_three_d_secure\": \"automatic\"}}, \"phone_number_collection\": {\"enabled\": false}, \"payment_method_collection\": \"if_required\", \"billing_address_collection\": null, \"shipping_address_collection\": null, \"saved_payment_method_options\": null, \"payment_method_configuration_details\": null}', '2026-08-17 08:05:25', '2026-08-17 08:05:36'),
(152, 33, 'da_promotion', 2, 'provider_wallet', 'PWALLET-4GRFADNXAP', 5.00, 'USD', 'paid', NULL, '2026-08-17 08:10:04', '2026-08-17 08:10:04'),
(153, 33, 'da_promotion', 6, 'stripe', 'cs_test_a1OxbmPuJJjsR6z3IhNtcei8czdCKZmVRhkOf8C5yjr4nbTN5RfIb2g6jY', 5.00, 'USD', 'paid', '{\"id\": \"cs_test_a1OxbmPuJJjsR6z3IhNtcei8czdCKZmVRhkOf8C5yjr4nbTN5RfIb2g6jY\", \"url\": null, \"mode\": \"payment\", \"locale\": null, \"object\": \"checkout.session\", \"status\": \"complete\", \"consent\": null, \"created\": 1786974594, \"invoice\": null, \"ui_mode\": \"hosted_page\", \"currency\": \"usd\", \"customer\": null, \"livemode\": false, \"metadata\": [], \"discounts\": [], \"cancel_url\": \"http://localhost/buzzified/public/payment/checkout?amount=5.00&currency=USD&source_type=da_promotion&reference_id=6\", \"expires_at\": 1787060994, \"custom_text\": {\"submit\": null, \"after_submit\": null, \"shipping_address\": null, \"terms_of_service_acceptance\": null}, \"permissions\": null, \"submit_type\": null, \"success_url\": \"http://localhost/buzzified/public/payment/callback?gateway=stripe&source_type=da_promotion&reference_id=6&amount=5.00&currency=USD&user_id=33&session_id={CHECKOUT_SESSION_ID}\", \"amount_total\": 500, \"payment_link\": null, \"setup_intent\": null, \"subscription\": null, \"automatic_tax\": {\"status\": null, \"enabled\": false, \"provider\": null, \"liability\": null}, \"client_secret\": null, \"custom_fields\": [], \"shipping_cost\": null, \"total_details\": {\"amount_tax\": 0, \"amount_discount\": 0, \"amount_shipping\": 0}, \"customer_email\": null, \"origin_context\": null, \"payment_intent\": \"pi_3U5QvSAKWfZAkcs9030VPOAs\", \"payment_status\": \"paid\", \"recovered_from\": null, \"wallet_options\": null, \"amount_subtotal\": 500, \"adaptive_pricing\": {\"enabled\": true}, \"after_expiration\": null, \"customer_account\": null, \"customer_details\": {\"name\": \"bs ss\", \"email\": \"baljit.developer+3@gmail.com\", \"phone\": null, \"address\": {\"city\": null, \"line1\": null, \"line2\": null, \"state\": null, \"country\": \"IN\", \"postal_code\": null}, \"tax_ids\": [], \"tax_exempt\": \"none\", \"business_name\": null, \"individual_name\": null}, \"invoice_creation\": {\"enabled\": false, \"invoice_data\": {\"footer\": null, \"issuer\": null, \"metadata\": [], \"description\": null, \"custom_fields\": null, \"account_tax_ids\": null, \"rendering_options\": null}}, \"managed_payments\": {\"enabled\": false}, \"shipping_options\": [], \"branding_settings\": {\"icon\": null, \"logo\": null, \"font_family\": \"default\", \"border_style\": \"rounded\", \"button_color\": \"#0074d4\", \"display_name\": \"test usa\", \"background_color\": \"#ffffff\"}, \"customer_creation\": \"if_required\", \"consent_collection\": null, \"client_reference_id\": null, \"currency_conversion\": null, \"presentment_details\": {\"presentment_amount\": 49719, \"presentment_currency\": \"inr\"}, \"payment_method_types\": [\"card\"], \"allow_promotion_codes\": null, \"collected_information\": null, \"integration_identifier\": null, \"payment_method_options\": {\"card\": {\"request_three_d_secure\": \"automatic\"}}, \"phone_number_collection\": {\"enabled\": false}, \"payment_method_collection\": \"if_required\", \"billing_address_collection\": null, \"shipping_address_collection\": null, \"saved_payment_method_options\": null, \"payment_method_configuration_details\": null}', '2026-08-17 08:23:49', '2026-08-17 08:24:05'),
(154, 27, 'ss_appointment', 17, 'stripe', 'cs_test_a108ONb9yLkfNogWsRSzoGR4HgD0AUTj3UVIIgPB706P5qWImjvvItxIFU', 11.80, 'USD', 'pending', NULL, '2026-08-17 12:53:16', '2026-08-17 12:53:16'),
(155, 27, 'ss_appointment', 17, 'wallet', 'WALLET-IYQHG9U5KX', 11.80, 'USD', 'paid', NULL, '2026-08-17 12:53:35', '2026-08-17 12:53:35'),
(156, 27, 'ss_appointment', 18, 'cash', 'CASH-NSYWOHD4VS', 11.80, 'USD', 'pending', NULL, '2026-08-17 13:15:36', '2026-08-17 13:15:36'),
(157, 27, 'ft_appointment', 18, 'stripe', 'cs_test_a11t1TkpRqnqM8c5TPgImLYk8Rt8Um8puJ7txg2YvDRw5Ntt55dAGaCuPF', 23.60, 'USD', 'paid', '{\"id\": \"cs_test_a11t1TkpRqnqM8c5TPgImLYk8Rt8Um8puJ7txg2YvDRw5Ntt55dAGaCuPF\", \"url\": null, \"mode\": \"payment\", \"locale\": null, \"object\": \"checkout.session\", \"status\": \"complete\", \"consent\": null, \"created\": 1787055360, \"invoice\": null, \"ui_mode\": \"hosted_page\", \"currency\": \"usd\", \"customer\": null, \"livemode\": false, \"metadata\": [], \"discounts\": [], \"cancel_url\": \"http://localhost/buzzified/public/payment/checkout?amount=23.6&source_type=ft_appointment&reference_id=18&user_id=27&currency=USD\", \"expires_at\": 1787141760, \"custom_text\": {\"submit\": null, \"after_submit\": null, \"shipping_address\": null, \"terms_of_service_acceptance\": null}, \"permissions\": null, \"submit_type\": null, \"success_url\": \"http://localhost/buzzified/public/payment/callback?gateway=stripe&source_type=ft_appointment&reference_id=18&amount=23.6&currency=USD&user_id=27&session_id={CHECKOUT_SESSION_ID}\", \"amount_total\": 2360, \"payment_link\": null, \"setup_intent\": null, \"subscription\": null, \"automatic_tax\": {\"status\": null, \"enabled\": false, \"provider\": null, \"liability\": null}, \"client_secret\": null, \"custom_fields\": [], \"shipping_cost\": null, \"total_details\": {\"amount_tax\": 0, \"amount_discount\": 0, \"amount_shipping\": 0}, \"customer_email\": null, \"origin_context\": null, \"payment_intent\": \"pi_3U5lw6AKWfZAkcs92lBdhV4c\", \"payment_status\": \"paid\", \"recovered_from\": null, \"wallet_options\": null, \"amount_subtotal\": 2360, \"adaptive_pricing\": {\"enabled\": true}, \"after_expiration\": null, \"customer_account\": null, \"customer_details\": {\"name\": \"bs\", \"email\": \"baljit+test@gmail.com\", \"phone\": null, \"address\": {\"city\": null, \"line1\": null, \"line2\": null, \"state\": null, \"country\": \"IN\", \"postal_code\": null}, \"tax_ids\": [], \"tax_exempt\": \"none\", \"business_name\": null, \"individual_name\": null}, \"invoice_creation\": {\"enabled\": false, \"invoice_data\": {\"footer\": null, \"issuer\": null, \"metadata\": [], \"description\": null, \"custom_fields\": null, \"account_tax_ids\": null, \"rendering_options\": null}}, \"managed_payments\": {\"enabled\": false}, \"shipping_options\": [], \"branding_settings\": {\"icon\": null, \"logo\": null, \"font_family\": \"default\", \"border_style\": \"rounded\", \"button_color\": \"#0074d4\", \"display_name\": \"test usa\", \"background_color\": \"#ffffff\"}, \"customer_creation\": \"if_required\", \"consent_collection\": null, \"client_reference_id\": null, \"currency_conversion\": null, \"presentment_details\": {\"presentment_amount\": 234929, \"presentment_currency\": \"inr\"}, \"payment_method_types\": [\"card\"], \"allow_promotion_codes\": null, \"collected_information\": null, \"integration_identifier\": null, \"payment_method_options\": {\"card\": {\"request_three_d_secure\": \"automatic\"}}, \"phone_number_collection\": {\"enabled\": false}, \"payment_method_collection\": \"if_required\", \"billing_address_collection\": null, \"shipping_address_collection\": null, \"saved_payment_method_options\": null, \"payment_method_configuration_details\": null}', '2026-08-18 06:49:56', '2026-08-18 06:50:10'),
(158, 27, 'ft_appointment', 19, 'stripe', 'cs_test_a1LR1Z4i9N8Rpju4KBcoKpbzlIBE8ZJid691hUMHrP5M1AaMvT61YMYfYG', 23.60, 'USD', 'paid', '{\"id\": \"cs_test_a1LR1Z4i9N8Rpju4KBcoKpbzlIBE8ZJid691hUMHrP5M1AaMvT61YMYfYG\", \"url\": null, \"mode\": \"payment\", \"locale\": null, \"object\": \"checkout.session\", \"status\": \"complete\", \"consent\": null, \"created\": 1787055740, \"invoice\": null, \"ui_mode\": \"hosted_page\", \"currency\": \"usd\", \"customer\": null, \"livemode\": false, \"metadata\": [], \"discounts\": [], \"cancel_url\": \"http://localhost/buzzified/public/payment/checkout?amount=23.6&source_type=ft_appointment&reference_id=19&user_id=27&currency=USD\", \"expires_at\": 1787142140, \"custom_text\": {\"submit\": null, \"after_submit\": null, \"shipping_address\": null, \"terms_of_service_acceptance\": null}, \"permissions\": null, \"submit_type\": null, \"success_url\": \"http://localhost/buzzified/public/payment/callback?gateway=stripe&source_type=ft_appointment&reference_id=19&amount=23.6&currency=USD&user_id=27&session_id={CHECKOUT_SESSION_ID}\", \"amount_total\": 2360, \"payment_link\": null, \"setup_intent\": null, \"subscription\": null, \"automatic_tax\": {\"status\": null, \"enabled\": false, \"provider\": null, \"liability\": null}, \"client_secret\": null, \"custom_fields\": [], \"shipping_cost\": null, \"total_details\": {\"amount_tax\": 0, \"amount_discount\": 0, \"amount_shipping\": 0}, \"customer_email\": null, \"origin_context\": null, \"payment_intent\": \"pi_3U5m2BAKWfZAkcs91oQr4Uka\", \"payment_status\": \"paid\", \"recovered_from\": null, \"wallet_options\": null, \"amount_subtotal\": 2360, \"adaptive_pricing\": {\"enabled\": true}, \"after_expiration\": null, \"customer_account\": null, \"customer_details\": {\"name\": \"bs\", \"email\": \"baljit+test@gmail.com\", \"phone\": null, \"address\": {\"city\": null, \"line1\": null, \"line2\": null, \"state\": null, \"country\": \"IN\", \"postal_code\": null}, \"tax_ids\": [], \"tax_exempt\": \"none\", \"business_name\": null, \"individual_name\": null}, \"invoice_creation\": {\"enabled\": false, \"invoice_data\": {\"footer\": null, \"issuer\": null, \"metadata\": [], \"description\": null, \"custom_fields\": null, \"account_tax_ids\": null, \"rendering_options\": null}}, \"managed_payments\": {\"enabled\": false}, \"shipping_options\": [], \"branding_settings\": {\"icon\": null, \"logo\": null, \"font_family\": \"default\", \"border_style\": \"rounded\", \"button_color\": \"#0074d4\", \"display_name\": \"test usa\", \"background_color\": \"#ffffff\"}, \"customer_creation\": \"if_required\", \"consent_collection\": null, \"client_reference_id\": null, \"currency_conversion\": null, \"presentment_details\": {\"presentment_amount\": 234929, \"presentment_currency\": \"inr\"}, \"payment_method_types\": [\"card\"], \"allow_promotion_codes\": null, \"collected_information\": null, \"integration_identifier\": null, \"payment_method_options\": {\"card\": {\"request_three_d_secure\": \"automatic\"}}, \"phone_number_collection\": {\"enabled\": false}, \"payment_method_collection\": \"if_required\", \"billing_address_collection\": null, \"shipping_address_collection\": null, \"saved_payment_method_options\": null, \"payment_method_configuration_details\": null}', '2026-08-18 06:56:16', '2026-08-18 06:56:26'),
(159, 27, 'ft_class', 11, 'wallet', 'WALLET-URRMEW6WKD', 23.60, 'USD', 'paid', NULL, '2026-08-18 07:30:46', '2026-08-18 07:30:46'),
(160, 27, 'ft_membership', 6, 'stripe', 'cs_test_a1s2PLT9k4r6kXuko7YtgqgXHJCerqz1ryZwtcfH6X3TvRlf1v1GJKwfdU', 118.00, 'USD', 'paid', '{\"id\": \"cs_test_a1s2PLT9k4r6kXuko7YtgqgXHJCerqz1ryZwtcfH6X3TvRlf1v1GJKwfdU\", \"url\": null, \"mode\": \"payment\", \"locale\": null, \"object\": \"checkout.session\", \"status\": \"complete\", \"consent\": null, \"created\": 1787057928, \"invoice\": null, \"ui_mode\": \"hosted_page\", \"currency\": \"usd\", \"customer\": null, \"livemode\": false, \"metadata\": [], \"discounts\": [], \"cancel_url\": \"http://localhost/buzzified/public/payment/checkout?amount=118&source_type=ft_membership&reference_id=6&user_id=27&currency=USD\", \"expires_at\": 1787144328, \"custom_text\": {\"submit\": null, \"after_submit\": null, \"shipping_address\": null, \"terms_of_service_acceptance\": null}, \"permissions\": null, \"submit_type\": null, \"success_url\": \"http://localhost/buzzified/public/payment/callback?gateway=stripe&source_type=ft_membership&reference_id=6&amount=118&currency=USD&user_id=27&session_id={CHECKOUT_SESSION_ID}\", \"amount_total\": 11800, \"payment_link\": null, \"setup_intent\": null, \"subscription\": null, \"automatic_tax\": {\"status\": null, \"enabled\": false, \"provider\": null, \"liability\": null}, \"client_secret\": null, \"custom_fields\": [], \"shipping_cost\": null, \"total_details\": {\"amount_tax\": 0, \"amount_discount\": 0, \"amount_shipping\": 0}, \"customer_email\": null, \"origin_context\": null, \"payment_intent\": \"pi_3U5mbUAKWfZAkcs9146PPoRH\", \"payment_status\": \"paid\", \"recovered_from\": null, \"wallet_options\": null, \"amount_subtotal\": 11800, \"adaptive_pricing\": {\"enabled\": true}, \"after_expiration\": null, \"customer_account\": null, \"customer_details\": {\"name\": \"bs\", \"email\": \"baljit+test@gmail.com\", \"phone\": null, \"address\": {\"city\": null, \"line1\": null, \"line2\": null, \"state\": null, \"country\": \"IN\", \"postal_code\": null}, \"tax_ids\": [], \"tax_exempt\": \"none\", \"business_name\": null, \"individual_name\": null}, \"invoice_creation\": {\"enabled\": false, \"invoice_data\": {\"footer\": null, \"issuer\": null, \"metadata\": [], \"description\": null, \"custom_fields\": null, \"account_tax_ids\": null, \"rendering_options\": null}}, \"managed_payments\": {\"enabled\": false}, \"shipping_options\": [], \"branding_settings\": {\"icon\": null, \"logo\": null, \"font_family\": \"default\", \"border_style\": \"rounded\", \"button_color\": \"#0074d4\", \"display_name\": \"test usa\", \"background_color\": \"#ffffff\"}, \"customer_creation\": \"if_required\", \"consent_collection\": null, \"client_reference_id\": null, \"currency_conversion\": null, \"presentment_details\": {\"presentment_amount\": 1174646, \"presentment_currency\": \"inr\"}, \"payment_method_types\": [\"card\"], \"allow_promotion_codes\": null, \"collected_information\": null, \"integration_identifier\": null, \"payment_method_options\": {\"card\": {\"request_three_d_secure\": \"automatic\"}}, \"phone_number_collection\": {\"enabled\": false}, \"payment_method_collection\": \"if_required\", \"billing_address_collection\": null, \"shipping_address_collection\": null, \"saved_payment_method_options\": null, \"payment_method_configuration_details\": null}', '2026-08-18 07:32:44', '2026-08-18 07:32:57'),
(161, 27, 'ft_program', 9, 'wallet', 'WALLET-TWIWSJUOSH', 23.60, 'USD', 'paid', NULL, '2026-08-18 07:33:52', '2026-08-18 07:33:52'),
(162, 27, 'ft_program', 10, 'wallet', 'WALLET-K4WUKPPEA2', 23.60, 'USD', 'paid', NULL, '2026-08-18 07:34:35', '2026-08-18 07:34:35'),
(163, 27, 'ft_program', 11, 'stripe', 'cs_test_a1I7Ldhf70W1EM4Dl5ijrLNCUJXYiatE76H26DQQmAOnUbQhdsPFZI5Xpc', 23.60, 'USD', 'paid', '{\"id\": \"cs_test_a1I7Ldhf70W1EM4Dl5ijrLNCUJXYiatE76H26DQQmAOnUbQhdsPFZI5Xpc\", \"url\": null, \"mode\": \"payment\", \"locale\": null, \"object\": \"checkout.session\", \"status\": \"complete\", \"consent\": null, \"created\": 1787058381, \"invoice\": null, \"ui_mode\": \"hosted_page\", \"currency\": \"usd\", \"customer\": null, \"livemode\": false, \"metadata\": [], \"discounts\": [], \"cancel_url\": \"http://localhost/buzzified/public/payment/checkout?amount=23.6&source_type=ft_program&reference_id=11&user_id=27&currency=USD\", \"expires_at\": 1787144781, \"custom_text\": {\"submit\": null, \"after_submit\": null, \"shipping_address\": null, \"terms_of_service_acceptance\": null}, \"permissions\": null, \"submit_type\": null, \"success_url\": \"http://localhost/buzzified/public/payment/callback?gateway=stripe&source_type=ft_program&reference_id=11&amount=23.6&currency=USD&user_id=27&session_id={CHECKOUT_SESSION_ID}\", \"amount_total\": 2360, \"payment_link\": null, \"setup_intent\": null, \"subscription\": null, \"automatic_tax\": {\"status\": null, \"enabled\": false, \"provider\": null, \"liability\": null}, \"client_secret\": null, \"custom_fields\": [], \"shipping_cost\": null, \"total_details\": {\"amount_tax\": 0, \"amount_discount\": 0, \"amount_shipping\": 0}, \"customer_email\": null, \"origin_context\": null, \"payment_intent\": \"pi_3U5minAKWfZAkcs90a6AK67Y\", \"payment_status\": \"paid\", \"recovered_from\": null, \"wallet_options\": null, \"amount_subtotal\": 2360, \"adaptive_pricing\": {\"enabled\": true}, \"after_expiration\": null, \"customer_account\": null, \"customer_details\": {\"name\": \"bs\", \"email\": \"baljit+test@gmail.com\", \"phone\": null, \"address\": {\"city\": null, \"line1\": null, \"line2\": null, \"state\": null, \"country\": \"IN\", \"postal_code\": null}, \"tax_ids\": [], \"tax_exempt\": \"none\", \"business_name\": null, \"individual_name\": null}, \"invoice_creation\": {\"enabled\": false, \"invoice_data\": {\"footer\": null, \"issuer\": null, \"metadata\": [], \"description\": null, \"custom_fields\": null, \"account_tax_ids\": null, \"rendering_options\": null}}, \"managed_payments\": {\"enabled\": false}, \"shipping_options\": [], \"branding_settings\": {\"icon\": null, \"logo\": null, \"font_family\": \"default\", \"border_style\": \"rounded\", \"button_color\": \"#0074d4\", \"display_name\": \"test usa\", \"background_color\": \"#ffffff\"}, \"customer_creation\": \"if_required\", \"consent_collection\": null, \"client_reference_id\": null, \"currency_conversion\": null, \"presentment_details\": {\"presentment_amount\": 234967, \"presentment_currency\": \"inr\"}, \"payment_method_types\": [\"card\"], \"allow_promotion_codes\": null, \"collected_information\": null, \"integration_identifier\": null, \"payment_method_options\": {\"card\": {\"request_three_d_secure\": \"automatic\"}}, \"phone_number_collection\": {\"enabled\": false}, \"payment_method_collection\": \"if_required\", \"billing_address_collection\": null, \"shipping_address_collection\": null, \"saved_payment_method_options\": null, \"payment_method_configuration_details\": null}', '2026-08-18 07:40:17', '2026-08-18 07:40:29'),
(164, 27, 'ft_program', 12, 'stripe', 'cs_test_a1NBMEni2vpl2VQg8J9jtS1uxZI0qZgkuefrqdsLwIrBpiDk9IJMaaiUAH', 23.60, 'USD', 'paid', '{\"id\": \"cs_test_a1NBMEni2vpl2VQg8J9jtS1uxZI0qZgkuefrqdsLwIrBpiDk9IJMaaiUAH\", \"url\": null, \"mode\": \"payment\", \"locale\": null, \"object\": \"checkout.session\", \"status\": \"complete\", \"consent\": null, \"created\": 1787059058, \"invoice\": null, \"ui_mode\": \"hosted_page\", \"currency\": \"usd\", \"customer\": null, \"livemode\": false, \"metadata\": [], \"discounts\": [], \"cancel_url\": \"http://localhost/buzzified/public/payment/checkout?amount=23.6&source_type=ft_program&reference_id=12&user_id=27&currency=USD\", \"expires_at\": 1787145458, \"custom_text\": {\"submit\": null, \"after_submit\": null, \"shipping_address\": null, \"terms_of_service_acceptance\": null}, \"permissions\": null, \"submit_type\": null, \"success_url\": \"http://localhost/buzzified/public/payment/callback?gateway=stripe&source_type=ft_program&reference_id=12&amount=23.6&currency=USD&user_id=27&session_id={CHECKOUT_SESSION_ID}\", \"amount_total\": 2360, \"payment_link\": null, \"setup_intent\": null, \"subscription\": null, \"automatic_tax\": {\"status\": null, \"enabled\": false, \"provider\": null, \"liability\": null}, \"client_secret\": null, \"custom_fields\": [], \"shipping_cost\": null, \"total_details\": {\"amount_tax\": 0, \"amount_discount\": 0, \"amount_shipping\": 0}, \"customer_email\": null, \"origin_context\": null, \"payment_intent\": \"pi_3U5mthAKWfZAkcs91e50Va6n\", \"payment_status\": \"paid\", \"recovered_from\": null, \"wallet_options\": null, \"amount_subtotal\": 2360, \"adaptive_pricing\": {\"enabled\": true}, \"after_expiration\": null, \"customer_account\": null, \"customer_details\": {\"name\": \"bs\", \"email\": \"baljit+test@gmail.com\", \"phone\": null, \"address\": {\"city\": null, \"line1\": null, \"line2\": null, \"state\": null, \"country\": \"IN\", \"postal_code\": null}, \"tax_ids\": [], \"tax_exempt\": \"none\", \"business_name\": null, \"individual_name\": null}, \"invoice_creation\": {\"enabled\": false, \"invoice_data\": {\"footer\": null, \"issuer\": null, \"metadata\": [], \"description\": null, \"custom_fields\": null, \"account_tax_ids\": null, \"rendering_options\": null}}, \"managed_payments\": {\"enabled\": false}, \"shipping_options\": [], \"branding_settings\": {\"icon\": null, \"logo\": null, \"font_family\": \"default\", \"border_style\": \"rounded\", \"button_color\": \"#0074d4\", \"display_name\": \"test usa\", \"background_color\": \"#ffffff\"}, \"customer_creation\": \"if_required\", \"consent_collection\": null, \"client_reference_id\": null, \"currency_conversion\": null, \"presentment_details\": {\"presentment_amount\": 234967, \"presentment_currency\": \"inr\"}, \"payment_method_types\": [\"card\"], \"allow_promotion_codes\": null, \"collected_information\": null, \"integration_identifier\": null, \"payment_method_options\": {\"card\": {\"request_three_d_secure\": \"automatic\"}}, \"phone_number_collection\": {\"enabled\": false}, \"payment_method_collection\": \"if_required\", \"billing_address_collection\": null, \"shipping_address_collection\": null, \"saved_payment_method_options\": null, \"payment_method_configuration_details\": null}', '2026-08-18 07:51:34', '2026-08-18 07:51:45'),
(165, 27, 'pd_parcel', 24, 'cash', 'CASH-QNUQWB3V9J', 22.79, 'USD', 'pending', NULL, '2026-08-18 12:45:18', '2026-08-18 12:45:18'),
(166, 27, 'pd_parcel', 24, 'cash', 'CASH-OXYY390RUX', 31.89, 'USD', 'pending', NULL, '2026-08-18 12:47:28', '2026-08-18 12:47:28'),
(167, 27, 'pd_parcel', 25, 'stripe', 'cs_test_a1HD4qyT1OP24oe1P7E8mWQSxMqHLFAarK8xVHPPRHINdEnCa2Ijnv1YEZ', 22.79, 'USD', 'paid', '{\"id\": \"cs_test_a1HD4qyT1OP24oe1P7E8mWQSxMqHLFAarK8xVHPPRHINdEnCa2Ijnv1YEZ\", \"url\": null, \"mode\": \"payment\", \"locale\": null, \"object\": \"checkout.session\", \"status\": \"complete\", \"consent\": null, \"created\": 1787078939, \"invoice\": null, \"ui_mode\": \"hosted_page\", \"currency\": \"usd\", \"customer\": null, \"livemode\": false, \"metadata\": [], \"discounts\": [], \"cancel_url\": \"http://localhost/buzzified/public/payment/checkout?amount=22.788882590765&source_type=pd_parcel&reference_id=25&user_id=27&currency=USD\", \"expires_at\": 1787165338, \"custom_text\": {\"submit\": null, \"after_submit\": null, \"shipping_address\": null, \"terms_of_service_acceptance\": null}, \"permissions\": null, \"submit_type\": null, \"success_url\": \"http://localhost/buzzified/public/payment/callback?gateway=stripe&source_type=pd_parcel&reference_id=25&amount=22.788882590765&currency=USD&user_id=27&session_id={CHECKOUT_SESSION_ID}\", \"amount_total\": 2278, \"payment_link\": null, \"setup_intent\": null, \"subscription\": null, \"automatic_tax\": {\"status\": null, \"enabled\": false, \"provider\": null, \"liability\": null}, \"client_secret\": null, \"custom_fields\": [], \"shipping_cost\": null, \"total_details\": {\"amount_tax\": 0, \"amount_discount\": 0, \"amount_shipping\": 0}, \"customer_email\": null, \"origin_context\": null, \"payment_intent\": \"pi_3U5s4iAKWfZAkcs90grK81Pi\", \"payment_status\": \"paid\", \"recovered_from\": null, \"wallet_options\": null, \"amount_subtotal\": 2278, \"adaptive_pricing\": {\"enabled\": true}, \"after_expiration\": null, \"customer_account\": null, \"customer_details\": {\"name\": \"baljit\", \"email\": \"provider@demo.com\", \"phone\": null, \"address\": {\"city\": null, \"line1\": null, \"line2\": null, \"state\": null, \"country\": \"IN\", \"postal_code\": null}, \"tax_ids\": [], \"tax_exempt\": \"none\", \"business_name\": null, \"individual_name\": null}, \"invoice_creation\": {\"enabled\": false, \"invoice_data\": {\"footer\": null, \"issuer\": null, \"metadata\": [], \"description\": null, \"custom_fields\": null, \"account_tax_ids\": null, \"rendering_options\": null}}, \"managed_payments\": {\"enabled\": false}, \"shipping_options\": [], \"branding_settings\": {\"icon\": null, \"logo\": null, \"font_family\": \"default\", \"border_style\": \"rounded\", \"button_color\": \"#0074d4\", \"display_name\": \"test usa\", \"background_color\": \"#ffffff\"}, \"customer_creation\": \"if_required\", \"consent_collection\": null, \"client_reference_id\": null, \"currency_conversion\": null, \"presentment_details\": {\"presentment_amount\": 226927, \"presentment_currency\": \"inr\"}, \"payment_method_types\": [\"card\"], \"allow_promotion_codes\": null, \"collected_information\": null, \"integration_identifier\": null, \"payment_method_options\": {\"card\": {\"request_three_d_secure\": \"automatic\"}}, \"phone_number_collection\": {\"enabled\": false}, \"payment_method_collection\": \"if_required\", \"billing_address_collection\": null, \"shipping_address_collection\": null, \"saved_payment_method_options\": null, \"payment_method_configuration_details\": null}', '2026-08-18 13:22:55', '2026-08-18 13:23:29'),
(168, 27, 'pd_parcel', 26, 'cash', 'CASH-90O9JSQPRU', 32.13, 'USD', 'pending', NULL, '2026-08-18 13:31:16', '2026-08-18 13:31:16'),
(169, 27, 'pd_parcel', 26, 'cash', 'CASH-VT2VKJROGH', 32.13, 'USD', 'pending', NULL, '2026-08-18 13:34:34', '2026-08-18 13:34:34'),
(170, 27, 'pd_parcel', 27, 'cash', 'CASH-8VQJDME9CE', 21.09, 'USD', 'pending', NULL, '2026-08-18 13:36:08', '2026-08-18 13:36:08'),
(171, 27, 'pd_parcel', 28, 'wallet', 'WALLET-HY0PYHFXNE', 26.78, 'USD', 'paid', NULL, '2026-08-18 13:42:44', '2026-08-18 13:42:44'),
(172, 27, 'pd_parcel', 29, 'wallet', 'WALLET-HW2RTE0UYO', 45.92, 'USD', 'paid', NULL, '2026-08-19 02:33:13', '2026-08-19 02:33:13'),
(173, 27, 'pd_parcel', 30, 'stripe', 'cs_test_a1KcMHnajevbZDXp371rLyn6O6eOfAOQLQ4ITTIBhDNJqkXQOHzcju9Nf7', 26.10, 'USD', 'paid', '{\"id\": \"cs_test_a1KcMHnajevbZDXp371rLyn6O6eOfAOQLQ4ITTIBhDNJqkXQOHzcju9Nf7\", \"url\": null, \"mode\": \"payment\", \"locale\": null, \"object\": \"checkout.session\", \"status\": \"complete\", \"consent\": null, \"created\": 1787126470, \"invoice\": null, \"ui_mode\": \"hosted_page\", \"currency\": \"usd\", \"customer\": null, \"livemode\": false, \"metadata\": [], \"discounts\": [], \"cancel_url\": \"http://localhost/buzzified/public/payment/checkout?amount=26.1&source_type=pd_parcel&reference_id=30&user_id=27&currency=USD\", \"expires_at\": 1787212870, \"custom_text\": {\"submit\": null, \"after_submit\": null, \"shipping_address\": null, \"terms_of_service_acceptance\": null}, \"permissions\": null, \"submit_type\": null, \"success_url\": \"http://localhost/buzzified/public/payment/callback?gateway=stripe&source_type=pd_parcel&reference_id=30&amount=26.1&currency=USD&user_id=27&session_id={CHECKOUT_SESSION_ID}\", \"amount_total\": 2610, \"payment_link\": null, \"setup_intent\": null, \"subscription\": null, \"automatic_tax\": {\"status\": null, \"enabled\": false, \"provider\": null, \"liability\": null}, \"client_secret\": null, \"custom_fields\": [], \"shipping_cost\": null, \"total_details\": {\"amount_tax\": 0, \"amount_discount\": 0, \"amount_shipping\": 0}, \"customer_email\": null, \"origin_context\": null, \"payment_intent\": \"pi_3U64R0AKWfZAkcs92fR02PEq\", \"payment_status\": \"paid\", \"recovered_from\": null, \"wallet_options\": null, \"amount_subtotal\": 2610, \"adaptive_pricing\": {\"enabled\": true}, \"after_expiration\": null, \"customer_account\": null, \"customer_details\": {\"name\": \"bs\", \"email\": \"baljit+test@gmail.com\", \"phone\": null, \"address\": {\"city\": null, \"line1\": null, \"line2\": null, \"state\": null, \"country\": \"IN\", \"postal_code\": null}, \"tax_ids\": [], \"tax_exempt\": \"none\", \"business_name\": null, \"individual_name\": null}, \"invoice_creation\": {\"enabled\": false, \"invoice_data\": {\"footer\": null, \"issuer\": null, \"metadata\": [], \"description\": null, \"custom_fields\": null, \"account_tax_ids\": null, \"rendering_options\": null}}, \"managed_payments\": {\"enabled\": false}, \"shipping_options\": [], \"branding_settings\": {\"icon\": null, \"logo\": null, \"font_family\": \"default\", \"border_style\": \"rounded\", \"button_color\": \"#0074d4\", \"display_name\": \"test usa\", \"background_color\": \"#ffffff\"}, \"customer_creation\": \"if_required\", \"consent_collection\": null, \"client_reference_id\": null, \"currency_conversion\": null, \"presentment_details\": {\"presentment_amount\": 259873, \"presentment_currency\": \"inr\"}, \"payment_method_types\": [\"card\"], \"allow_promotion_codes\": null, \"collected_information\": null, \"integration_identifier\": null, \"payment_method_options\": {\"card\": {\"request_three_d_secure\": \"automatic\"}}, \"phone_number_collection\": {\"enabled\": false}, \"payment_method_collection\": \"if_required\", \"billing_address_collection\": null, \"shipping_address_collection\": null, \"saved_payment_method_options\": null, \"payment_method_configuration_details\": null}', '2026-08-19 02:35:06', '2026-08-19 02:35:19'),
(174, 27, 'pd_parcel', 30, 'stripe', 'cs_test_a1iBIIgvreVO83zU7CBDCWgkYq125ofAr7WQFvyS2Vz09o0eq31Iqo6X9x', 26.10, 'USD', 'pending', NULL, '2026-08-19 02:35:06', '2026-08-19 02:35:06'),
(175, 33, 'pd_promotion', 2, 'provider_wallet', 'PWALLET-NUOWGHB3J4', 20.00, 'USD', 'paid', NULL, '2026-08-19 02:40:06', '2026-08-19 02:40:06'),
(176, 27, 'pd_parcel', 31, 'stripe', 'cs_test_a1JA04P23Ke7YfGSuvQHBwVYfm8LtWPSbnwgTWQ4naLB86C8AQX8BPapeh', 74.02, 'USD', 'paid', '{\"id\": \"cs_test_a1JA04P23Ke7YfGSuvQHBwVYfm8LtWPSbnwgTWQ4naLB86C8AQX8BPapeh\", \"url\": null, \"mode\": \"payment\", \"locale\": null, \"object\": \"checkout.session\", \"status\": \"complete\", \"consent\": null, \"created\": 1787128006, \"invoice\": null, \"ui_mode\": \"hosted_page\", \"currency\": \"usd\", \"customer\": null, \"livemode\": false, \"metadata\": [], \"discounts\": [], \"cancel_url\": \"http://localhost/buzzified/public/payment/checkout?amount=74.019018028956&source_type=pd_parcel&reference_id=31&user_id=27&currency=USD\", \"expires_at\": 1787214406, \"custom_text\": {\"submit\": null, \"after_submit\": null, \"shipping_address\": null, \"terms_of_service_acceptance\": null}, \"permissions\": null, \"submit_type\": null, \"success_url\": \"http://localhost/buzzified/public/payment/callback?gateway=stripe&source_type=pd_parcel&reference_id=31&amount=74.019018028956&currency=USD&user_id=27&session_id={CHECKOUT_SESSION_ID}\", \"amount_total\": 7401, \"payment_link\": null, \"setup_intent\": null, \"subscription\": null, \"automatic_tax\": {\"status\": null, \"enabled\": false, \"provider\": null, \"liability\": null}, \"client_secret\": null, \"custom_fields\": [], \"shipping_cost\": null, \"total_details\": {\"amount_tax\": 0, \"amount_discount\": 0, \"amount_shipping\": 0}, \"customer_email\": null, \"origin_context\": null, \"payment_intent\": \"pi_3U64pmAKWfZAkcs90djZel8O\", \"payment_status\": \"paid\", \"recovered_from\": null, \"wallet_options\": null, \"amount_subtotal\": 7401, \"adaptive_pricing\": {\"enabled\": true}, \"after_expiration\": null, \"customer_account\": null, \"customer_details\": {\"name\": \"bs\", \"email\": \"baljit+test@gmail.com\", \"phone\": null, \"address\": {\"city\": null, \"line1\": null, \"line2\": null, \"state\": null, \"country\": \"IN\", \"postal_code\": null}, \"tax_ids\": [], \"tax_exempt\": \"none\", \"business_name\": null, \"individual_name\": null}, \"invoice_creation\": {\"enabled\": false, \"invoice_data\": {\"footer\": null, \"issuer\": null, \"metadata\": [], \"description\": null, \"custom_fields\": null, \"account_tax_ids\": null, \"rendering_options\": null}}, \"managed_payments\": {\"enabled\": false}, \"shipping_options\": [], \"branding_settings\": {\"icon\": null, \"logo\": null, \"font_family\": \"default\", \"border_style\": \"rounded\", \"button_color\": \"#0074d4\", \"display_name\": \"test usa\", \"background_color\": \"#ffffff\"}, \"customer_creation\": \"if_required\", \"consent_collection\": null, \"client_reference_id\": null, \"currency_conversion\": null, \"presentment_details\": {\"presentment_amount\": 736996, \"presentment_currency\": \"inr\"}, \"payment_method_types\": [\"card\"], \"allow_promotion_codes\": null, \"collected_information\": null, \"integration_identifier\": null, \"payment_method_options\": {\"card\": {\"request_three_d_secure\": \"automatic\"}}, \"phone_number_collection\": {\"enabled\": false}, \"payment_method_collection\": \"if_required\", \"billing_address_collection\": null, \"shipping_address_collection\": null, \"saved_payment_method_options\": null, \"payment_method_configuration_details\": null}', '2026-08-19 03:00:43', '2026-08-19 03:00:54'),
(177, 27, 'hs_booking', 64, 'stripe', 'cs_test_a1iLTEQzALYRsB5dQPdN6mje8BjX5lEYu0pCyDuUFqvLeMFVWLLgGZYN7u', 477.00, 'USD', 'paid', '{\"id\": \"cs_test_a1iLTEQzALYRsB5dQPdN6mje8BjX5lEYu0pCyDuUFqvLeMFVWLLgGZYN7u\", \"url\": null, \"mode\": \"payment\", \"locale\": null, \"object\": \"checkout.session\", \"status\": \"complete\", \"consent\": null, \"created\": 1787138083, \"invoice\": null, \"ui_mode\": \"hosted_page\", \"currency\": \"usd\", \"customer\": null, \"livemode\": false, \"metadata\": [], \"discounts\": [], \"cancel_url\": \"http://localhost/buzzified/public/payment/checkout?amount=477&source_type=hs_booking&reference_id=64&user_id=27&currency=USD\", \"expires_at\": 1787224482, \"custom_text\": {\"submit\": null, \"after_submit\": null, \"shipping_address\": null, \"terms_of_service_acceptance\": null}, \"permissions\": null, \"submit_type\": null, \"success_url\": \"http://localhost/buzzified/public/payment/callback?gateway=stripe&source_type=hs_booking&reference_id=64&amount=477&currency=USD&user_id=27&session_id={CHECKOUT_SESSION_ID}\", \"amount_total\": 47700, \"payment_link\": null, \"setup_intent\": null, \"subscription\": null, \"automatic_tax\": {\"status\": null, \"enabled\": false, \"provider\": null, \"liability\": null}, \"client_secret\": null, \"custom_fields\": [], \"shipping_cost\": null, \"total_details\": {\"amount_tax\": 0, \"amount_discount\": 0, \"amount_shipping\": 0}, \"customer_email\": null, \"origin_context\": null, \"payment_intent\": \"pi_3U67SJAKWfZAkcs93lbWNLjH\", \"payment_status\": \"paid\", \"recovered_from\": null, \"wallet_options\": null, \"amount_subtotal\": 47700, \"adaptive_pricing\": {\"enabled\": true}, \"after_expiration\": null, \"customer_account\": null, \"customer_details\": {\"name\": \"bs\", \"email\": \"baljit.contact@gmail.com\", \"phone\": null, \"address\": {\"city\": null, \"line1\": null, \"line2\": null, \"state\": null, \"country\": \"IN\", \"postal_code\": null}, \"tax_ids\": [], \"tax_exempt\": \"none\", \"business_name\": null, \"individual_name\": null}, \"invoice_creation\": {\"enabled\": false, \"invoice_data\": {\"footer\": null, \"issuer\": null, \"metadata\": [], \"description\": null, \"custom_fields\": null, \"account_tax_ids\": null, \"rendering_options\": null}}, \"managed_payments\": {\"enabled\": false}, \"shipping_options\": [], \"branding_settings\": {\"icon\": null, \"logo\": null, \"font_family\": \"default\", \"border_style\": \"rounded\", \"button_color\": \"#0074d4\", \"display_name\": \"test usa\", \"background_color\": \"#ffffff\"}, \"customer_creation\": \"if_required\", \"consent_collection\": null, \"client_reference_id\": null, \"currency_conversion\": null, \"presentment_details\": {\"presentment_amount\": 4737080, \"presentment_currency\": \"inr\"}, \"payment_method_types\": [\"card\"], \"allow_promotion_codes\": null, \"collected_information\": null, \"integration_identifier\": null, \"payment_method_options\": {\"card\": {\"request_three_d_secure\": \"automatic\"}}, \"phone_number_collection\": {\"enabled\": false}, \"payment_method_collection\": \"if_required\", \"billing_address_collection\": null, \"shipping_address_collection\": null, \"saved_payment_method_options\": null, \"payment_method_configuration_details\": null}', '2026-08-19 05:48:39', '2026-08-19 05:48:51'),
(178, 27, 'da_appointment', 20, 'stripe', 'cs_test_a1ftVG3NvMHZvlQbrO1dW2RumpiqXBt0eT9FyTzlpwx5364er44fTyCj2G', 105.00, 'USD', 'paid', '{\"id\": \"cs_test_a1ftVG3NvMHZvlQbrO1dW2RumpiqXBt0eT9FyTzlpwx5364er44fTyCj2G\", \"url\": null, \"mode\": \"payment\", \"locale\": null, \"object\": \"checkout.session\", \"status\": \"complete\", \"consent\": null, \"created\": 1787138793, \"invoice\": null, \"ui_mode\": \"hosted_page\", \"currency\": \"usd\", \"customer\": null, \"livemode\": false, \"metadata\": [], \"discounts\": [], \"cancel_url\": \"http://localhost/buzzified/public/payment/checkout?amount=105&source_type=da_appointment&reference_id=20&user_id=27&currency=USD\", \"expires_at\": 1787225192, \"custom_text\": {\"submit\": null, \"after_submit\": null, \"shipping_address\": null, \"terms_of_service_acceptance\": null}, \"permissions\": null, \"submit_type\": null, \"success_url\": \"http://localhost/buzzified/public/payment/callback?gateway=stripe&source_type=da_appointment&reference_id=20&amount=105&currency=USD&user_id=27&session_id={CHECKOUT_SESSION_ID}\", \"amount_total\": 10500, \"payment_link\": null, \"setup_intent\": null, \"subscription\": null, \"automatic_tax\": {\"status\": null, \"enabled\": false, \"provider\": null, \"liability\": null}, \"client_secret\": null, \"custom_fields\": [], \"shipping_cost\": null, \"total_details\": {\"amount_tax\": 0, \"amount_discount\": 0, \"amount_shipping\": 0}, \"customer_email\": null, \"origin_context\": null, \"payment_intent\": \"pi_3U67dkAKWfZAkcs93bMP3JjX\", \"payment_status\": \"paid\", \"recovered_from\": null, \"wallet_options\": null, \"amount_subtotal\": 10500, \"adaptive_pricing\": {\"enabled\": true}, \"after_expiration\": null, \"customer_account\": null, \"customer_details\": {\"name\": \"bs\", \"email\": \"baljit+test@gmail.com\", \"phone\": null, \"address\": {\"city\": null, \"line1\": null, \"line2\": null, \"state\": null, \"country\": \"IN\", \"postal_code\": null}, \"tax_ids\": [], \"tax_exempt\": \"none\", \"business_name\": null, \"individual_name\": null}, \"invoice_creation\": {\"enabled\": false, \"invoice_data\": {\"footer\": null, \"issuer\": null, \"metadata\": [], \"description\": null, \"custom_fields\": null, \"account_tax_ids\": null, \"rendering_options\": null}}, \"managed_payments\": {\"enabled\": false}, \"shipping_options\": [], \"branding_settings\": {\"icon\": null, \"logo\": null, \"font_family\": \"default\", \"border_style\": \"rounded\", \"button_color\": \"#0074d4\", \"display_name\": \"test usa\", \"background_color\": \"#ffffff\"}, \"customer_creation\": \"if_required\", \"consent_collection\": null, \"client_reference_id\": null, \"currency_conversion\": null, \"presentment_details\": {\"presentment_amount\": 1045266, \"presentment_currency\": \"inr\"}, \"payment_method_types\": [\"card\"], \"allow_promotion_codes\": null, \"collected_information\": null, \"integration_identifier\": null, \"payment_method_options\": {\"card\": {\"request_three_d_secure\": \"automatic\"}}, \"phone_number_collection\": {\"enabled\": false}, \"payment_method_collection\": \"if_required\", \"billing_address_collection\": null, \"shipping_address_collection\": null, \"saved_payment_method_options\": null, \"payment_method_configuration_details\": null}', '2026-08-19 05:58:50', '2026-08-19 06:00:40'),
(179, 27, 'ss_appointment', 19, 'stripe', 'cs_test_a1eMjpwzaSAZDtl1Kkc47KVtHhOSXu8Sf46wzj76ONuwCFBNEZgeqEYLCY', 11.80, 'USD', 'paid', '{\"id\": \"cs_test_a1eMjpwzaSAZDtl1Kkc47KVtHhOSXu8Sf46wzj76ONuwCFBNEZgeqEYLCY\", \"url\": null, \"mode\": \"payment\", \"locale\": null, \"object\": \"checkout.session\", \"status\": \"complete\", \"consent\": null, \"created\": 1787140825, \"invoice\": null, \"ui_mode\": \"hosted_page\", \"currency\": \"usd\", \"customer\": null, \"livemode\": false, \"metadata\": [], \"discounts\": [], \"cancel_url\": \"http://localhost/buzzified/public/payment/checkout?amount=11.8&source_type=ss_appointment&reference_id=19&user_id=27&currency=USD\", \"expires_at\": 1787227225, \"custom_text\": {\"submit\": null, \"after_submit\": null, \"shipping_address\": null, \"terms_of_service_acceptance\": null}, \"permissions\": null, \"submit_type\": null, \"success_url\": \"http://localhost/buzzified/public/payment/callback?gateway=stripe&source_type=ss_appointment&reference_id=19&amount=11.8&currency=USD&user_id=27&session_id={CHECKOUT_SESSION_ID}\", \"amount_total\": 1180, \"payment_link\": null, \"setup_intent\": null, \"subscription\": null, \"automatic_tax\": {\"status\": null, \"enabled\": false, \"provider\": null, \"liability\": null}, \"client_secret\": null, \"custom_fields\": [], \"shipping_cost\": null, \"total_details\": {\"amount_tax\": 0, \"amount_discount\": 0, \"amount_shipping\": 0}, \"customer_email\": null, \"origin_context\": null, \"payment_intent\": \"pi_3U68AWAKWfZAkcs91N5KxGfO\", \"payment_status\": \"paid\", \"recovered_from\": null, \"wallet_options\": null, \"amount_subtotal\": 1180, \"adaptive_pricing\": {\"enabled\": true}, \"after_expiration\": null, \"customer_account\": null, \"customer_details\": {\"name\": \"bs\", \"email\": \"baljit+test@gmail.com\", \"phone\": null, \"address\": {\"city\": null, \"line1\": null, \"line2\": null, \"state\": null, \"country\": \"IN\", \"postal_code\": null}, \"tax_ids\": [], \"tax_exempt\": \"none\", \"business_name\": null, \"individual_name\": null}, \"invoice_creation\": {\"enabled\": false, \"invoice_data\": {\"footer\": null, \"issuer\": null, \"metadata\": [], \"description\": null, \"custom_fields\": null, \"account_tax_ids\": null, \"rendering_options\": null}}, \"managed_payments\": {\"enabled\": false}, \"shipping_options\": [], \"branding_settings\": {\"icon\": null, \"logo\": null, \"font_family\": \"default\", \"border_style\": \"rounded\", \"button_color\": \"#0074d4\", \"display_name\": \"test usa\", \"background_color\": \"#ffffff\"}, \"customer_creation\": \"if_required\", \"consent_collection\": null, \"client_reference_id\": null, \"currency_conversion\": null, \"presentment_details\": {\"presentment_amount\": 117468, \"presentment_currency\": \"inr\"}, \"payment_method_types\": [\"card\"], \"allow_promotion_codes\": null, \"collected_information\": null, \"integration_identifier\": null, \"payment_method_options\": {\"card\": {\"request_three_d_secure\": \"automatic\"}}, \"phone_number_collection\": {\"enabled\": false}, \"payment_method_collection\": \"if_required\", \"billing_address_collection\": null, \"shipping_address_collection\": null, \"saved_payment_method_options\": null, \"payment_method_configuration_details\": null}', '2026-08-19 06:34:21', '2026-08-19 06:34:33'),
(180, 27, 'ft_appointment', 20, 'stripe', 'cs_test_a1rsvoEKm6VtLpFby5Z2s77zmdlfYiG5aftdkV3pKnvGcde4rePKGgI26s', 23.60, 'USD', 'paid', '{\"id\": \"cs_test_a1rsvoEKm6VtLpFby5Z2s77zmdlfYiG5aftdkV3pKnvGcde4rePKGgI26s\", \"url\": null, \"mode\": \"payment\", \"locale\": null, \"object\": \"checkout.session\", \"status\": \"complete\", \"consent\": null, \"created\": 1787140906, \"invoice\": null, \"ui_mode\": \"hosted_page\", \"currency\": \"usd\", \"customer\": null, \"livemode\": false, \"metadata\": [], \"discounts\": [], \"cancel_url\": \"http://localhost/buzzified/public/payment/checkout?amount=23.6&source_type=ft_appointment&reference_id=20&user_id=27&currency=USD\", \"expires_at\": 1787227305, \"custom_text\": {\"submit\": null, \"after_submit\": null, \"shipping_address\": null, \"terms_of_service_acceptance\": null}, \"permissions\": null, \"submit_type\": null, \"success_url\": \"http://localhost/buzzified/public/payment/callback?gateway=stripe&source_type=ft_appointment&reference_id=20&amount=23.6&currency=USD&user_id=27&session_id={CHECKOUT_SESSION_ID}\", \"amount_total\": 2360, \"payment_link\": null, \"setup_intent\": null, \"subscription\": null, \"automatic_tax\": {\"status\": null, \"enabled\": false, \"provider\": null, \"liability\": null}, \"client_secret\": null, \"custom_fields\": [], \"shipping_cost\": null, \"total_details\": {\"amount_tax\": 0, \"amount_discount\": 0, \"amount_shipping\": 0}, \"customer_email\": null, \"origin_context\": null, \"payment_intent\": \"pi_3U68ByAKWfZAkcs91O5Mmx7t\", \"payment_status\": \"paid\", \"recovered_from\": null, \"wallet_options\": null, \"amount_subtotal\": 2360, \"adaptive_pricing\": {\"enabled\": true}, \"after_expiration\": null, \"customer_account\": null, \"customer_details\": {\"name\": \"bs\", \"email\": \"baljit+test@gmail.com\", \"phone\": null, \"address\": {\"city\": null, \"line1\": null, \"line2\": null, \"state\": null, \"country\": \"IN\", \"postal_code\": null}, \"tax_ids\": [], \"tax_exempt\": \"none\", \"business_name\": null, \"individual_name\": null}, \"invoice_creation\": {\"enabled\": false, \"invoice_data\": {\"footer\": null, \"issuer\": null, \"metadata\": [], \"description\": null, \"custom_fields\": null, \"account_tax_ids\": null, \"rendering_options\": null}}, \"managed_payments\": {\"enabled\": false}, \"shipping_options\": [], \"branding_settings\": {\"icon\": null, \"logo\": null, \"font_family\": \"default\", \"border_style\": \"rounded\", \"button_color\": \"#0074d4\", \"display_name\": \"test usa\", \"background_color\": \"#ffffff\"}, \"customer_creation\": \"if_required\", \"consent_collection\": null, \"client_reference_id\": null, \"currency_conversion\": null, \"presentment_details\": {\"presentment_amount\": 234936, \"presentment_currency\": \"inr\"}, \"payment_method_types\": [\"card\"], \"allow_promotion_codes\": null, \"collected_information\": null, \"integration_identifier\": null, \"payment_method_options\": {\"card\": {\"request_three_d_secure\": \"automatic\"}}, \"phone_number_collection\": {\"enabled\": false}, \"payment_method_collection\": \"if_required\", \"billing_address_collection\": null, \"shipping_address_collection\": null, \"saved_payment_method_options\": null, \"payment_method_configuration_details\": null}', '2026-08-19 06:35:42', '2026-08-19 06:36:02');
INSERT INTO `payments` (`id`, `user_id`, `source_type`, `reference_id`, `payment_method`, `transaction_id`, `amount`, `currency`, `payment_status`, `gateway_response`, `created_at`, `updated_at`) VALUES
(181, 27, 'ft_membership', 7, 'stripe', 'cs_test_a1Sp6sIuRqta7haHqRsaMTIzZb5B6tR6t262FtYQDZXwzddqRnn8RngF6q', 118.00, 'USD', 'paid', '{\"id\": \"cs_test_a1Sp6sIuRqta7haHqRsaMTIzZb5B6tR6t262FtYQDZXwzddqRnn8RngF6q\", \"url\": null, \"mode\": \"payment\", \"locale\": null, \"object\": \"checkout.session\", \"status\": \"complete\", \"consent\": null, \"created\": 1787140982, \"invoice\": null, \"ui_mode\": \"hosted_page\", \"currency\": \"usd\", \"customer\": null, \"livemode\": false, \"metadata\": [], \"discounts\": [], \"cancel_url\": \"http://localhost/buzzified/public/payment/checkout?amount=118&source_type=ft_membership&reference_id=7&user_id=27&currency=USD\", \"expires_at\": 1787227382, \"custom_text\": {\"submit\": null, \"after_submit\": null, \"shipping_address\": null, \"terms_of_service_acceptance\": null}, \"permissions\": null, \"submit_type\": null, \"success_url\": \"http://localhost/buzzified/public/payment/callback?gateway=stripe&source_type=ft_membership&reference_id=7&amount=118&currency=USD&user_id=27&session_id={CHECKOUT_SESSION_ID}\", \"amount_total\": 11800, \"payment_link\": null, \"setup_intent\": null, \"subscription\": null, \"automatic_tax\": {\"status\": null, \"enabled\": false, \"provider\": null, \"liability\": null}, \"client_secret\": null, \"custom_fields\": [], \"shipping_cost\": null, \"total_details\": {\"amount_tax\": 0, \"amount_discount\": 0, \"amount_shipping\": 0}, \"customer_email\": null, \"origin_context\": null, \"payment_intent\": \"pi_3U68D4AKWfZAkcs93ViAULt2\", \"payment_status\": \"paid\", \"recovered_from\": null, \"wallet_options\": null, \"amount_subtotal\": 11800, \"adaptive_pricing\": {\"enabled\": true}, \"after_expiration\": null, \"customer_account\": null, \"customer_details\": {\"name\": \"bs\", \"email\": \"baljit+test@gmail.com\", \"phone\": null, \"address\": {\"city\": null, \"line1\": null, \"line2\": null, \"state\": null, \"country\": \"IN\", \"postal_code\": null}, \"tax_ids\": [], \"tax_exempt\": \"none\", \"business_name\": null, \"individual_name\": null}, \"invoice_creation\": {\"enabled\": false, \"invoice_data\": {\"footer\": null, \"issuer\": null, \"metadata\": [], \"description\": null, \"custom_fields\": null, \"account_tax_ids\": null, \"rendering_options\": null}}, \"managed_payments\": {\"enabled\": false}, \"shipping_options\": [], \"branding_settings\": {\"icon\": null, \"logo\": null, \"font_family\": \"default\", \"border_style\": \"rounded\", \"button_color\": \"#0074d4\", \"display_name\": \"test usa\", \"background_color\": \"#ffffff\"}, \"customer_creation\": \"if_required\", \"consent_collection\": null, \"client_reference_id\": null, \"currency_conversion\": null, \"presentment_details\": {\"presentment_amount\": 1174511, \"presentment_currency\": \"inr\"}, \"payment_method_types\": [\"card\"], \"allow_promotion_codes\": null, \"collected_information\": null, \"integration_identifier\": null, \"payment_method_options\": {\"card\": {\"request_three_d_secure\": \"automatic\"}}, \"phone_number_collection\": {\"enabled\": false}, \"payment_method_collection\": \"if_required\", \"billing_address_collection\": null, \"shipping_address_collection\": null, \"saved_payment_method_options\": null, \"payment_method_configuration_details\": null}', '2026-08-19 06:36:59', '2026-08-19 06:37:11'),
(182, 27, 'pd_parcel', 32, 'flutterwave', '10442829', 46.32, 'USD', 'paid', '{\"id\": 10442829, \"ip\": \"34.254.131.32\", \"card\": {\"type\": \"VISA\", \"token\": \"flw-t1nf-1368685937217a37fdd4f5f3bbf83ac1-m03k\", \"expiry\": \"09/20\", \"issuer\": \" CREDIT\", \"country\": \"VISA TEST CARD\", \"last_4digits\": \"4242\", \"first_6digits\": \"424242\"}, \"meta\": {\"__CheckoutInitAddress\": \"http://localhost/buzzified/public/payment/process\", \"__FingerprintConfidenceScore\": \"0.6\"}, \"amount\": 46.32, \"status\": \"successful\", \"tx_ref\": \"FLW-BMBRRKMWYSJZ\", \"app_fee\": 1.76, \"flw_ref\": \"FLW-MOCK-7faef5d979b13a3c7eb5d54f15a98dfe\", \"currency\": \"USD\", \"customer\": {\"id\": 3599101, \"name\": \"Baljit Singh\", \"email\": \"ravesb_5c377c813b500e0df1ae_baljit.developer@gmail.com\", \"created_at\": \"2026-08-19T12:05:44.000Z\", \"phone_number\": \"N/A\"}, \"narration\": \"CARD Transaction \", \"account_id\": 2752671, \"auth_model\": \"VBVSECURECODE\", \"created_at\": \"2026-08-19T12:05:45.000Z\", \"merchant_fee\": 0, \"payment_type\": \"card\", \"amount_settled\": 44.42, \"charged_amount\": 46.32, \"device_fingerprint\": \"f08a1df4fda912a4c58df490812a66fbfe65c63bf1eb5615967abb5b930a5ddf\", \"processor_response\": \"Approved. Successful\"}', '2026-08-19 06:38:50', '2026-08-19 06:40:39'),
(183, 27, 'ec_order', 23, 'cash', 'CASH-9IO0HJIQIO', 205.00, 'USD', 'pending', NULL, '2026-08-20 08:12:07', '2026-08-20 08:12:07'),
(184, 27, 'ec_order', 24, 'stripe', 'cs_test_a14q0Ip7fLbh5pWJjI0yJdYUmFNK9IfMTGHERyACV1UIBFrQz14AsFAhye', 410.00, 'USD', 'paid', '{\"id\": \"cs_test_a14q0Ip7fLbh5pWJjI0yJdYUmFNK9IfMTGHERyACV1UIBFrQz14AsFAhye\", \"url\": null, \"mode\": \"payment\", \"locale\": null, \"object\": \"checkout.session\", \"status\": \"complete\", \"consent\": null, \"created\": 1787238318, \"invoice\": null, \"ui_mode\": \"hosted_page\", \"currency\": \"usd\", \"customer\": null, \"livemode\": false, \"metadata\": [], \"discounts\": [], \"cancel_url\": \"http://localhost/buzzified/public/payment/checkout?amount=410&source_type=ec_order&reference_id=24&user_id=27&currency=USD\", \"expires_at\": 1787324718, \"custom_text\": {\"submit\": null, \"after_submit\": null, \"shipping_address\": null, \"terms_of_service_acceptance\": null}, \"permissions\": null, \"submit_type\": null, \"success_url\": \"http://localhost/buzzified/public/payment/callback?gateway=stripe&source_type=ec_order&reference_id=24&amount=410&currency=USD&user_id=27&session_id={CHECKOUT_SESSION_ID}\", \"amount_total\": 41000, \"payment_link\": null, \"setup_intent\": null, \"subscription\": null, \"automatic_tax\": {\"status\": null, \"enabled\": false, \"provider\": null, \"liability\": null}, \"client_secret\": null, \"custom_fields\": [], \"shipping_cost\": null, \"total_details\": {\"amount_tax\": 0, \"amount_discount\": 0, \"amount_shipping\": 0}, \"customer_email\": null, \"origin_context\": null, \"payment_intent\": \"pi_3U6XX0AKWfZAkcs91XE6GxmA\", \"payment_status\": \"paid\", \"recovered_from\": null, \"wallet_options\": null, \"amount_subtotal\": 41000, \"adaptive_pricing\": {\"enabled\": true}, \"after_expiration\": null, \"customer_account\": null, \"customer_details\": {\"name\": \"bs\", \"email\": \"baljit+test@gmail.com\", \"phone\": null, \"address\": {\"city\": null, \"line1\": null, \"line2\": null, \"state\": null, \"country\": \"IN\", \"postal_code\": null}, \"tax_ids\": [], \"tax_exempt\": \"none\", \"business_name\": null, \"individual_name\": null}, \"invoice_creation\": {\"enabled\": false, \"invoice_data\": {\"footer\": null, \"issuer\": null, \"metadata\": [], \"description\": null, \"custom_fields\": null, \"account_tax_ids\": null, \"rendering_options\": null}}, \"managed_payments\": {\"enabled\": false}, \"shipping_options\": [], \"branding_settings\": {\"icon\": null, \"logo\": null, \"font_family\": \"default\", \"border_style\": \"rounded\", \"button_color\": \"#0074d4\", \"display_name\": \"test usa\", \"background_color\": \"#ffffff\"}, \"customer_creation\": \"if_required\", \"consent_collection\": null, \"client_reference_id\": null, \"currency_conversion\": null, \"presentment_details\": {\"presentment_amount\": 4072094, \"presentment_currency\": \"inr\"}, \"payment_method_types\": [\"card\"], \"allow_promotion_codes\": null, \"collected_information\": null, \"integration_identifier\": null, \"payment_method_options\": {\"card\": {\"request_three_d_secure\": \"automatic\"}}, \"phone_number_collection\": {\"enabled\": false}, \"payment_method_collection\": \"if_required\", \"billing_address_collection\": null, \"shipping_address_collection\": null, \"saved_payment_method_options\": null, \"payment_method_configuration_details\": null}', '2026-08-20 09:39:16', '2026-08-20 09:39:28'),
(185, 27, 'ec_order', 25, 'stripe', 'cs_test_a1ZXd1kfAStNhqIeW4qLTHa6Xe0C5zCZnA4dDEVu4MCHTXMZUEtItEYdph', 410.00, 'USD', 'paid', '{\"id\": \"cs_test_a1ZXd1kfAStNhqIeW4qLTHa6Xe0C5zCZnA4dDEVu4MCHTXMZUEtItEYdph\", \"url\": null, \"mode\": \"payment\", \"locale\": null, \"object\": \"checkout.session\", \"status\": \"complete\", \"consent\": null, \"created\": 1787238887, \"invoice\": null, \"ui_mode\": \"hosted_page\", \"currency\": \"usd\", \"customer\": null, \"livemode\": false, \"metadata\": [], \"discounts\": [], \"cancel_url\": \"http://localhost/buzzified/public/payment/checkout?amount=410&source_type=ec_order&reference_id=25&user_id=27&currency=USD\", \"expires_at\": 1787325287, \"custom_text\": {\"submit\": null, \"after_submit\": null, \"shipping_address\": null, \"terms_of_service_acceptance\": null}, \"permissions\": null, \"submit_type\": null, \"success_url\": \"http://localhost/buzzified/public/payment/callback?gateway=stripe&source_type=ec_order&reference_id=25&amount=410&currency=USD&user_id=27&session_id={CHECKOUT_SESSION_ID}\", \"amount_total\": 41000, \"payment_link\": null, \"setup_intent\": null, \"subscription\": null, \"automatic_tax\": {\"status\": null, \"enabled\": false, \"provider\": null, \"liability\": null}, \"client_secret\": null, \"custom_fields\": [], \"shipping_cost\": null, \"total_details\": {\"amount_tax\": 0, \"amount_discount\": 0, \"amount_shipping\": 0}, \"customer_email\": null, \"origin_context\": null, \"payment_intent\": \"pi_3U6XgAAKWfZAkcs90HPIU2In\", \"payment_status\": \"paid\", \"recovered_from\": null, \"wallet_options\": null, \"amount_subtotal\": 41000, \"adaptive_pricing\": {\"enabled\": true}, \"after_expiration\": null, \"customer_account\": null, \"customer_details\": {\"name\": \"bs\", \"email\": \"baljit+test@gmail.com\", \"phone\": null, \"address\": {\"city\": null, \"line1\": null, \"line2\": null, \"state\": null, \"country\": \"IN\", \"postal_code\": null}, \"tax_ids\": [], \"tax_exempt\": \"none\", \"business_name\": null, \"individual_name\": null}, \"invoice_creation\": {\"enabled\": false, \"invoice_data\": {\"footer\": null, \"issuer\": null, \"metadata\": [], \"description\": null, \"custom_fields\": null, \"account_tax_ids\": null, \"rendering_options\": null}}, \"managed_payments\": {\"enabled\": false}, \"shipping_options\": [], \"branding_settings\": {\"icon\": null, \"logo\": null, \"font_family\": \"default\", \"border_style\": \"rounded\", \"button_color\": \"#0074d4\", \"display_name\": \"test usa\", \"background_color\": \"#ffffff\"}, \"customer_creation\": \"if_required\", \"consent_collection\": null, \"client_reference_id\": null, \"currency_conversion\": null, \"presentment_details\": {\"presentment_amount\": 4072094, \"presentment_currency\": \"inr\"}, \"payment_method_types\": [\"card\"], \"allow_promotion_codes\": null, \"collected_information\": null, \"integration_identifier\": null, \"payment_method_options\": {\"card\": {\"request_three_d_secure\": \"automatic\"}}, \"phone_number_collection\": {\"enabled\": false}, \"payment_method_collection\": \"if_required\", \"billing_address_collection\": null, \"shipping_address_collection\": null, \"saved_payment_method_options\": null, \"payment_method_configuration_details\": null}', '2026-08-20 09:48:45', '2026-08-20 09:48:56'),
(186, 33, 'ec_promotion', 6, 'provider_wallet', 'PWALLET-I3INR005HG', 5.00, 'USD', 'paid', NULL, '2026-08-21 03:22:09', '2026-08-21 03:22:09'),
(187, 27, 'ec_order', 26, 'stripe', 'cs_test_a1rBFHCDurmqMLsG2yVeER5plb1JMYr8M2IyMEntDuaZHaKiDGRniBDcTm', 210.00, 'USD', 'paid', '{\"id\": \"cs_test_a1rBFHCDurmqMLsG2yVeER5plb1JMYr8M2IyMEntDuaZHaKiDGRniBDcTm\", \"url\": null, \"mode\": \"payment\", \"locale\": null, \"object\": \"checkout.session\", \"status\": \"complete\", \"consent\": null, \"created\": 1787304634, \"invoice\": null, \"ui_mode\": \"hosted_page\", \"currency\": \"usd\", \"customer\": null, \"livemode\": false, \"metadata\": [], \"discounts\": [], \"cancel_url\": \"http://localhost/buzzified/public/payment/checkout?amount=210&source_type=ec_order&reference_id=26&user_id=27&currency=USD\", \"expires_at\": 1787391034, \"custom_text\": {\"submit\": null, \"after_submit\": null, \"shipping_address\": null, \"terms_of_service_acceptance\": null}, \"permissions\": null, \"submit_type\": null, \"success_url\": \"http://localhost/buzzified/public/payment/callback?gateway=stripe&source_type=ec_order&reference_id=26&amount=210&currency=USD&user_id=27&session_id={CHECKOUT_SESSION_ID}\", \"amount_total\": 21000, \"payment_link\": null, \"setup_intent\": null, \"subscription\": null, \"automatic_tax\": {\"status\": null, \"enabled\": false, \"provider\": null, \"liability\": null}, \"client_secret\": null, \"custom_fields\": [], \"shipping_cost\": null, \"total_details\": {\"amount_tax\": 0, \"amount_discount\": 0, \"amount_shipping\": 0}, \"customer_email\": null, \"origin_context\": null, \"payment_intent\": \"pi_3U6omcAKWfZAkcs93mWWjNLm\", \"payment_status\": \"paid\", \"recovered_from\": null, \"wallet_options\": null, \"amount_subtotal\": 21000, \"adaptive_pricing\": {\"enabled\": true}, \"after_expiration\": null, \"customer_account\": null, \"customer_details\": {\"name\": \"bs\", \"email\": \"baljit+test@gmail.com\", \"phone\": null, \"address\": {\"city\": null, \"line1\": null, \"line2\": null, \"state\": null, \"country\": \"IN\", \"postal_code\": null}, \"tax_ids\": [], \"tax_exempt\": \"none\", \"business_name\": null, \"individual_name\": null}, \"invoice_creation\": {\"enabled\": false, \"invoice_data\": {\"footer\": null, \"issuer\": null, \"metadata\": [], \"description\": null, \"custom_fields\": null, \"account_tax_ids\": null, \"rendering_options\": null}}, \"managed_payments\": {\"enabled\": false}, \"shipping_options\": [], \"branding_settings\": {\"icon\": null, \"logo\": null, \"font_family\": \"default\", \"border_style\": \"rounded\", \"button_color\": \"#0074d4\", \"display_name\": \"test usa\", \"background_color\": \"#ffffff\"}, \"customer_creation\": \"if_required\", \"consent_collection\": null, \"client_reference_id\": null, \"currency_conversion\": null, \"presentment_details\": {\"presentment_amount\": 2085826, \"presentment_currency\": \"inr\"}, \"payment_method_types\": [\"card\"], \"allow_promotion_codes\": null, \"collected_information\": null, \"integration_identifier\": null, \"payment_method_options\": {\"card\": {\"request_three_d_secure\": \"automatic\"}}, \"phone_number_collection\": {\"enabled\": false}, \"payment_method_collection\": \"if_required\", \"billing_address_collection\": null, \"shipping_address_collection\": null, \"saved_payment_method_options\": null, \"payment_method_configuration_details\": null}', '2026-08-21 04:04:33', '2026-08-21 04:04:46'),
(188, 33, 'ec_promotion', 7, 'provider_wallet', 'PWALLET-V7U1DUNEOS', 5.00, 'USD', 'paid', NULL, '2026-08-21 06:46:38', '2026-08-21 06:46:38'),
(189, 6, 'classified_promotion', 3, 'provider_wallet', 'PWALLET-NQU3AF58MI', 5.00, 'USD', 'paid', NULL, '2026-08-23 02:05:19', '2026-08-23 02:05:19'),
(190, 6, 'hs_promotion', 1, 'provider_wallet', 'PWALLET-8XOM3VCICU', 10.00, 'USD', 'paid', NULL, '2026-08-23 03:23:08', '2026-08-23 03:23:08'),
(191, 6, 'ss_promotion', 2, 'provider_wallet', 'PWALLET-N7JM3ZAJX4', 20.00, 'USD', 'paid', NULL, '2026-08-23 03:36:13', '2026-08-23 03:36:13');

-- --------------------------------------------------------

--
-- Table structure for table `pd_delivery_requests`
--

CREATE TABLE IF NOT EXISTS `pd_delivery_requests` (
  `id` bigint UNSIGNED NOT NULL AUTO_INCREMENT,
  `request_ref` varchar(191) COLLATE utf8mb4_unicode_ci NOT NULL,
  `user_id` bigint UNSIGNED NOT NULL,
  `sender_name` varchar(191) COLLATE utf8mb4_unicode_ci NOT NULL,
  `sender_phone` varchar(191) COLLATE utf8mb4_unicode_ci NOT NULL,
  `pickup_address` text COLLATE utf8mb4_unicode_ci NOT NULL,
  `pickup_city` varchar(191) COLLATE utf8mb4_unicode_ci DEFAULT NULL,
  `pickup_lat` decimal(10,7) DEFAULT NULL,
  `pickup_lng` decimal(10,7) DEFAULT NULL,
  `drop_address` text COLLATE utf8mb4_unicode_ci NOT NULL,
  `drop_city` varchar(191) COLLATE utf8mb4_unicode_ci DEFAULT NULL,
  `drop_lat` decimal(10,7) DEFAULT NULL,
  `drop_lng` decimal(10,7) DEFAULT NULL,
  `recipient_name` varchar(191) COLLATE utf8mb4_unicode_ci NOT NULL,
  `recipient_phone` varchar(191) COLLATE utf8mb4_unicode_ci NOT NULL,
  `pickup_date` date NOT NULL,
  `pickup_time_slot` varchar(191) COLLATE utf8mb4_unicode_ci DEFAULT NULL,
  `parcel_size` enum('document','small','medium','large','extra_large') COLLATE utf8mb4_unicode_ci NOT NULL DEFAULT 'small',
  `estimated_weight_kg` decimal(8,2) DEFAULT NULL,
  `parcel_description` text COLLATE utf8mb4_unicode_ci,
  `budget` decimal(10,2) DEFAULT NULL,
  `status` enum('open','accepted','cancelled','expired') COLLATE utf8mb4_unicode_ci NOT NULL DEFAULT 'open',
  `accepted_by_provider_id` bigint UNSIGNED DEFAULT NULL,
  `accepted_at` timestamp NULL DEFAULT NULL,
  `expires_at` timestamp NULL DEFAULT NULL,
  `created_at` timestamp NULL DEFAULT NULL,
  `updated_at` timestamp NULL DEFAULT NULL,
  PRIMARY KEY (`id`),
  UNIQUE KEY `pd_delivery_requests_request_ref_unique` (`request_ref`),
  KEY `pd_delivery_requests_accepted_by_provider_id_foreign` (`accepted_by_provider_id`),
  KEY `pd_delivery_requests_status_pickup_date_index` (`status`,`pickup_date`),
  KEY `pd_delivery_requests_user_id_index` (`user_id`)
) ENGINE=MyISAM AUTO_INCREMENT=3 DEFAULT CHARSET=utf8mb4 COLLATE=utf8mb4_unicode_ci;

--
-- Dumping data for table `pd_delivery_requests`
--

INSERT INTO `pd_delivery_requests` (`id`, `request_ref`, `user_id`, `sender_name`, `sender_phone`, `pickup_address`, `pickup_city`, `pickup_lat`, `pickup_lng`, `drop_address`, `drop_city`, `drop_lat`, `drop_lng`, `recipient_name`, `recipient_phone`, `pickup_date`, `pickup_time_slot`, `parcel_size`, `estimated_weight_kg`, `parcel_description`, `budget`, `status`, `accepted_by_provider_id`, `accepted_at`, `expires_at`, `created_at`, `updated_at`) VALUES
(1, 'REQ-AW3CSR1M', 5, 'User Singh', '917458965856', 'kharar gillco', 'kharar', 30.7299187, 76.6386109, 'mohali 2', 'mohali', 30.6917691, 76.7079562, 'receipt 1', '0677824359', '2026-06-26', NULL, 'small', 3.00, 'check detail of parcel', 10.00, 'accepted', 7, '2026-06-25 04:12:19', '2026-06-28 03:58:28', '2026-06-25 03:58:28', '2026-06-25 04:12:19'),
(2, 'REQ-L2OWIYWC', 5, 'User Singh', '917458965856', 'Gulmohar Road', 'Kharar', 30.7301224, 76.6488078, 'secton 82', 'mohali', 30.6917691, 76.6695040, 'landra deliver', '0677824359', '2026-06-26', '08:00-12:00', 'medium', 2.00, NULL, NULL, 'open', NULL, NULL, '2026-06-28 04:02:20', '2026-06-25 04:02:20', '2026-06-25 04:02:20');

-- --------------------------------------------------------

--
-- Table structure for table `pd_parcels`
--

CREATE TABLE IF NOT EXISTS `pd_parcels` (
  `id` bigint UNSIGNED NOT NULL AUTO_INCREMENT,
  `parcel_ref` varchar(191) COLLATE utf8mb4_unicode_ci NOT NULL,
  `user_id` bigint UNSIGNED NOT NULL,
  `provider_id` bigint UNSIGNED NOT NULL,
  `tier_id` bigint UNSIGNED DEFAULT NULL,
  `request_id` bigint UNSIGNED DEFAULT NULL,
  `booking_type` enum('direct','request') COLLATE utf8mb4_unicode_ci NOT NULL DEFAULT 'direct',
  `assigned_to_user_id` bigint UNSIGNED DEFAULT NULL,
  `assigned_by_provider_id` bigint UNSIGNED DEFAULT NULL,
  `assigned_at` timestamp NULL DEFAULT NULL,
  `sender_name` varchar(191) COLLATE utf8mb4_unicode_ci NOT NULL,
  `sender_phone` varchar(191) COLLATE utf8mb4_unicode_ci NOT NULL,
  `sender_address` text COLLATE utf8mb4_unicode_ci NOT NULL,
  `sender_lat` decimal(10,7) DEFAULT NULL,
  `sender_lng` decimal(10,7) DEFAULT NULL,
  `recipient_name` varchar(191) COLLATE utf8mb4_unicode_ci NOT NULL,
  `recipient_phone` varchar(191) COLLATE utf8mb4_unicode_ci NOT NULL,
  `recipient_address` text COLLATE utf8mb4_unicode_ci NOT NULL,
  `recipient_lat` decimal(10,7) DEFAULT NULL,
  `recipient_lng` decimal(10,7) DEFAULT NULL,
  `pickup_date` date NOT NULL,
  `pickup_time_slot` varchar(191) COLLATE utf8mb4_unicode_ci DEFAULT NULL,
  `estimated_weight_kg` decimal(8,2) DEFAULT NULL,
  `parcel_description` text COLLATE utf8mb4_unicode_ci,
  `notes` text COLLATE utf8mb4_unicode_ci,
  `amount` decimal(10,2) NOT NULL DEFAULT '0.00',
  `payment_status` enum('unpaid','paid','refunded') COLLATE utf8mb4_unicode_ci NOT NULL DEFAULT 'unpaid',
  `payment_method` varchar(191) COLLATE utf8mb4_unicode_ci DEFAULT NULL,
  `status` enum('draft','pending','confirmed','assigned','picked_up','in_transit','out_for_delivery','delivered','cancelled','failed') COLLATE utf8mb4_unicode_ci NOT NULL DEFAULT 'draft',
  `delivery_code` varchar(6) COLLATE utf8mb4_unicode_ci DEFAULT NULL,
  `confirmed_at` timestamp NULL DEFAULT NULL,
  `picked_up_at` timestamp NULL DEFAULT NULL,
  `delivered_at` timestamp NULL DEFAULT NULL,
  `cancelled_at` timestamp NULL DEFAULT NULL,
  `cancellation_reason` text COLLATE utf8mb4_unicode_ci,
  `review_requested` tinyint(1) NOT NULL DEFAULT '0',
  `created_at` timestamp NULL DEFAULT NULL,
  `updated_at` timestamp NULL DEFAULT NULL,
  PRIMARY KEY (`id`),
  UNIQUE KEY `pd_parcels_parcel_ref_unique` (`parcel_ref`),
  KEY `pd_parcels_tier_id_foreign` (`tier_id`),
  KEY `pd_parcels_request_id_foreign` (`request_id`),
  KEY `pd_parcels_assigned_by_provider_id_foreign` (`assigned_by_provider_id`),
  KEY `pd_parcels_user_id_status_index` (`user_id`,`status`),
  KEY `pd_parcels_provider_id_status_index` (`provider_id`,`status`),
  KEY `pd_parcels_assigned_to_user_id_index` (`assigned_to_user_id`),
  KEY `pd_parcels_status_index` (`status`)
) ENGINE=MyISAM AUTO_INCREMENT=33 DEFAULT CHARSET=utf8mb4 COLLATE=utf8mb4_unicode_ci;

--
-- Dumping data for table `pd_parcels`
--

INSERT INTO `pd_parcels` (`id`, `parcel_ref`, `user_id`, `provider_id`, `tier_id`, `request_id`, `booking_type`, `assigned_to_user_id`, `assigned_by_provider_id`, `assigned_at`, `sender_name`, `sender_phone`, `sender_address`, `sender_lat`, `sender_lng`, `recipient_name`, `recipient_phone`, `recipient_address`, `recipient_lat`, `recipient_lng`, `pickup_date`, `pickup_time_slot`, `estimated_weight_kg`, `parcel_description`, `notes`, `amount`, `payment_status`, `payment_method`, `status`, `delivery_code`, `confirmed_at`, `picked_up_at`, `delivered_at`, `cancelled_at`, `cancellation_reason`, `review_requested`, `created_at`, `updated_at`) VALUES
(1, 'PD-DBQNEQKS', 5, 7, 1, NULL, 'direct', NULL, NULL, NULL, 'User Singh', '917458965856', 'mohali chandigah', NULL, NULL, 'sdfs', 'aaaa', 'kharar', NULL, NULL, '2026-06-20', '08:00-12:00', 2.00, NULL, NULL, 15.00, 'unpaid', NULL, 'pending', NULL, NULL, NULL, NULL, NULL, NULL, 0, '2026-06-19 01:17:45', '2026-06-19 01:17:45'),
(2, 'PD-BRCLGQEF', 5, 7, 1, NULL, 'direct', NULL, NULL, NULL, 'User Singh', '917458965856', 'mohali chandigah', NULL, NULL, 'sdfs', 'aaaa', 'kharar', NULL, NULL, '2026-06-20', '08:00-12:00', 2.00, NULL, NULL, 15.00, 'unpaid', NULL, 'pending', NULL, NULL, NULL, NULL, NULL, NULL, 0, '2026-06-19 01:58:26', '2026-06-19 01:58:26'),
(3, 'PD-HKGVIC1N', 5, 7, 1, NULL, 'direct', NULL, NULL, NULL, 'User Singh', '917458965856', '#395 dsfsdkf fist flrosf', 30.7296362, 76.6442228, 'sdfs', 'aaaa', 'sdsfsf', 30.7245343, 76.7199724, '2026-06-20', NULL, 2.00, 'sdfdss', 'dfsdf', 25.89, 'paid', 'stripe', 'cancelled', NULL, '2026-06-19 02:19:28', NULL, NULL, '2026-07-16 04:14:52', NULL, 0, '2026-06-19 02:12:56', '2026-07-16 04:14:52'),
(4, 'PD-JJWGIMWO', 5, 7, 1, NULL, 'direct', 9, 7, '2026-06-19 02:54:35', 'User Singh', '917458965856', '#369, kharar, chandigarh', 30.7289182, 76.6425949, 'receipt', '9584585695', '#256 mohali', 30.7295514, 76.7821139, '2026-06-20', NULL, NULL, NULL, NULL, 35.00, 'refunded', 'stripe', 'in_transit', NULL, '2026-06-19 02:52:12', '2026-06-19 02:55:06', NULL, '2026-08-03 00:07:55', NULL, 0, '2026-06-19 02:47:56', '2026-08-03 00:08:09'),
(5, 'PD-K7DFTE53', 5, 7, 1, NULL, 'direct', 9, 7, '2026-06-19 05:07:36', 'User Singh', '917458965856', 'kharar', 30.7299532, 76.6386021, 'revever', '9584585695', 'mohali', 30.7047584, 76.7354220, '2026-06-20', NULL, 3.00, 'document', 'keep up', 29.50, 'paid', 'stripe', 'delivered', 'IMBMSI', '2026-06-19 04:56:59', NULL, '2026-06-19 05:11:24', NULL, NULL, 0, '2026-06-19 04:56:12', '2026-06-19 05:11:24'),
(6, 'PD-XFKHSLZL', 5, 7, 2, NULL, 'direct', 9, 7, '2026-06-25 01:43:08', 'User Singh', '917458965856', 'house 965, Gillco valley, kharar', 30.7282091, 76.6384446, 'receipt 2', '9584585695', 'house 85, sector 15 mohali', 30.6870453, 76.6997164, '2026-06-26', '08:00-12:00', 2.00, 'electroninx', 'bell', 42.30, 'paid', 'cash', 'delivered', '7940', '2026-06-25 01:42:51', '2026-06-25 01:43:59', '2026-06-25 01:46:02', NULL, NULL, 0, '2026-06-25 01:17:19', '2026-06-25 01:46:02'),
(7, 'PD-CDFSM8TC', 5, 7, 1, NULL, 'direct', NULL, NULL, NULL, 'User Singh', '917458965856', 'chanidgarh', 30.7299218, 76.6386115, 'sdfs', '9584585695', 'chandigarh', 30.7230586, 76.7622011, '2026-06-26', NULL, 2.00, NULL, NULL, 32.76, 'paid', 'stripe', 'delivered', '2281', '2026-06-25 01:51:11', NULL, '2026-06-25 01:55:35', NULL, NULL, 0, '2026-06-25 01:50:32', '2026-06-25 01:55:35'),
(8, 'PD-ZBJIE4VF', 5, 7, 1, NULL, 'direct', NULL, NULL, NULL, 'User Singh', '917458965856', 'mohali', 30.7299497, 76.6386151, 'receipt', '9584585695', 'chanidgarh', 30.7153848, 76.8535250, '2026-06-26', NULL, NULL, NULL, NULL, 45.91, 'paid', 'stripe', 'delivered', '5011', '2026-06-25 02:17:29', NULL, '2026-06-25 02:18:12', NULL, NULL, 0, '2026-06-25 02:09:37', '2026-06-25 02:18:12'),
(9, 'PD-OBDPLZYT', 5, 7, 1, NULL, 'direct', 9, 7, '2026-06-25 02:20:52', 'User Singh', '917458965856', 'kharar', 30.7298371, 76.6385939, 'receipt', '9584585695', 'mohalir', 30.9418007, 76.6777437, '2026-06-26', NULL, NULL, NULL, NULL, 50.79, 'paid', 'stripe', 'delivered', '5651', '2026-06-25 02:20:37', '2026-06-25 02:21:00', '2026-06-25 02:21:35', NULL, NULL, 0, '2026-06-25 02:19:25', '2026-06-25 02:21:35'),
(10, 'PD-3FQN17S1', 5, 7, 1, NULL, 'direct', 9, 7, '2026-06-25 02:37:41', 'User Singh', '917458965856', 'kharar 1', 30.7299668, 76.6386177, 'revever', '9584585695', 'moahli1', 30.7230586, 76.7079562, '2026-06-26', NULL, NULL, NULL, NULL, 25.01, 'paid', 'cash', 'delivered', '7363', '2026-06-25 02:37:03', '2026-06-25 02:37:34', '2026-06-25 02:38:27', NULL, NULL, 0, '2026-06-25 02:36:21', '2026-06-25 02:38:27'),
(11, 'PD-QH7GWBNL', 5, 7, 1, 1, 'request', NULL, NULL, NULL, 'User Singh', '917458965856', 'kharar gillco', NULL, NULL, 'receipt 1', '0677824359', 'mohali 2', NULL, NULL, '2026-06-26', NULL, NULL, 'check detail of parcel', NULL, 15.00, 'unpaid', NULL, 'cancelled', '3310', NULL, NULL, NULL, '2026-06-25 06:14:22', NULL, 0, '2026-06-25 04:12:19', '2026-06-25 06:14:22'),
(12, 'PD-NXMHVUGW', 5, 7, 1, NULL, 'direct', NULL, NULL, NULL, 'User Singh', '917458965856', 'moah', 30.7300380, 76.6385732, 'revever', '9584585695', 'sdf', 30.7531578, 76.9084566, '2026-06-26', NULL, NULL, NULL, NULL, 53.88, 'paid', 'stripe', 'cancelled', '8925', NULL, NULL, NULL, '2026-06-25 06:29:51', NULL, 0, '2026-06-25 06:16:38', '2026-06-25 06:29:51'),
(13, 'PD-JSO5BHYT', 5, 7, 1, NULL, 'direct', 9, 7, '2026-08-02 08:43:35', 'User Singh', '917458965856', 'mohaloi', 30.7300220, 76.6385606, 'receipt', '9584585695', 'kharar', 30.7153848, 76.6777437, '2026-06-27', NULL, 3.00, 'document', 'ddd', 21.13, 'paid', 'stripe', 'delivered', '5677', NULL, NULL, '2026-08-03 05:15:11', NULL, NULL, 0, '2026-06-26 03:02:53', '2026-08-03 05:15:11'),
(14, 'PD-AQGU3LWW', 5, 7, 1, NULL, 'direct', 9, 7, '2026-07-15 06:06:04', 'User Singh', '917458965856', 'khartar gillco', 30.7300002, 76.6385601, 'receipt', '9584585695', 'mohali 3b2', 30.8097896, 76.8754977, '2026-07-16', NULL, NULL, NULL, NULL, 51.47, 'paid', 'stripe', 'delivered', '3915', '2026-07-15 06:05:44', '2026-07-15 06:07:19', '2026-07-15 06:09:07', NULL, NULL, 0, '2026-07-15 06:04:23', '2026-07-15 06:09:07'),
(15, 'PD-LA4UTDHX', 5, 7, 1, NULL, 'direct', NULL, NULL, NULL, 'User Singh', '917458965856', 'kharar', 30.7299270, 76.6385386, 'receipt', '9584585695', 'fsdf', 30.5452230, 77.0293062, '2026-07-17', NULL, NULL, NULL, NULL, 78.98, 'paid', 'stripe', 'cancelled', '4752', NULL, NULL, NULL, '2026-07-16 05:43:55', NULL, 0, '2026-07-16 05:42:58', '2026-07-16 05:43:55'),
(16, 'PD-EBAHFL03', 5, 7, 2, NULL, 'direct', 9, 7, '2026-08-03 04:59:25', 'User Singh', '917458965856', 'dfsf', 30.7300399, 76.6385812, 'sdfs', '9584585695', 'dsfsssss', 30.4884360, 76.4140719, '2026-07-17', NULL, 2.00, NULL, NULL, 123.20, 'paid', 'stripe', 'delivered', '2083', NULL, NULL, '2026-08-03 05:12:30', NULL, NULL, 0, '2026-07-16 06:21:22', '2026-08-03 05:12:30'),
(17, 'PD-POJMOUMT', 5, 7, 1, NULL, 'direct', NULL, NULL, NULL, 'User Singh', '917458965856', 'sdfsd', 30.7298838, 76.6384993, 'receipt', '9584585695', 'dfsd', 30.9418007, 76.7656344, '2026-07-17', NULL, NULL, NULL, NULL, 54.76, 'refunded', 'stripe', 'cancelled', '9872', NULL, NULL, NULL, '2026-07-16 07:35:05', NULL, 0, '2026-07-16 07:34:08', '2026-07-16 07:35:05'),
(18, 'PD-WC7YIMBP', 5, 7, 1, NULL, 'direct', NULL, NULL, NULL, 'User Singh', '917458965856', 'kharar', 30.7300399, 76.6385812, 'receipt', '9584585695', 'ss', 30.7153848, 76.8535250, '2026-07-19', NULL, 2.00, NULL, NULL, 45.91, 'refunded', 'wallet', 'cancelled', '3571', NULL, NULL, NULL, '2026-07-17 22:17:08', NULL, 0, '2026-07-17 22:16:11', '2026-07-17 22:17:08'),
(19, 'PD-ZH7JLLMU', 5, 7, 1, NULL, 'direct', NULL, NULL, NULL, 'User Singh', '917458965856', 'kharar', 30.7300399, 76.6385812, 'receipt', '9584585695', 'mohali', 30.9418007, 76.5898531, '2026-07-19', NULL, 2.00, NULL, NULL, 51.00, 'refunded', 'wallet', 'cancelled', '3421', NULL, NULL, NULL, '2026-07-18 07:39:49', NULL, 0, '2026-07-18 07:39:18', '2026-07-18 07:39:49'),
(20, 'PD-XX8BTOHF', 5, 7, 1, NULL, 'direct', 9, 7, '2026-08-03 05:39:34', 'User Singh', '917458965856', 'kharar', 30.7300387, 76.6385583, 'mohali', '9584585695', 'mohali', 30.5641447, 76.8535250, '2026-08-04', NULL, 2.00, 'cloth', 'not', 56.44, 'paid', 'wallet', 'delivered', '1573', NULL, '2026-08-03 05:40:33', '2026-08-03 05:42:20', NULL, NULL, 0, '2026-08-03 05:38:33', '2026-08-03 05:42:20'),
(21, 'PD-ERFTVQNP', 5, 7, 2, NULL, 'direct', 9, 7, '2026-08-03 05:56:34', 'User Singh', '917458965856', 'kharar', 30.7300387, 76.6385583, 'receipt', '9584585695', 'chandighar', 29.8806522, 76.9414156, '2026-08-03', '17:00-21:00', NULL, NULL, NULL, 316.45, 'refunded', 'wallet', 'cancelled', '7108', '2026-08-03 05:56:25', NULL, NULL, '2026-08-03 05:57:10', NULL, 0, '2026-08-03 05:55:43', '2026-08-03 05:57:10'),
(22, 'PD-CGRFTFYN', 5, 7, 2, NULL, 'direct', 9, 7, '2026-08-03 06:14:39', 'User Singh', '917458965856', 'kharar', 30.7300387, 76.6385583, 'receipt 1', '9584585695', 'morinda', 30.4884360, 77.0293062, '2026-08-04', NULL, NULL, NULL, NULL, 158.13, 'paid', 'wallet', 'delivered', '2961', '2026-08-03 06:00:52', NULL, '2026-08-03 06:16:29', NULL, NULL, 0, '2026-08-03 06:00:24', '2026-08-03 06:16:29'),
(23, 'PD-RMCC7VCO', 5, 7, 1, NULL, 'direct', 9, 7, '2026-08-03 08:40:52', 'User Singh', '917458965856', 'mohali', 30.7277631, 76.6501482, 'chandigahr', '9584585695', 'chandijgarh', 30.7201072, 76.8095797, '2026-08-04', NULL, NULL, NULL, NULL, 37.89, 'paid', 'wallet', 'assigned', '8574', '2026-08-03 08:40:42', NULL, NULL, NULL, NULL, 0, '2026-08-03 08:40:01', '2026-08-03 08:40:52'),
(24, 'PD-AUK1LZLZ', 27, 29, 5, NULL, 'direct', NULL, NULL, NULL, 'John w', '+91 9876543210', 'kharar', 30.7498676, 76.6411094, 'sdfsfsf', '965845845', 'mohali', 30.7046486, 76.7178726, '2026-08-19', NULL, 3.00, NULL, NULL, 31.89, 'unpaid', 'cash', 'cancelled', '1558', NULL, NULL, NULL, '2026-08-18 13:29:51', NULL, 0, '2026-08-18 12:42:28', '2026-08-18 13:29:51'),
(25, 'PD-6PKX5MJO', 27, 29, 5, NULL, 'direct', NULL, NULL, NULL, 'John', '+91 9876543210', 'khaarar', 30.7498676, 76.6411094, 'sdfsfsf', '965845845', 'mohali', 30.7046486, 76.7178726, '2026-08-19', NULL, NULL, NULL, NULL, 31.89, 'refunded', 'stripe', 'cancelled', '7706', NULL, NULL, NULL, '2026-08-18 13:29:29', NULL, 0, '2026-08-18 13:22:45', '2026-08-18 13:29:29'),
(26, 'PD-LWJFNSTB', 27, 29, 6, NULL, 'direct', NULL, NULL, NULL, 'John', '+91 9876543210', 'dfsd', 30.7302955, 76.6391913, 'receipt', '9584585695', 'mohali', 30.7046486, 76.7178726, '2026-08-19', NULL, NULL, NULL, NULL, 42.91, 'unpaid', 'cash', 'cancelled', '3914', NULL, NULL, NULL, '2026-08-18 13:34:46', NULL, 0, '2026-08-18 13:30:59', '2026-08-18 13:34:46'),
(27, 'PD-OUVGT2BD', 27, 29, 5, NULL, 'direct', NULL, NULL, NULL, 'John', '+91 9876543210', 'kharar', 30.7302955, 76.6391913, 'sfd', '9584585695', 'mohali', 30.7046486, 76.7178726, '2026-08-19', NULL, NULL, NULL, NULL, 29.89, 'paid', 'cash', 'delivered', '3755', '2026-08-18 13:40:16', '2026-08-18 13:40:27', '2026-08-18 13:40:57', NULL, NULL, 0, '2026-08-18 13:35:39', '2026-08-18 13:40:57'),
(28, 'PD-Q25ONPB3', 27, 29, 5, NULL, 'direct', NULL, NULL, NULL, 'John', '+91 9876543210', 'landra', 30.7275466, 76.6527037, 'receipt 1', '9584585695', 'mohali', 30.7046486, 76.7178726, '2026-08-19', NULL, NULL, NULL, NULL, 26.78, 'refunded', 'wallet', 'cancelled', '9920', NULL, NULL, NULL, '2026-08-18 13:43:29', NULL, 0, '2026-08-18 13:41:56', '2026-08-18 13:43:29'),
(29, 'PD-FUQL1ZWA', 27, 29, 6, NULL, 'direct', NULL, NULL, NULL, 'John', '+91 9876543210', 'kharar', 30.7498676, 76.6411094, 'receipt 1', '9584585695', 'mohali', 30.7046486, 76.7178726, '2026-08-20', NULL, NULL, NULL, NULL, 45.92, 'paid', 'wallet', 'pending', '5152', NULL, NULL, NULL, NULL, NULL, 0, '2026-08-19 02:32:33', '2026-08-19 02:33:13'),
(30, 'PD-68EAJA12', 27, 29, 5, NULL, 'direct', NULL, NULL, NULL, 'John', '+91 9876543210', 'landra', 30.6944908, 76.6650946, 'revever', '0677824359', 'Mohali', 30.6969081, 76.7323704, '2026-08-20', NULL, NULL, NULL, NULL, 26.10, 'paid', 'stripe', 'delivered', '1617', '2026-08-19 02:37:29', NULL, '2026-08-19 02:37:53', NULL, NULL, 0, '2026-08-19 02:34:28', '2026-08-19 02:37:53'),
(31, 'PD-AYTBONLQ', 27, 29, 5, NULL, 'direct', 34, 29, '2026-08-19 03:01:12', 'John', '+91 9876543210', 'ropar', 30.9661003, 76.5230961, 'mohali', '9584585695', 'Mohali', 30.7046486, 76.7178726, '2026-08-20', NULL, NULL, NULL, NULL, 92.34, 'paid', 'stripe', 'delivered', '9085', NULL, NULL, '2026-08-19 04:00:27', NULL, NULL, 0, '2026-08-19 03:00:31', '2026-08-19 04:00:27'),
(32, 'PD-GG8UJSKO', 27, 7, 1, NULL, 'direct', NULL, NULL, NULL, 'John', '+91 9876543210', 'khar', 30.7498676, 76.6411094, 'revever', 'aaaa', 'mohali', 30.7333148, 76.7794179, '2026-08-20', NULL, NULL, NULL, NULL, 46.32, 'paid', 'flutterwave', 'pending', '4357', NULL, NULL, NULL, NULL, NULL, 0, '2026-08-19 06:38:08', '2026-08-19 06:40:39');

-- --------------------------------------------------------

--
-- Table structure for table `pd_price_tiers`
--

CREATE TABLE IF NOT EXISTS `pd_price_tiers` (
  `id` bigint UNSIGNED NOT NULL AUTO_INCREMENT,
  `provider_id` bigint UNSIGNED NOT NULL,
  `name` varchar(191) COLLATE utf8mb4_unicode_ci NOT NULL,
  `max_weight_kg` decimal(8,2) DEFAULT NULL,
  `max_dimension_cm` varchar(191) COLLATE utf8mb4_unicode_ci DEFAULT NULL,
  `base_price` decimal(10,2) NOT NULL DEFAULT '0.00',
  `price_per_km` decimal(8,4) DEFAULT NULL,
  `description` text COLLATE utf8mb4_unicode_ci,
  `status` enum('active','inactive') COLLATE utf8mb4_unicode_ci NOT NULL DEFAULT 'active',
  `created_at` timestamp NULL DEFAULT NULL,
  `updated_at` timestamp NULL DEFAULT NULL,
  PRIMARY KEY (`id`),
  KEY `pd_price_tiers_provider_id_status_index` (`provider_id`,`status`)
) ENGINE=MyISAM AUTO_INCREMENT=7 DEFAULT CHARSET=utf8mb4 COLLATE=utf8mb4_unicode_ci;

--
-- Dumping data for table `pd_price_tiers`
--

INSERT INTO `pd_price_tiers` (`id`, `provider_id`, `name`, `max_weight_kg`, `max_dimension_cm`, `base_price`, `price_per_km`, `description`, `status`, `created_at`, `updated_at`) VALUES
(1, 7, 'Standard Delivery', 5.00, NULL, 15.00, 1.5000, 'Delivery within 2-3 business days', 'active', '2026-06-18 09:07:37', '2026-06-19 02:02:23'),
(2, 7, 'Express Delivery', 5.00, '10*20', 20.00, 3.0000, NULL, 'active', '2026-06-25 01:13:30', '2026-06-25 01:13:30'),
(6, 29, 'Fast Delivey', 5.00, NULL, 8.00, 3.0000, 'same day delivery fast', 'active', '2026-08-18 12:41:05', '2026-08-18 12:41:05'),
(5, 29, 'Normal', 5.00, NULL, 5.00, 2.0000, 'normal speed deliry', 'active', '2026-08-18 12:40:42', '2026-08-18 12:40:42');

-- --------------------------------------------------------

--
-- Table structure for table `pd_promotions`
--

CREATE TABLE IF NOT EXISTS `pd_promotions` (
  `id` bigint UNSIGNED NOT NULL AUTO_INCREMENT,
  `provider_id` bigint UNSIGNED NOT NULL,
  `promotion_plan_id` bigint UNSIGNED DEFAULT NULL,
  `promotion_type` varchar(191) COLLATE utf8mb4_unicode_ci NOT NULL DEFAULT 'homepage_featured',
  `payment_id` bigint UNSIGNED DEFAULT NULL,
  `status` enum('pending','active','expired','rejected') COLLATE utf8mb4_unicode_ci NOT NULL DEFAULT 'pending',
  `starts_at` timestamp NULL DEFAULT NULL,
  `ends_at` timestamp NULL DEFAULT NULL,
  `created_at` timestamp NULL DEFAULT NULL,
  `updated_at` timestamp NULL DEFAULT NULL,
  PRIMARY KEY (`id`),
  KEY `pd_promotions_provider_id_starts_at_ends_at_index` (`provider_id`,`starts_at`,`ends_at`),
  KEY `pd_promotions_promotion_plan_id_foreign` (`promotion_plan_id`),
  KEY `pd_promotions_payment_id_foreign` (`payment_id`)
) ENGINE=MyISAM AUTO_INCREMENT=3 DEFAULT CHARSET=utf8mb4 COLLATE=utf8mb4_unicode_ci;

--
-- Dumping data for table `pd_promotions`
--

INSERT INTO `pd_promotions` (`id`, `provider_id`, `promotion_plan_id`, `promotion_type`, `payment_id`, `status`, `starts_at`, `ends_at`, `created_at`, `updated_at`) VALUES
(1, 7, 10, 'homepage_featured', 61, 'active', '2026-06-26 02:54:33', '2026-07-03 02:54:33', '2026-06-26 02:54:07', '2026-06-26 02:54:33'),
(2, 29, 10, 'homepage_featured', 175, 'active', '2026-08-19 02:40:06', '2026-08-26 02:40:06', '2026-08-19 02:39:55', '2026-08-19 02:40:06');

-- --------------------------------------------------------

--
-- Table structure for table `pd_tracking_events`
--

CREATE TABLE IF NOT EXISTS `pd_tracking_events` (
  `id` bigint UNSIGNED NOT NULL AUTO_INCREMENT,
  `parcel_id` bigint UNSIGNED NOT NULL,
  `status` varchar(191) COLLATE utf8mb4_unicode_ci NOT NULL,
  `description` text COLLATE utf8mb4_unicode_ci,
  `location` varchar(191) COLLATE utf8mb4_unicode_ci DEFAULT NULL,
  `recorded_by` varchar(191) COLLATE utf8mb4_unicode_ci DEFAULT NULL,
  `recorded_at` timestamp NOT NULL,
  `created_at` timestamp NULL DEFAULT NULL,
  `updated_at` timestamp NULL DEFAULT NULL,
  PRIMARY KEY (`id`),
  KEY `pd_tracking_events_parcel_id_index` (`parcel_id`)
) ENGINE=MyISAM AUTO_INCREMENT=114 DEFAULT CHARSET=utf8mb4 COLLATE=utf8mb4_unicode_ci;

--
-- Dumping data for table `pd_tracking_events`
--

INSERT INTO `pd_tracking_events` (`id`, `parcel_id`, `status`, `description`, `location`, `recorded_by`, `recorded_at`, `created_at`, `updated_at`) VALUES
(1, 1, 'pending', 'Parcel booking created. Awaiting payment.', NULL, 'system', '2026-06-19 01:17:45', '2026-06-19 01:17:45', '2026-06-19 01:17:45'),
(2, 2, 'pending', 'Parcel booking created. Awaiting payment.', NULL, 'system', '2026-06-19 01:58:26', '2026-06-19 01:58:26', '2026-06-19 01:58:26'),
(3, 3, 'pending', 'Parcel booking created. Awaiting payment.', NULL, 'system', '2026-06-19 02:12:56', '2026-06-19 02:12:56', '2026-06-19 02:12:56'),
(4, 3, 'confirmed', 'Payment received. Parcel booking confirmed.', NULL, 'system', '2026-06-19 02:19:28', '2026-06-19 02:19:28', '2026-06-19 02:19:28'),
(5, 4, 'pending', 'Parcel booking created. Awaiting payment.', NULL, 'system', '2026-06-19 02:47:56', '2026-06-19 02:47:56', '2026-06-19 02:47:56'),
(6, 4, 'confirmed', NULL, NULL, 'provider', '2026-06-19 02:52:12', '2026-06-19 02:52:12', '2026-06-19 02:52:12'),
(7, 4, 'assigned', 'Delivery assigned to a rider.', NULL, 'provider', '2026-06-19 02:54:35', '2026-06-19 02:54:35', '2026-06-19 02:54:35'),
(8, 4, 'picked_up', NULL, NULL, 'provider', '2026-06-19 02:55:06', '2026-06-19 02:55:06', '2026-06-19 02:55:06'),
(9, 4, 'in_transit', NULL, NULL, 'provider', '2026-06-19 02:55:30', '2026-06-19 02:55:30', '2026-06-19 02:55:30'),
(10, 4, 'out_for_delivery', 'going on path', 'mohali', 'provider', '2026-06-19 02:55:51', '2026-06-19 02:55:51', '2026-06-19 02:55:51'),
(11, 5, 'pending', 'Parcel booking created. Awaiting payment.', NULL, 'system', '2026-06-19 04:56:12', '2026-06-19 04:56:12', '2026-06-19 04:56:12'),
(12, 5, 'confirmed', NULL, NULL, 'provider', '2026-06-19 04:56:59', '2026-06-19 04:56:59', '2026-06-19 04:56:59'),
(13, 5, 'assigned', 'Delivery assigned to a rider.', NULL, 'provider', '2026-06-19 05:07:36', '2026-06-19 05:07:36', '2026-06-19 05:07:36'),
(14, 5, 'out_for_delivery', NULL, NULL, 'provider', '2026-06-19 05:07:51', '2026-06-19 05:07:51', '2026-06-19 05:07:51'),
(15, 5, 'delivered', NULL, NULL, 'provider', '2026-06-19 05:11:24', '2026-06-19 05:11:24', '2026-06-19 05:11:24'),
(16, 6, 'booking_created', 'Parcel booking created.', NULL, 'system', '2026-06-25 01:17:19', '2026-06-25 01:17:19', '2026-06-25 01:17:19'),
(17, 6, 'confirmed', NULL, NULL, 'provider', '2026-06-25 01:42:51', '2026-06-25 01:42:51', '2026-06-25 01:42:51'),
(18, 6, 'assigned', 'Delivery assigned to a rider.', NULL, 'provider', '2026-06-25 01:43:08', '2026-06-25 01:43:08', '2026-06-25 01:43:08'),
(19, 6, 'picked_up', NULL, NULL, 'provider', '2026-06-25 01:43:59', '2026-06-25 01:43:59', '2026-06-25 01:43:59'),
(20, 6, 'out_for_delivery', NULL, NULL, 'provider', '2026-06-25 01:45:20', '2026-06-25 01:45:20', '2026-06-25 01:45:20'),
(21, 6, 'delivered', NULL, NULL, 'provider', '2026-06-25 01:46:02', '2026-06-25 01:46:02', '2026-06-25 01:46:02'),
(22, 7, 'booking_created', 'Parcel booking created.', NULL, 'system', '2026-06-25 01:50:32', '2026-06-25 01:50:32', '2026-06-25 01:50:32'),
(23, 7, 'confirmed', NULL, NULL, 'provider', '2026-06-25 01:51:11', '2026-06-25 01:51:11', '2026-06-25 01:51:11'),
(24, 7, 'delivered', NULL, NULL, 'provider', '2026-06-25 01:55:35', '2026-06-25 01:55:35', '2026-06-25 01:55:35'),
(25, 8, 'booking_created', 'Parcel booking created.', NULL, 'system', '2026-06-25 02:09:37', '2026-06-25 02:09:37', '2026-06-25 02:09:37'),
(26, 8, 'confirmed', NULL, NULL, 'provider', '2026-06-25 02:17:29', '2026-06-25 02:17:29', '2026-06-25 02:17:29'),
(27, 8, 'delivered', NULL, NULL, 'provider', '2026-06-25 02:18:12', '2026-06-25 02:18:12', '2026-06-25 02:18:12'),
(28, 9, 'booking_created', 'Parcel booking created.', NULL, 'system', '2026-06-25 02:19:25', '2026-06-25 02:19:25', '2026-06-25 02:19:25'),
(29, 9, 'confirmed', NULL, NULL, 'provider', '2026-06-25 02:20:37', '2026-06-25 02:20:37', '2026-06-25 02:20:37'),
(30, 9, 'assigned', 'Delivery assigned to a rider.', NULL, 'provider', '2026-06-25 02:20:52', '2026-06-25 02:20:52', '2026-06-25 02:20:52'),
(31, 9, 'picked_up', NULL, NULL, 'provider', '2026-06-25 02:21:00', '2026-06-25 02:21:00', '2026-06-25 02:21:00'),
(32, 9, 'out_for_delivery', NULL, NULL, 'provider', '2026-06-25 02:21:25', '2026-06-25 02:21:25', '2026-06-25 02:21:25'),
(33, 9, 'delivered', NULL, NULL, 'provider', '2026-06-25 02:21:35', '2026-06-25 02:21:35', '2026-06-25 02:21:35'),
(34, 10, 'booking_created', 'Parcel booking created.', NULL, 'system', '2026-06-25 02:36:21', '2026-06-25 02:36:21', '2026-06-25 02:36:21'),
(35, 10, 'confirmed', NULL, NULL, 'provider', '2026-06-25 02:37:03', '2026-06-25 02:37:03', '2026-06-25 02:37:03'),
(36, 10, 'assigned', NULL, NULL, 'provider', '2026-06-25 02:37:15', '2026-06-25 02:37:15', '2026-06-25 02:37:15'),
(37, 10, 'assigned', 'Delivery assigned to a rider.', NULL, 'provider', '2026-06-25 02:37:23', '2026-06-25 02:37:23', '2026-06-25 02:37:23'),
(38, 10, 'picked_up', NULL, NULL, 'provider', '2026-06-25 02:37:34', '2026-06-25 02:37:34', '2026-06-25 02:37:34'),
(39, 10, 'assigned', 'Delivery assigned to a rider.', NULL, 'provider', '2026-06-25 02:37:41', '2026-06-25 02:37:41', '2026-06-25 02:37:41'),
(40, 10, 'delivered', NULL, NULL, 'provider', '2026-06-25 02:38:27', '2026-06-25 02:38:27', '2026-06-25 02:38:27'),
(41, 11, 'booking_created', 'Provider accepted your delivery request.', NULL, 'system', '2026-06-25 04:12:19', '2026-06-25 04:12:19', '2026-06-25 04:12:19'),
(42, 11, 'cancelled', NULL, NULL, 'provider', '2026-06-25 06:14:22', '2026-06-25 06:14:22', '2026-06-25 06:14:22'),
(43, 12, 'booking_created', 'Parcel booking created.', NULL, 'system', '2026-06-25 06:16:38', '2026-06-25 06:16:38', '2026-06-25 06:16:38'),
(44, 12, 'cancelled', NULL, NULL, 'provider', '2026-06-25 06:29:52', '2026-06-25 06:29:52', '2026-06-25 06:29:52'),
(45, 13, 'booking_created', 'Parcel booking created.', NULL, 'system', '2026-06-26 03:02:53', '2026-06-26 03:02:53', '2026-06-26 03:02:53'),
(46, 14, 'booking_created', 'Parcel booking created.', NULL, 'system', '2026-07-15 06:04:23', '2026-07-15 06:04:23', '2026-07-15 06:04:23'),
(47, 14, 'confirmed', NULL, NULL, 'provider', '2026-07-15 06:05:44', '2026-07-15 06:05:44', '2026-07-15 06:05:44'),
(48, 14, 'assigned', 'Delivery assigned to a rider.', NULL, 'provider', '2026-07-15 06:06:04', '2026-07-15 06:06:04', '2026-07-15 06:06:04'),
(49, 14, 'picked_up', NULL, NULL, 'provider', '2026-07-15 06:07:19', '2026-07-15 06:07:19', '2026-07-15 06:07:19'),
(50, 14, 'in_transit', NULL, 'mohali', 'provider', '2026-07-15 06:07:47', '2026-07-15 06:07:47', '2026-07-15 06:07:47'),
(51, 14, 'in_transit', NULL, 'chandigahr', 'provider', '2026-07-15 06:08:01', '2026-07-15 06:08:01', '2026-07-15 06:08:01'),
(52, 14, 'out_for_delivery', NULL, NULL, 'provider', '2026-07-15 06:08:26', '2026-07-15 06:08:26', '2026-07-15 06:08:26'),
(53, 14, 'delivered', NULL, NULL, 'provider', '2026-07-15 06:09:08', '2026-07-15 06:09:08', '2026-07-15 06:09:08'),
(54, 15, 'booking_created', 'Parcel booking created.', NULL, 'system', '2026-07-16 05:42:58', '2026-07-16 05:42:58', '2026-07-16 05:42:58'),
(55, 15, 'cancelled', 'Cancelled by customer.', NULL, 'customer', '2026-07-16 05:43:55', '2026-07-16 05:43:55', '2026-07-16 05:43:55'),
(56, 16, 'booking_created', 'Parcel booking created.', NULL, 'system', '2026-07-16 06:21:22', '2026-07-16 06:21:22', '2026-07-16 06:21:22'),
(57, 16, 'cancelled', 'Cancelled by customer.', NULL, 'customer', '2026-07-16 07:29:26', '2026-07-16 07:29:26', '2026-07-16 07:29:26'),
(58, 17, 'booking_created', 'Parcel booking created.', NULL, 'system', '2026-07-16 07:34:08', '2026-07-16 07:34:08', '2026-07-16 07:34:08'),
(59, 17, 'cancelled', 'Cancelled by customer.', NULL, 'customer', '2026-07-16 07:35:05', '2026-07-16 07:35:05', '2026-07-16 07:35:05'),
(60, 18, 'booking_created', 'Parcel booking created.', NULL, 'system', '2026-07-17 22:16:11', '2026-07-17 22:16:11', '2026-07-17 22:16:11'),
(61, 18, 'cancelled', 'Cancelled by customer.', NULL, 'customer', '2026-07-17 22:17:09', '2026-07-17 22:17:09', '2026-07-17 22:17:09'),
(62, 19, 'booking_created', 'Parcel booking created.', NULL, 'system', '2026-07-18 07:39:18', '2026-07-18 07:39:18', '2026-07-18 07:39:18'),
(63, 19, 'cancelled', NULL, NULL, 'provider', '2026-07-18 07:39:49', '2026-07-18 07:39:49', '2026-07-18 07:39:49'),
(64, 13, 'assigned', 'Delivery assigned to a rider.', NULL, 'provider', '2026-08-02 08:43:35', '2026-08-02 08:43:35', '2026-08-02 08:43:35'),
(65, 4, 'cancelled', NULL, NULL, 'provider', '2026-08-03 00:07:55', '2026-08-03 00:07:55', '2026-08-03 00:07:55'),
(66, 4, 'in_transit', NULL, NULL, 'provider', '2026-08-03 00:08:09', '2026-08-03 00:08:09', '2026-08-03 00:08:09'),
(67, 16, 'assigned', 'Delivery assigned to a rider.', NULL, 'provider', '2026-08-03 04:59:25', '2026-08-03 04:59:25', '2026-08-03 04:59:25'),
(68, 16, 'in_transit', NULL, NULL, 'staff', '2026-08-03 05:07:30', '2026-08-03 05:07:30', '2026-08-03 05:07:30'),
(69, 16, 'out_for_delivery', NULL, NULL, 'staff', '2026-08-03 05:11:10', '2026-08-03 05:11:10', '2026-08-03 05:11:10'),
(70, 16, 'delivered', NULL, NULL, 'staff', '2026-08-03 05:12:30', '2026-08-03 05:12:30', '2026-08-03 05:12:30'),
(71, 13, 'delivered', NULL, NULL, 'provider', '2026-08-03 05:15:11', '2026-08-03 05:15:11', '2026-08-03 05:15:11'),
(72, 20, 'booking_created', 'Parcel booking created.', NULL, 'system', '2026-08-03 05:38:33', '2026-08-03 05:38:33', '2026-08-03 05:38:33'),
(73, 20, 'assigned', 'Delivery assigned to a rider.', NULL, 'provider', '2026-08-03 05:39:34', '2026-08-03 05:39:34', '2026-08-03 05:39:34'),
(74, 20, 'picked_up', NULL, NULL, 'staff', '2026-08-03 05:40:33', '2026-08-03 05:40:33', '2026-08-03 05:40:33'),
(75, 20, 'delivered', NULL, NULL, 'staff', '2026-08-03 05:42:15', '2026-08-03 05:42:15', '2026-08-03 05:42:15'),
(76, 20, 'delivered', NULL, NULL, 'staff', '2026-08-03 05:42:20', '2026-08-03 05:42:20', '2026-08-03 05:42:20'),
(77, 21, 'booking_created', 'Parcel booking created.', NULL, 'system', '2026-08-03 05:55:43', '2026-08-03 05:55:43', '2026-08-03 05:55:43'),
(78, 21, 'confirmed', NULL, NULL, 'provider', '2026-08-03 05:56:25', '2026-08-03 05:56:25', '2026-08-03 05:56:25'),
(79, 21, 'assigned', 'Delivery assigned to a rider.', NULL, 'provider', '2026-08-03 05:56:34', '2026-08-03 05:56:34', '2026-08-03 05:56:34'),
(80, 21, 'cancelled', NULL, NULL, 'staff', '2026-08-03 05:57:10', '2026-08-03 05:57:10', '2026-08-03 05:57:10'),
(81, 22, 'booking_created', 'Parcel booking created.', NULL, 'system', '2026-08-03 06:00:24', '2026-08-03 06:00:24', '2026-08-03 06:00:24'),
(82, 22, 'confirmed', NULL, NULL, 'provider', '2026-08-03 06:00:52', '2026-08-03 06:00:52', '2026-08-03 06:00:52'),
(83, 22, 'assigned', 'Delivery assigned to a rider.', NULL, 'provider', '2026-08-03 06:01:09', '2026-08-03 06:01:09', '2026-08-03 06:01:09'),
(84, 22, 'failed', NULL, NULL, 'provider', '2026-08-03 06:01:38', '2026-08-03 06:01:38', '2026-08-03 06:01:38'),
(85, 22, 'out_for_delivery', NULL, NULL, 'provider', '2026-08-03 06:04:21', '2026-08-03 06:04:21', '2026-08-03 06:04:21'),
(86, 22, 'failed', NULL, NULL, 'provider', '2026-08-03 06:13:10', '2026-08-03 06:13:10', '2026-08-03 06:13:10'),
(87, 22, 'assigned', 'Re-attempt scheduled for 2026-08-04', NULL, 'provider', '2026-08-03 06:14:39', '2026-08-03 06:14:39', '2026-08-03 06:14:39'),
(88, 22, 'delivered', NULL, NULL, 'staff', '2026-08-03 06:16:29', '2026-08-03 06:16:29', '2026-08-03 06:16:29'),
(89, 23, 'booking_created', 'Parcel booking created.', NULL, 'system', '2026-08-03 08:40:01', '2026-08-03 08:40:01', '2026-08-03 08:40:01'),
(90, 23, 'confirmed', NULL, NULL, 'provider', '2026-08-03 08:40:42', '2026-08-03 08:40:42', '2026-08-03 08:40:42'),
(91, 23, 'assigned', 'Delivery assigned to a rider.', NULL, 'provider', '2026-08-03 08:40:52', '2026-08-03 08:40:52', '2026-08-03 08:40:52'),
(92, 24, 'booking_created', 'Parcel booking created.', NULL, 'system', '2026-08-18 12:42:28', '2026-08-18 12:42:28', '2026-08-18 12:42:28'),
(93, 25, 'booking_created', 'Parcel booking created.', NULL, 'system', '2026-08-18 13:22:45', '2026-08-18 13:22:45', '2026-08-18 13:22:45'),
(94, 25, 'cancelled', 'Cancelled by customer.', NULL, 'customer', '2026-08-18 13:29:29', '2026-08-18 13:29:29', '2026-08-18 13:29:29'),
(95, 24, 'cancelled', 'Cancelled by customer.', NULL, 'customer', '2026-08-18 13:29:51', '2026-08-18 13:29:51', '2026-08-18 13:29:51'),
(96, 26, 'booking_created', 'Parcel booking created.', NULL, 'system', '2026-08-18 13:30:59', '2026-08-18 13:30:59', '2026-08-18 13:30:59'),
(97, 26, 'cancelled', 'Cancelled by customer.', NULL, 'customer', '2026-08-18 13:34:46', '2026-08-18 13:34:46', '2026-08-18 13:34:46'),
(98, 27, 'booking_created', 'Parcel booking created.', NULL, 'system', '2026-08-18 13:35:39', '2026-08-18 13:35:39', '2026-08-18 13:35:39'),
(99, 27, 'confirmed', NULL, NULL, 'provider', '2026-08-18 13:40:16', '2026-08-18 13:40:16', '2026-08-18 13:40:16'),
(100, 27, 'picked_up', NULL, NULL, 'provider', '2026-08-18 13:40:27', '2026-08-18 13:40:27', '2026-08-18 13:40:27'),
(101, 27, 'delivered', NULL, NULL, 'provider', '2026-08-18 13:40:57', '2026-08-18 13:40:57', '2026-08-18 13:40:57'),
(102, 28, 'booking_created', 'Parcel booking created.', NULL, 'system', '2026-08-18 13:41:56', '2026-08-18 13:41:56', '2026-08-18 13:41:56'),
(103, 28, 'cancelled', NULL, NULL, 'provider', '2026-08-18 13:43:29', '2026-08-18 13:43:29', '2026-08-18 13:43:29'),
(104, 29, 'booking_created', 'Parcel booking created.', NULL, 'system', '2026-08-19 02:32:33', '2026-08-19 02:32:33', '2026-08-19 02:32:33'),
(105, 30, 'booking_created', 'Parcel booking created.', NULL, 'system', '2026-08-19 02:34:28', '2026-08-19 02:34:28', '2026-08-19 02:34:28'),
(106, 30, 'confirmed', NULL, NULL, 'provider', '2026-08-19 02:37:29', '2026-08-19 02:37:29', '2026-08-19 02:37:29'),
(107, 30, 'delivered', NULL, NULL, 'provider', '2026-08-19 02:37:53', '2026-08-19 02:37:53', '2026-08-19 02:37:53'),
(108, 31, 'booking_created', 'Parcel booking created.', NULL, 'system', '2026-08-19 03:00:31', '2026-08-19 03:00:31', '2026-08-19 03:00:31'),
(109, 31, 'assigned', 'Delivery assigned to a rider.', NULL, 'provider', '2026-08-19 03:01:12', '2026-08-19 03:01:12', '2026-08-19 03:01:12'),
(110, 31, 'in_transit', NULL, NULL, 'staff', '2026-08-19 03:59:39', '2026-08-19 03:59:39', '2026-08-19 03:59:39'),
(111, 31, 'out_for_delivery', NULL, NULL, 'staff', '2026-08-19 04:00:07', '2026-08-19 04:00:07', '2026-08-19 04:00:07'),
(112, 31, 'delivered', NULL, NULL, 'staff', '2026-08-19 04:00:27', '2026-08-19 04:00:27', '2026-08-19 04:00:27'),
(113, 32, 'booking_created', 'Parcel booking created.', NULL, 'system', '2026-08-19 06:38:08', '2026-08-19 06:38:08', '2026-08-19 06:38:08');

-- --------------------------------------------------------

--
-- Table structure for table `permissions`
--

CREATE TABLE IF NOT EXISTS `permissions` (
  `id` bigint UNSIGNED NOT NULL AUTO_INCREMENT,
  `name` varchar(125) COLLATE utf8mb4_unicode_ci NOT NULL,
  `guard_name` varchar(125) COLLATE utf8mb4_unicode_ci NOT NULL,
  `created_at` timestamp NULL DEFAULT NULL,
  `updated_at` timestamp NULL DEFAULT NULL,
  PRIMARY KEY (`id`),
  UNIQUE KEY `permissions_name_guard_name_unique` (`name`,`guard_name`)
) ENGINE=MyISAM DEFAULT CHARSET=utf8mb4 COLLATE=utf8mb4_unicode_ci;

-- --------------------------------------------------------

--
-- Table structure for table `promotion_plans`
--

CREATE TABLE IF NOT EXISTS `promotion_plans` (
  `id` bigint UNSIGNED NOT NULL AUTO_INCREMENT,
  `module_id` bigint UNSIGNED NOT NULL,
  `name` varchar(191) COLLATE utf8mb4_unicode_ci NOT NULL,
  `promotion_type` varchar(191) COLLATE utf8mb4_unicode_ci NOT NULL,
  `duration_days` int NOT NULL,
  `price` decimal(10,2) NOT NULL,
  `is_active` tinyint(1) NOT NULL DEFAULT '1',
  `created_at` timestamp NULL DEFAULT NULL,
  `updated_at` timestamp NULL DEFAULT NULL,
  PRIMARY KEY (`id`),
  KEY `promotion_plans_module_id_foreign` (`module_id`)
) ENGINE=MyISAM AUTO_INCREMENT=17 DEFAULT CHARSET=utf8mb4 COLLATE=utf8mb4_unicode_ci;

--
-- Dumping data for table `promotion_plans`
--

INSERT INTO `promotion_plans` (`id`, `module_id`, `name`, `promotion_type`, `duration_days`, `price`, `is_active`, `created_at`, `updated_at`) VALUES
(1, 2, 'Featured property 7 day', 'featured', 7, 10.00, 1, '2026-06-04 02:34:48', '2026-06-04 02:35:15'),
(2, 2, 'Featured property 30 day', 'featured', 30, 20.00, 1, '2026-06-04 02:35:49', '2026-06-04 02:35:49'),
(3, 2, 'Urgent Sale', 'urgent', 7, 15.00, 1, '2026-06-04 02:36:50', '2026-06-04 02:36:50'),
(4, 2, 'Homepage', 'homepage_featured', 7, 10.00, 1, '2026-06-04 04:53:57', '2026-06-04 04:53:57'),
(5, 4, 'Featured', 'featured', 7, 5.00, 1, '2026-06-05 03:02:47', '2026-06-05 03:02:47'),
(6, 1, 'Feature ad 7 day', 'featured', 7, 5.00, 1, '2026-06-06 00:26:34', '2026-06-06 00:26:34'),
(7, 1, 'Feature for 30 days', 'featured', 3, 20.00, 1, '2026-06-06 00:26:53', '2026-06-06 00:26:53'),
(8, 5, 'Feature for 7 days', 'featured_salon', 7, 20.00, 1, '2026-06-08 09:09:49', '2026-06-08 09:10:27'),
(9, 6, 'Homepage featured', 'homepage_featured', 30, 20.00, 1, '2026-06-13 05:44:15', '2026-06-13 05:44:15'),
(10, 7, 'Homepage Featured', 'homepage_featured', 7, 20.00, 1, '2026-06-25 07:42:39', '2026-06-25 07:42:44'),
(16, 3, 'Featured Pro (30 Days)', 'featured_provider', 30, 25.00, 1, '2026-08-23 03:14:41', '2026-08-23 03:14:41'),
(15, 3, 'Featured Pro (7 Days)', 'featured_provider', 7, 10.00, 1, '2026-08-23 03:14:41', '2026-08-23 03:14:41'),
(13, 10, 'Feature for 7 days', 'featured_product', 7, 5.00, 1, '2026-07-10 08:47:58', '2026-07-10 08:47:58'),
(14, 10, 'Featured  30 day', 'featured_product', 30, 20.00, 1, '2026-07-10 08:48:54', '2026-07-10 08:48:54');

-- --------------------------------------------------------

--
-- Table structure for table `providers`
--

CREATE TABLE IF NOT EXISTS `providers` (
  `id` bigint UNSIGNED NOT NULL AUTO_INCREMENT,
  `user_id` bigint UNSIGNED NOT NULL,
  `module_id` bigint UNSIGNED NOT NULL,
  `business_name` varchar(191) COLLATE utf8mb4_unicode_ci DEFAULT NULL,
  `slug` varchar(191) COLLATE utf8mb4_unicode_ci DEFAULT NULL,
  `phone` varchar(191) COLLATE utf8mb4_unicode_ci DEFAULT NULL,
  `city` varchar(191) COLLATE utf8mb4_unicode_ci DEFAULT NULL,
  `address` varchar(191) COLLATE utf8mb4_unicode_ci DEFAULT NULL,
  `lat` decimal(10,7) DEFAULT NULL,
  `lng` decimal(10,7) DEFAULT NULL,
  `bio` text COLLATE utf8mb4_unicode_ci,
  `ec_shipping_policy` text COLLATE utf8mb4_unicode_ci,
  `ec_return_policy` text COLLATE utf8mb4_unicode_ci,
  `ec_cod_enabled` tinyint(1) NOT NULL DEFAULT '0',
  `ec_delivery_type` varchar(191) COLLATE utf8mb4_unicode_ci NOT NULL DEFAULT 'free',
  `ec_delivery_charge` decimal(10,2) NOT NULL DEFAULT '0.00',
  `ec_free_delivery_above` decimal(10,2) NOT NULL DEFAULT '0.00',
  `ec_business_currency` varchar(3) COLLATE utf8mb4_unicode_ci DEFAULT NULL,
  `ss_home_service_enabled` tinyint(1) NOT NULL DEFAULT '0',
  `ss_home_service_radius_km` int UNSIGNED NOT NULL DEFAULT '10',
  `ss_gender_type` enum('unisex','male_only','female_only') COLLATE utf8mb4_unicode_ci NOT NULL DEFAULT 'unisex',
  `certifications` json DEFAULT NULL,
  `status` varchar(50) COLLATE utf8mb4_unicode_ci NOT NULL DEFAULT 'active',
  `currency_code` varchar(3) COLLATE utf8mb4_unicode_ci DEFAULT NULL,
  `rejection_reason` text COLLATE utf8mb4_unicode_ci,
  `approved_at` timestamp NULL DEFAULT NULL,
  `verified` tinyint(1) NOT NULL DEFAULT '0',
  `created_at` timestamp NULL DEFAULT NULL,
  `updated_at` timestamp NULL DEFAULT NULL,
  `approved_by` bigint UNSIGNED DEFAULT NULL,
  `avg_rating` decimal(3,2) NOT NULL DEFAULT '0.00',
  `total_reviews` int UNSIGNED NOT NULL DEFAULT '0',
  `slot_duration_mins` int DEFAULT NULL,
  `service_areas` json DEFAULT NULL,
  PRIMARY KEY (`id`),
  UNIQUE KEY `providers_user_module_unique` (`user_id`,`module_id`),
  UNIQUE KEY `providers_slug_unique` (`slug`),
  KEY `providers_approved_by_foreign` (`approved_by`),
  KEY `providers_status_index` (`status`),
  KEY `providers_module_id_foreign` (`module_id`)
) ENGINE=MyISAM AUTO_INCREMENT=31 DEFAULT CHARSET=utf8mb4 COLLATE=utf8mb4_unicode_ci;

--
-- Dumping data for table `providers`
--

INSERT INTO `providers` (`id`, `user_id`, `module_id`, `business_name`, `slug`, `phone`, `city`, `address`, `lat`, `lng`, `bio`, `ec_shipping_policy`, `ec_return_policy`, `ec_cod_enabled`, `ec_delivery_type`, `ec_delivery_charge`, `ec_free_delivery_above`, `ec_business_currency`, `ss_home_service_enabled`, `ss_home_service_radius_km`, `ss_gender_type`, `certifications`, `status`, `currency_code`, `rejection_reason`, `approved_at`, `verified`, `created_at`, `updated_at`, `approved_by`, `avg_rating`, `total_reviews`, `slot_duration_mins`, `service_areas`) VALUES
(1, 6, 3, 'Hometech service 2', 'hometech-service-ho-7jiX', '917458965856', 'chandigarh', 'Gulmohar Road', 30.7300178, 76.6383398, NULL, NULL, NULL, 0, 'free', 0.00, 0.00, NULL, 0, 10, 'unisex', NULL, 'active', 'USD', NULL, '2026-05-02 01:20:16', 0, '2026-04-27 12:19:51', '2026-08-23 03:02:19', 1, 3.67, 3, 60, NULL),
(2, 6, 1, 'Classidied bizz', 'classidied-bizz-cla-glMW', '912569854854', 'Kharar', 'Gulmohar Road chandgarh', 30.7094601, 76.6980532, NULL, NULL, NULL, 0, 'free', 0.00, 0.00, NULL, 0, 10, 'unisex', NULL, 'active', 'USD', NULL, '2026-04-30 00:22:34', 0, '2026-04-28 12:21:24', '2026-08-23 02:12:24', 1, 0.00, 0, NULL, NULL),
(3, 6, 2, 'RealTech', 'realtech-rea-fHn2', '91458952652', 'chandgarh', 'chandigarh', 30.7334421, 76.7797143, 'realtech', NULL, NULL, 0, 'free', 0.00, 0.00, NULL, 0, 10, 'unisex', NULL, 'active', 'USD', NULL, '2026-06-01 05:16:39', 0, '2026-06-01 05:15:05', '2026-07-15 06:24:16', 1, 0.00, 0, 30, NULL),
(4, 6, 4, 'Dr walia', 'doctor-clinic-doc-LoJN', '9854856985', 'chandigarh', 'Sector 127, Kharar, Kharar Tahsil, Sahibzada Ajit Singh Nagar, Punjab, 140300, India', 30.7298524, 76.6386112, 'A pioneering cardiovascular and cardiothoracic surgeon with over 48,000 successful open-heart surgeries. He is the Chairman and Managing Director of Medanta - The Medicity in Gurugram, near Delhi/NCR', NULL, NULL, 0, 'free', 0.00, 0.00, NULL, 0, 10, 'unisex', NULL, 'active', 'USD', NULL, '2026-06-05 02:08:21', 0, '2026-06-05 02:08:03', '2026-07-15 06:24:16', 1, 4.00, 1, 15, NULL),
(5, 6, 5, 'CleverSalon1', 'cleversalon-sal-Tzxq', '919878787878', 'Chandigarh', 'Mohali kharar', 30.7549757, 76.6329054, 'Welcome to cleversalon, your destination for premium beauty and wellness services. We specialize in hair styling, hair coloring, skincare, makeup, nail care, and spa treatments. Our experienced professionals are dedicated to providing personalized services using high-quality products in a relaxing and hygienic environment. Whether you\'re preparing for a special occasion or looking for regular self-care, we are committed to helping you look and feel your best. Customer satisfaction, professionalism,', NULL, NULL, 0, 'free', 0.00, 0.00, NULL, 1, 10, 'unisex', NULL, 'active', 'USD', NULL, '2026-06-08 07:36:39', 0, '2026-06-08 07:06:47', '2026-07-15 06:24:16', 1, 4.00, 4, 15, NULL),
(6, 6, 6, 'Fitnex', 'fitnex-fit-zesL', NULL, 'Mohali', 'sector 88 , mohali  Punjab, 140114, India', 30.6805185, 76.6923969, NULL, NULL, NULL, 0, 'free', 0.00, 0.00, NULL, 0, 10, 'unisex', '[\"Yoga instructions\", \"Gym certification\"]', 'active', 'USD', NULL, '2026-06-10 07:36:16', 0, '2026-06-10 07:35:22', '2026-07-15 06:24:16', 1, 3.50, 2, 15, NULL),
(7, 6, 7, 'FastDelivery', 'fastdelivery-par-9Rv0', '298545895', 'Chandigarh', 'sector 17 chandigarh', 30.7367750, 76.6611297, 'We are good professionalWe are good professionalWe are good professionalWe are good professionalWe are good professionalWe are good professional', NULL, NULL, 0, 'free', 0.00, 0.00, NULL, 0, 10, 'unisex', NULL, 'active', 'USD', NULL, '2026-06-18 06:29:46', 0, '2026-06-18 06:29:18', '2026-07-21 11:32:16', 1, 3.00, 3, NULL, NULL),
(8, 6, 10, 'Fine Retailer', 'fine-retailer-eco-zlFO', '+9145845856', 'MOHALI', 'KHARAR', 30.7096323, 76.6704036, 'Bucks Sauce is a small-batch BBQ sauce brand built around bold flavor, real ingredients, and a sharper-than-usual food brand personality.', 'Shipping Policy Shipping PolicyShipping PolicyShipping PolicyShipping PolicyShipping PolicyShipping Policy', 'Return PolicyReturn PolicyReturn PolicyReturn PolicyReturn PolicyReturn PolicyReturn PolicyReturn PolicyReturn PolicyReturn PolicyReturn PolicyReturn PolicyReturn PolicyReturn PolicyReturn Policy', 1, 'free', 0.00, 0.00, NULL, 0, 10, 'unisex', NULL, 'active', 'USD', NULL, '2026-06-27 06:45:23', 0, '2026-06-27 06:34:01', '2026-08-21 07:26:47', 1, 4.20, 0, NULL, NULL),
(9, 1, 10, 'Koss, Gislason and Cruickshank (Punjab Store)', 'koss-gislason-and-cruickshank-punjab-store-HiUk4', '919581904106', 'Ludhiana', '91595 Goldner Mountains, Ludhiana, Punjab', 31.6329780, 75.8337610, NULL, NULL, NULL, 0, 'free', 0.00, 0.00, NULL, 0, 10, 'unisex', NULL, 'active', NULL, NULL, '2026-07-06 00:00:22', 1, '2026-07-06 00:00:22', '2026-07-06 00:00:22', NULL, 0.00, 0, NULL, NULL),
(10, 10, 10, 'Pouros Inc (Punjab Store)', 'pouros-inc-punjab-store-cNeXA', '919684249552', 'Ludhiana', '39393 Mallory Wall Suite 050, Ludhiana, Punjab', 31.4600030, 76.6909180, NULL, NULL, NULL, 0, 'free', 0.00, 0.00, NULL, 0, 10, 'unisex', NULL, 'active', NULL, NULL, '2026-07-06 00:01:06', 1, '2026-07-06 00:01:06', '2026-07-06 00:01:06', NULL, 0.00, 0, NULL, NULL),
(11, 11, 10, 'Goldner, Kshlerin and Cremin (Punjab Store)', 'goldner-kshlerin-and-cremin-punjab-store-bh06X', '919143350049', 'Amritsar', '20933 Wehner Village Suite 885, Amritsar, Punjab', 30.4119430, 76.0421580, NULL, NULL, NULL, 0, 'free', 0.00, 0.00, NULL, 0, 10, 'unisex', NULL, 'active', NULL, NULL, '2026-07-06 00:01:06', 1, '2026-07-06 00:01:06', '2026-07-06 00:01:06', NULL, 0.00, 0, NULL, NULL),
(12, 12, 10, 'Leffler, Strosin and Huel (Punjab Store)', 'leffler-strosin-and-huel-punjab-store-vLvXq', '919875942102', 'Jalandhar', '859 Nicolas Viaduct, Jalandhar, Punjab', 31.1472560, 75.0331400, NULL, NULL, NULL, 0, 'free', 0.00, 0.00, NULL, 0, 10, 'unisex', NULL, 'active', NULL, NULL, '2026-07-06 00:01:06', 1, '2026-07-06 00:01:06', '2026-07-06 00:01:06', NULL, 0.00, 0, NULL, NULL),
(13, 13, 10, 'Kuhic, Mraz and Hegmann (Punjab Store)', 'kuhic-mraz-and-hegmann-punjab-store-xSlkW', '919227664489', 'Patiala', '25688 Felix Underpass Apt. 735, Patiala, Punjab', 30.3378950, 74.5475930, NULL, NULL, NULL, 0, 'free', 0.00, 0.00, NULL, 0, 10, 'unisex', NULL, 'active', NULL, NULL, '2026-07-06 00:01:06', 1, '2026-07-06 00:01:06', '2026-07-06 00:01:06', NULL, 0.00, 0, NULL, NULL),
(14, 14, 10, 'Thiel-Legros (Punjab Store)', 'thiel-legros-punjab-store-ecGCA', '919139526293', 'Bathinda', '8902 O\'Connell Harbors Suite 083, Bathinda, Punjab', 31.6992870, 75.5709010, NULL, NULL, NULL, 0, 'free', 0.00, 0.00, NULL, 0, 10, 'unisex', NULL, 'active', NULL, NULL, '2026-07-06 00:01:06', 1, '2026-07-06 00:01:06', '2026-07-06 00:01:06', NULL, 0.00, 0, NULL, NULL),
(15, 15, 10, 'Haley-Windler (Punjab Store)', 'haley-windler-punjab-store-8APSV', '919524044239', 'Mohali', '939 Anastasia Harbors, Mohali, Punjab', 31.1881700, 76.5306510, NULL, NULL, NULL, 0, 'free', 0.00, 0.00, NULL, 0, 10, 'unisex', NULL, 'active', NULL, NULL, '2026-07-06 00:01:07', 1, '2026-07-06 00:01:07', '2026-07-06 00:01:07', NULL, 0.00, 0, NULL, NULL),
(16, 16, 10, 'Boyle, Swaniawski and Bauch (Punjab Store)', 'boyle-swaniawski-and-bauch-punjab-store-MxZja', '919567449707', 'Hoshiarpur', '9803 Virginie Skyway, Hoshiarpur, Punjab', 31.2708590, 75.3959160, NULL, NULL, NULL, 0, 'free', 0.00, 0.00, NULL, 0, 10, 'unisex', NULL, 'active', NULL, NULL, '2026-07-06 00:01:07', 1, '2026-07-06 00:01:07', '2026-07-06 00:01:07', NULL, 0.00, 0, NULL, NULL),
(17, 17, 10, 'King, Lemke and Marquardt (Punjab Store)', 'king-lemke-and-marquardt-punjab-store-8hbYV', '919355944573', 'Batala', '4209 Abigayle Rapids Suite 818, Batala, Punjab', 30.9433040, 75.3261790, NULL, NULL, NULL, 0, 'free', 0.00, 0.00, NULL, 0, 10, 'unisex', NULL, 'active', NULL, NULL, '2026-07-06 00:01:07', 1, '2026-07-06 00:01:07', '2026-07-06 00:01:07', NULL, 0.00, 0, NULL, NULL),
(18, 18, 10, 'Russel, Dickinson and Skiles (Punjab Store)', 'russel-dickinson-and-skiles-punjab-store-1ZwCW', '919765934416', 'Pathankot', '67105 Mariana Square, Pathankot, Punjab', 31.9373160, 76.1653050, NULL, NULL, NULL, 0, 'free', 0.00, 0.00, NULL, 0, 10, 'unisex', NULL, 'active', NULL, NULL, '2026-07-06 00:01:07', 1, '2026-07-06 00:01:07', '2026-07-06 00:01:07', NULL, 0.00, 0, NULL, NULL),
(19, 19, 10, 'Williamson, Cormier and Von (Punjab Store)', 'williamson-cormier-and-von-punjab-store-XQ8W9', '919459096204', 'Moga', '8643 Pagac Plaza, Moga, Punjab', 30.9702300, 75.8391620, NULL, NULL, NULL, 0, 'free', 0.00, 0.00, NULL, 0, 10, 'unisex', NULL, 'active', NULL, NULL, '2026-07-06 00:01:07', 1, '2026-07-06 00:01:07', '2026-07-06 00:01:07', NULL, 0.00, 0, NULL, NULL),
(20, 25, 1, 'test', 'test-cla-jGcL', '+33677824359', 'Kharar', 'Gulmohar Road', 30.7300399, 76.6385812, NULL, NULL, NULL, 0, 'free', 0.00, 0.00, NULL, 0, 10, 'unisex', NULL, 'pending', 'USD', NULL, NULL, 0, '2026-07-22 04:38:33', '2026-07-22 04:38:33', NULL, 0.00, 0, NULL, NULL),
(21, 29, 1, 'ClassiBuzz', 'classibuzz-cla-4Qxr', '985658965', 'kharar', 'Gillco Valley kharar', 30.7297575, 76.6432899, 'classified provider description is a short text in an online ad or directory that explains who the service provider is, what work they do, and how customers can contact them. It helps users quickly understand the company\'s offers, rates, and service', NULL, NULL, 0, 'free', 0.00, 0.00, NULL, 0, 10, 'unisex', NULL, 'active', 'USD', NULL, '2026-08-06 04:53:22', 0, '2026-08-06 04:49:34', '2026-08-06 04:53:22', 1, 0.00, 0, NULL, NULL),
(22, 29, 2, 'RealGear', 'realgear-rea-v5Bm', '69584585458', 'Kharar', 'SCO 15, Gillco valley Kharar', 30.7387226, 76.6550577, 'A real estate demo description can mean a property listing for a home walk-through or an overview of real estate software (CRM)', NULL, NULL, 0, 'free', 0.00, 0.00, NULL, 0, 10, 'unisex', NULL, 'active', 'USD', NULL, '2026-08-13 07:21:15', 0, '2026-08-13 07:18:34', '2026-08-13 09:06:03', 1, 0.00, 0, 60, NULL),
(23, 33, 2, 'LandGean', 'landgean-rea-CX7N', '9874585474', 'Kharar', 'landra road , Mohali', 30.7276561, 76.6496517, '\"At Autotho Real Estate, we believe that finding a property is more than just a transaction—it is about finding a place to call home or building a foundation for your business. With years of market expertise, our dedicated team provides personalized guidance, transparent dealings, and an extensive portfolio of properties. Whether you are buying your first apartment, expanding your commercial footprint, or seeking property management services, Autotho Real Estate delivers excellence at every', NULL, NULL, 0, 'free', 0.00, 0.00, NULL, 0, 10, 'unisex', NULL, 'active', 'USD', NULL, '2026-08-14 06:58:16', 0, '2026-08-14 06:57:44', '2026-08-14 07:45:32', 1, 0.00, 0, NULL, NULL),
(24, 33, 1, 'classs1', 'classs1-cla-r3mj', '9874585474', 'kharar', 'landra', 30.7301816, 76.6389407, 'bussidfs fkosdfsd', NULL, NULL, 0, 'free', 0.00, 0.00, NULL, 0, 10, 'unisex', NULL, 'active', 'USD', NULL, '2026-08-14 07:48:25', 0, '2026-08-14 07:47:18', '2026-08-14 07:48:25', 1, 0.00, 0, NULL, NULL),
(25, 33, 3, 'trueValue', 'truevalue-hom-7VQx', '9874585474', 'Kharar', 'KHARAR', 30.7488437, 76.6428994, 'Upload any professional certificates, business licenses, registration documents, or achievements to display on your profile (optional).', NULL, NULL, 0, 'free', 0.00, 0.00, NULL, 0, 10, 'unisex', NULL, 'active', 'USD', NULL, '2026-08-14 13:14:57', 0, '2026-08-14 13:02:08', '2026-08-14 13:41:34', 1, 4.00, 1, 60, NULL),
(26, 33, 4, 'Dr Rajan', 'dr-rajan-doc-KR4a', '9874585474', 'kharar', 'kubra chauk, mohali', 30.7274815, 76.6781323, 'Premium Doctors Data city wise — Doctors Database type Dentist, Allergist, Cardiologist, Neurologist, Surgeon etc. Free Sample Database. Whatsapp Active Database. Data Updated BiWeekly. 10yrs in business. Data as per business need. Last Updated Jan 2026. filtered segmented data. 90%+ Accuracy Maintained.', NULL, NULL, 0, 'free', 0.00, 0.00, NULL, 0, 10, 'unisex', '[\"MD\"]', 'active', 'USD', NULL, '2026-08-17 07:38:05', 0, '2026-08-17 07:24:06', '2026-08-22 09:19:10', 1, 5.00, 1, 30, NULL),
(27, 33, 5, 'UnisexCut', 'unisexcut-sal-U6PR', '9874585474', 'kharar', 'Gillco vally', 30.7293162, 76.6400449, 'Upload any professional certificates, business licenses, registration documents, or achievements to display on your profile (optional).', NULL, NULL, 0, 'free', 0.00, 0.00, NULL, 0, 10, 'unisex', NULL, 'active', 'USD', NULL, '2026-08-17 12:41:38', 0, '2026-08-17 12:40:49', '2026-08-17 13:33:50', 1, 5.00, 1, 15, NULL),
(28, 33, 6, 'FitterNest', 'fitternest-fit-1aXl', '9874585474', 'mohali', 'chanidarh mohali road', 30.7300171, 76.6487087, 'Upload any professional certificates, business licenses, registration documents, or achievements to display on your profile (optional).', NULL, NULL, 0, 'free', 0.00, 0.00, NULL, 0, 10, 'unisex', NULL, 'active', 'USD', NULL, '2026-08-18 06:34:17', 0, '2026-08-18 06:33:42', '2026-08-18 07:17:05', 1, 4.50, 2, 60, NULL),
(29, 33, 7, 'ParcelExpert', 'parcelexpert-par-P0YW', '9874585474', 'Mohali', '34, db2 Mohali', 30.7286522, 76.6563513, 'Upload any professional certificates, business licenses, registration documents, or achievements to display on your profile (optional).', NULL, NULL, 0, 'free', 0.00, 0.00, NULL, 0, 10, 'unisex', NULL, 'active', 'USD', NULL, '2026-08-18 11:53:09', 0, '2026-08-18 11:52:11', '2026-08-19 04:12:34', 1, 3.00, 1, NULL, NULL),
(30, 33, 10, 'RetailTech', 'retailtech-eco-YXV6', '9874585474', 'Mohali', '365, 3B2, Moahli', 30.7122643, 76.7113983, 'Upload any professional certificates, business licenses, registration documents, or achievements to display on your profile (optional).', 'only return', 'Upload any professional certificates, business licenses, registration documents, or achievements to display on your profile (optional).', 1, 'free_above', 5.00, 500.00, NULL, 0, 10, 'unisex', NULL, 'active', 'USD', NULL, '2026-08-20 07:20:45', 0, '2026-08-20 07:20:19', '2026-08-21 08:03:49', 1, 0.00, 0, NULL, NULL);

-- --------------------------------------------------------

--
-- Table structure for table `provider_availabilities`
--

CREATE TABLE IF NOT EXISTS `provider_availabilities` (
  `id` bigint UNSIGNED NOT NULL AUTO_INCREMENT,
  `module_id` bigint UNSIGNED DEFAULT NULL,
  `provider_id` bigint UNSIGNED NOT NULL,
  `day_of_week` tinyint NOT NULL,
  `start_time` time NOT NULL,
  `end_time` time NOT NULL,
  `is_active` tinyint(1) NOT NULL DEFAULT '1',
  `created_at` timestamp NULL DEFAULT NULL,
  `updated_at` timestamp NULL DEFAULT NULL,
  PRIMARY KEY (`id`),
  KEY `hs_availability_provider_id_day_of_week_index` (`provider_id`,`day_of_week`),
  KEY `provider_availabilities_module_id_foreign` (`module_id`)
) ENGINE=MyISAM AUTO_INCREMENT=73 DEFAULT CHARSET=utf8mb4 COLLATE=utf8mb4_unicode_ci;

--
-- Dumping data for table `provider_availabilities`
--

INSERT INTO `provider_availabilities` (`id`, `module_id`, `provider_id`, `day_of_week`, `start_time`, `end_time`, `is_active`, `created_at`, `updated_at`) VALUES
(12, 3, 1, 6, '09:00:00', '13:01:00', 1, '2026-06-04 00:21:38', '2026-06-04 00:21:38'),
(11, 3, 1, 5, '09:00:00', '18:00:00', 1, '2026-06-04 00:21:38', '2026-06-04 00:21:38'),
(10, 3, 1, 4, '09:00:00', '18:00:00', 1, '2026-06-04 00:21:38', '2026-06-04 00:21:38'),
(9, 3, 1, 3, '09:00:00', '18:00:00', 1, '2026-06-04 00:21:38', '2026-06-04 00:21:38'),
(8, 3, 1, 2, '09:00:00', '18:00:00', 1, '2026-06-04 00:21:38', '2026-06-04 00:21:38'),
(7, 3, 1, 1, '09:00:00', '18:00:00', 1, '2026-06-04 00:21:38', '2026-06-04 00:21:38'),
(13, 2, 3, 1, '09:00:00', '18:00:00', 1, '2026-06-04 00:27:59', '2026-06-04 00:27:59'),
(14, 2, 3, 2, '09:00:00', '18:00:00', 1, '2026-06-04 00:27:59', '2026-06-04 00:27:59'),
(15, 2, 3, 3, '09:00:00', '18:00:00', 1, '2026-06-04 00:27:59', '2026-06-04 00:27:59'),
(16, 2, 3, 4, '09:00:00', '18:00:00', 1, '2026-06-04 00:27:59', '2026-06-04 00:27:59'),
(17, 2, 3, 5, '09:00:00', '18:00:00', 1, '2026-06-04 00:27:59', '2026-06-04 00:27:59'),
(18, 2, 3, 6, '09:00:00', '18:00:00', 1, '2026-06-04 00:27:59', '2026-06-04 00:27:59'),
(19, 4, 4, 1, '09:00:00', '17:00:00', 1, '2026-06-05 03:01:37', '2026-06-05 03:01:37'),
(20, 4, 4, 2, '09:00:00', '17:00:00', 1, '2026-06-05 03:01:37', '2026-06-05 03:01:37'),
(21, 4, 4, 3, '09:00:00', '17:00:00', 1, '2026-06-05 03:01:37', '2026-06-05 03:01:37'),
(22, 4, 4, 4, '09:00:00', '17:00:00', 1, '2026-06-05 03:01:37', '2026-06-05 03:01:37'),
(23, 4, 4, 5, '09:00:00', '17:00:00', 1, '2026-06-05 03:01:37', '2026-06-05 03:01:37'),
(24, 4, 4, 6, '09:00:00', '14:00:00', 1, '2026-06-05 03:01:37', '2026-06-05 03:01:37'),
(25, 5, 5, 1, '09:00:00', '18:00:00', 1, '2026-06-08 07:48:33', '2026-06-08 07:48:33'),
(26, 5, 5, 2, '09:00:00', '18:00:00', 1, '2026-06-08 07:48:33', '2026-06-08 07:48:33'),
(27, 5, 5, 3, '09:00:00', '18:00:00', 1, '2026-06-08 07:48:33', '2026-06-08 07:48:33'),
(28, 5, 5, 4, '09:00:00', '18:00:00', 1, '2026-06-08 07:48:33', '2026-06-08 07:48:33'),
(29, 5, 5, 5, '09:00:00', '18:00:00', 1, '2026-06-08 07:48:33', '2026-06-08 07:48:33'),
(30, 5, 5, 6, '09:00:00', '18:00:00', 1, '2026-06-08 07:48:33', '2026-06-08 07:48:33'),
(40, 6, 6, 5, '09:00:00', '18:00:00', 1, '2026-06-10 08:25:40', '2026-06-10 08:25:40'),
(39, 6, 6, 4, '09:00:00', '18:00:00', 1, '2026-06-10 08:25:40', '2026-06-10 08:25:40'),
(38, 6, 6, 3, '09:00:00', '18:00:00', 1, '2026-06-10 08:25:40', '2026-06-10 08:25:40'),
(37, 6, 6, 2, '09:00:00', '18:00:00', 1, '2026-06-10 08:25:40', '2026-06-10 08:25:40'),
(36, 6, 6, 1, '09:00:00', '18:00:00', 1, '2026-06-10 08:25:40', '2026-06-10 08:25:40'),
(41, 2, 22, 1, '09:00:00', '18:00:00', 1, '2026-08-13 09:06:03', '2026-08-13 09:06:03'),
(42, 2, 22, 2, '09:00:00', '18:00:00', 1, '2026-08-13 09:06:03', '2026-08-13 09:06:03'),
(43, 2, 22, 3, '09:00:00', '18:00:00', 1, '2026-08-13 09:06:03', '2026-08-13 09:06:03'),
(44, 2, 22, 4, '09:00:00', '18:00:00', 1, '2026-08-13 09:06:03', '2026-08-13 09:06:03'),
(45, 2, 22, 5, '09:00:00', '18:00:00', 1, '2026-08-13 09:06:03', '2026-08-13 09:06:03'),
(46, 2, 22, 6, '09:00:00', '18:00:00', 1, '2026-08-13 09:06:03', '2026-08-13 09:06:03'),
(47, 3, 25, 1, '09:00:00', '18:00:00', 1, '2026-08-14 13:18:09', '2026-08-14 13:18:09'),
(48, 3, 25, 2, '09:00:00', '18:00:00', 1, '2026-08-14 13:18:09', '2026-08-14 13:18:09'),
(49, 3, 25, 3, '09:00:00', '18:00:00', 1, '2026-08-14 13:18:09', '2026-08-14 13:18:09'),
(50, 3, 25, 4, '09:00:00', '18:00:00', 1, '2026-08-14 13:18:09', '2026-08-14 13:18:09'),
(51, 3, 25, 5, '09:00:00', '18:00:00', 1, '2026-08-14 13:18:09', '2026-08-14 13:18:09'),
(52, 3, 25, 6, '09:00:00', '18:00:00', 1, '2026-08-14 13:18:09', '2026-08-14 13:18:09'),
(53, 4, 26, 1, '09:00:00', '17:00:00', 1, '2026-08-17 07:41:50', '2026-08-17 07:41:50'),
(54, 4, 26, 2, '09:00:00', '17:00:00', 1, '2026-08-17 07:41:50', '2026-08-17 07:41:50'),
(55, 4, 26, 3, '09:00:00', '17:00:00', 1, '2026-08-17 07:41:50', '2026-08-17 07:41:50'),
(56, 4, 26, 4, '09:00:00', '17:00:00', 1, '2026-08-17 07:41:50', '2026-08-17 07:41:50'),
(57, 4, 26, 5, '09:00:00', '17:00:00', 1, '2026-08-17 07:41:50', '2026-08-17 07:41:50'),
(58, 4, 26, 6, '09:00:00', '17:00:00', 1, '2026-08-17 07:41:50', '2026-08-17 07:41:50'),
(59, 5, 27, 0, '09:00:00', '18:00:00', 1, '2026-08-17 12:47:14', '2026-08-17 12:47:14'),
(60, 5, 27, 1, '09:00:00', '18:00:00', 1, '2026-08-17 12:47:14', '2026-08-17 12:47:14'),
(61, 5, 27, 2, '09:00:00', '18:00:00', 1, '2026-08-17 12:47:14', '2026-08-17 12:47:14'),
(62, 5, 27, 3, '09:00:00', '18:00:00', 1, '2026-08-17 12:47:14', '2026-08-17 12:47:14'),
(63, 5, 27, 4, '09:00:00', '18:00:00', 1, '2026-08-17 12:47:14', '2026-08-17 12:47:14'),
(64, 5, 27, 5, '09:00:00', '18:00:00', 1, '2026-08-17 12:47:14', '2026-08-17 12:47:14'),
(65, 5, 27, 6, '09:00:00', '14:00:00', 1, '2026-08-17 12:47:14', '2026-08-17 12:47:14'),
(66, 6, 28, 0, '09:00:00', '18:00:00', 1, '2026-08-18 06:42:53', '2026-08-18 06:42:53'),
(67, 6, 28, 1, '09:00:00', '18:00:00', 1, '2026-08-18 06:42:53', '2026-08-18 06:42:53'),
(68, 6, 28, 2, '09:00:00', '18:00:00', 1, '2026-08-18 06:42:53', '2026-08-18 06:42:53'),
(69, 6, 28, 3, '09:00:00', '18:00:00', 1, '2026-08-18 06:42:53', '2026-08-18 06:42:53'),
(70, 6, 28, 4, '09:00:00', '18:00:00', 1, '2026-08-18 06:42:53', '2026-08-18 06:42:53'),
(71, 6, 28, 5, '09:00:00', '18:00:00', 1, '2026-08-18 06:42:53', '2026-08-18 06:42:53'),
(72, 6, 28, 6, '09:00:00', '18:00:00', 1, '2026-08-18 06:42:53', '2026-08-18 06:42:53');

-- --------------------------------------------------------

--
-- Table structure for table `provider_payouts`
--

CREATE TABLE IF NOT EXISTS `provider_payouts` (
  `id` bigint UNSIGNED NOT NULL AUTO_INCREMENT,
  `provider_id` bigint UNSIGNED NOT NULL,
  `module` varchar(191) COLLATE utf8mb4_unicode_ci NOT NULL,
  `module_id` bigint UNSIGNED DEFAULT NULL,
  `amount` decimal(12,2) NOT NULL DEFAULT '0.00' COMMENT 'Net payout amount requested',
  `method` varchar(191) COLLATE utf8mb4_unicode_ci DEFAULT NULL COMMENT 'bank_transfer | upi | cheque | wallet',
  `notes` text COLLATE utf8mb4_unicode_ci,
  `requested_at` timestamp NULL DEFAULT NULL,
  `processed_at` timestamp NULL DEFAULT NULL,
  `rejection_reason` varchar(191) COLLATE utf8mb4_unicode_ci DEFAULT NULL,
  `processed_by` bigint UNSIGNED DEFAULT NULL,
  `gross_amount` decimal(10,2) NOT NULL,
  `commission` decimal(10,2) NOT NULL,
  `net_amount` decimal(10,2) NOT NULL,
  `status` enum('pending','paid') COLLATE utf8mb4_unicode_ci NOT NULL DEFAULT 'pending',
  `paid_at` timestamp NULL DEFAULT NULL,
  `created_at` timestamp NULL DEFAULT NULL,
  `updated_at` timestamp NULL DEFAULT NULL,
  PRIMARY KEY (`id`),
  KEY `provider_payouts_provider_id_foreign` (`provider_id`),
  KEY `provider_payouts_module_id_foreign` (`module_id`),
  KEY `provider_payouts_processed_by_foreign` (`processed_by`)
) ENGINE=MyISAM AUTO_INCREMENT=6 DEFAULT CHARSET=utf8mb4 COLLATE=utf8mb4_unicode_ci;

--
-- Dumping data for table `provider_payouts`
--

INSERT INTO `provider_payouts` (`id`, `provider_id`, `module`, `module_id`, `amount`, `method`, `notes`, `requested_at`, `processed_at`, `rejection_reason`, `processed_by`, `gross_amount`, `commission`, `net_amount`, `status`, `paid_at`, `created_at`, `updated_at`) VALUES
(4, 1, 'all', NULL, 260.00, 'bank_transfer', NULL, '2026-05-28 05:42:25', '2026-05-28 05:43:09', NULL, 1, 260.00, 0.00, 260.00, 'paid', '2026-05-28 05:43:09', '2026-05-28 05:42:25', '2026-05-28 05:43:09'),
(3, 1, 'all', NULL, 180.00, 'bank_transfer', NULL, '2026-05-28 05:28:05', '2026-05-28 05:28:54', NULL, 1, 180.00, 0.00, 180.00, 'paid', '2026-05-28 05:28:54', '2026-05-28 05:28:05', '2026-05-28 05:28:54'),
(5, 1, 'all', NULL, 104.41, 'bank_transfer', 'test', '2026-06-03 04:07:03', '2026-06-03 04:07:42', NULL, 1, 104.41, 0.00, 104.41, 'paid', '2026-06-03 04:07:42', '2026-06-03 04:07:03', '2026-06-03 04:07:42');

-- --------------------------------------------------------

--
-- Table structure for table `provider_rating_summaries`
--

CREATE TABLE IF NOT EXISTS `provider_rating_summaries` (
  `id` bigint UNSIGNED NOT NULL AUTO_INCREMENT,
  `provider_id` bigint UNSIGNED NOT NULL,
  `module_id` bigint UNSIGNED DEFAULT NULL,
  `module` varchar(191) COLLATE utf8mb4_unicode_ci NOT NULL,
  `total_reviews` int NOT NULL DEFAULT '0',
  `total_stars` int NOT NULL DEFAULT '0',
  `average_rating` decimal(3,2) NOT NULL DEFAULT '0.00',
  `five_star_count` int NOT NULL DEFAULT '0',
  `four_star_count` int NOT NULL DEFAULT '0',
  `three_star_count` int NOT NULL DEFAULT '0',
  `two_star_count` int NOT NULL DEFAULT '0',
  `one_star_count` int NOT NULL DEFAULT '0',
  `created_at` timestamp NULL DEFAULT NULL,
  `updated_at` timestamp NULL DEFAULT NULL,
  PRIMARY KEY (`id`),
  KEY `provider_rating_summaries_provider_id_foreign` (`provider_id`),
  KEY `provider_rating_summaries_module_index` (`module`),
  KEY `provider_rating_summaries_module_id_foreign` (`module_id`)
) ENGINE=MyISAM AUTO_INCREMENT=16 DEFAULT CHARSET=utf8mb4 COLLATE=utf8mb4_unicode_ci;

--
-- Dumping data for table `provider_rating_summaries`
--

INSERT INTO `provider_rating_summaries` (`id`, `provider_id`, `module_id`, `module`, `total_reviews`, `total_stars`, `average_rating`, `five_star_count`, `four_star_count`, `three_star_count`, `two_star_count`, `one_star_count`, `created_at`, `updated_at`) VALUES
(1, 6, NULL, 'fitness_trainer', 5, 18, 3.60, 1, 2, 1, 1, 0, '2026-05-09 06:20:54', '2026-06-11 07:29:10'),
(2, 3, NULL, 'real_estate', 3, 14, 4.67, 2, 1, 0, 0, 0, '2026-06-01 13:50:03', '2026-06-04 05:35:19'),
(3, 4, NULL, 'doctor_appointment', 1, 4, 4.00, 0, 1, 0, 0, 0, '2026-06-05 05:40:51', '2026-06-05 05:40:51'),
(4, 5, NULL, 'salon_spa', 4, 16, 4.00, 1, 2, 1, 0, 0, '2026-06-08 08:19:17', '2026-07-15 05:52:37'),
(5, 7, NULL, 'parcel_delivery', 3, 9, 3.00, 0, 1, 1, 1, 0, '2026-06-25 03:41:01', '2026-07-21 11:32:16'),
(6, 8, NULL, 'ecommerce', 7, 27, 3.86, 1, 4, 2, 0, 0, '2026-07-04 08:25:20', '2026-07-15 06:20:03'),
(7, 8, 10, 'ECommerce', 7, 27, 3.90, 1, 4, 2, 0, 0, '2026-07-04 08:25:20', '2026-07-15 06:20:03'),
(8, 22, NULL, 'real_estate', 1, 4, 4.00, 0, 1, 0, 0, 0, '2026-08-13 09:08:02', '2026-08-13 09:08:02'),
(9, 25, NULL, 'home_services', 1, 4, 4.00, 0, 1, 0, 0, 0, '2026-08-14 13:41:34', '2026-08-14 13:41:34'),
(10, 26, NULL, 'doctor_appointment', 1, 5, 5.00, 1, 0, 0, 0, 0, '2026-08-17 08:09:08', '2026-08-17 08:09:08'),
(11, 27, NULL, 'salon_spa', 1, 5, 5.00, 1, 0, 0, 0, 0, '2026-08-17 13:21:44', '2026-08-17 13:21:44'),
(12, 28, NULL, 'fitness_trainer', 2, 9, 4.50, 1, 1, 0, 0, 0, '2026-08-18 06:57:37', '2026-08-18 06:58:11'),
(13, 29, NULL, 'parcel_delivery', 1, 3, 3.00, 0, 0, 1, 0, 0, '2026-08-19 04:01:00', '2026-08-19 04:01:00'),
(14, 30, NULL, 'ecommerce', 2, 8, 4.00, 1, 0, 1, 0, 0, '2026-08-21 04:06:36', '2026-08-21 07:34:42'),
(15, 30, 10, 'ECommerce', 2, 8, 4.00, 1, 0, 1, 0, 0, '2026-08-21 04:06:36', '2026-08-21 07:34:42');

-- --------------------------------------------------------

--
-- Table structure for table `provider_staff`
--

CREATE TABLE IF NOT EXISTS `provider_staff` (
  `id` bigint UNSIGNED NOT NULL AUTO_INCREMENT,
  `module_id` bigint UNSIGNED NOT NULL,
  `provider_id` bigint UNSIGNED NOT NULL,
  `user_id` bigint UNSIGNED NOT NULL,
  `status` enum('active','inactive') COLLATE utf8mb4_unicode_ci NOT NULL DEFAULT 'active',
  `vehicle_type` varchar(191) COLLATE utf8mb4_unicode_ci DEFAULT NULL,
  `vehicle_number` varchar(191) COLLATE utf8mb4_unicode_ci DEFAULT NULL,
  `created_at` timestamp NULL DEFAULT NULL,
  `updated_at` timestamp NULL DEFAULT NULL,
  PRIMARY KEY (`id`),
  KEY `provider_staff_module_id_foreign` (`module_id`),
  KEY `provider_staff_provider_id_foreign` (`provider_id`),
  KEY `provider_staff_user_id_foreign` (`user_id`)
) ENGINE=MyISAM AUTO_INCREMENT=4 DEFAULT CHARSET=utf8mb4 COLLATE=utf8mb4_unicode_ci;

--
-- Dumping data for table `provider_staff`
--

INSERT INTO `provider_staff` (`id`, `module_id`, `provider_id`, `user_id`, `status`, `vehicle_type`, `vehicle_number`, `created_at`, `updated_at`) VALUES
(1, 3, 1, 8, 'active', NULL, NULL, '2026-05-14 01:23:49', '2026-05-14 01:23:49'),
(2, 7, 7, 9, 'active', 'Motorcycle', 'PB125896', '2026-06-19 02:54:10', '2026-06-19 02:54:10'),
(3, 7, 29, 34, 'active', 'Motorcycle', 'PB235265', '2026-08-19 02:59:07', '2026-08-19 02:59:07');

-- --------------------------------------------------------

--
-- Table structure for table `provider_wallets`
--

CREATE TABLE IF NOT EXISTS `provider_wallets` (
  `id` bigint UNSIGNED NOT NULL AUTO_INCREMENT,
  `provider_id` bigint UNSIGNED NOT NULL,
  `balance` decimal(12,2) NOT NULL DEFAULT '0.00',
  `commission_due` decimal(12,2) NOT NULL DEFAULT '0.00',
  `total_earnings` decimal(12,2) NOT NULL DEFAULT '0.00',
  `total_withdrawn` decimal(12,2) NOT NULL DEFAULT '0.00',
  `created_at` timestamp NULL DEFAULT NULL,
  `updated_at` timestamp NULL DEFAULT NULL,
  PRIMARY KEY (`id`),
  UNIQUE KEY `provider_wallets_provider_id_unique` (`provider_id`)
) ENGINE=MyISAM AUTO_INCREMENT=14 DEFAULT CHARSET=utf8mb4 COLLATE=utf8mb4_unicode_ci;

--
-- Dumping data for table `provider_wallets`
--

INSERT INTO `provider_wallets` (`id`, `provider_id`, `balance`, `commission_due`, `total_earnings`, `total_withdrawn`, `created_at`, `updated_at`) VALUES
(1, 2, 0.00, 0.00, 0.00, 0.00, '2026-05-28 04:49:18', '2026-05-28 04:49:18'),
(2, 1, 1155.79, 90.00, 4041.20, 544.41, '2026-05-28 04:51:23', '2026-08-23 03:36:13'),
(3, 4, 298.72, 5.00, 369.62, 0.00, '2026-06-05 05:21:42', '2026-08-04 06:28:08'),
(4, 5, 192.90, 0.00, 210.40, 0.00, '2026-06-08 08:16:04', '2026-08-04 06:59:38'),
(5, 6, 540.00, 66.00, 1258.00, 0.00, '2026-06-11 05:09:07', '2026-08-04 07:14:20'),
(6, 7, 304.17, 19.41, 574.33, 0.00, '2026-06-19 02:19:28', '2026-08-03 06:16:29'),
(7, 8, 143.10, 13.60, 295.00, 0.00, '2026-06-30 09:11:13', '2026-07-15 06:18:54'),
(8, 25, 21.60, 0.00, 28.60, 0.00, '2026-08-14 13:20:18', '2026-08-14 13:20:18'),
(9, 26, 65.00, 0.00, 105.00, 0.00, '2026-08-17 08:07:27', '2026-08-19 02:40:06'),
(10, 27, 10.80, 1.00, 23.60, 0.00, '2026-08-17 13:14:08', '2026-08-17 13:20:58'),
(11, 28, 43.20, 30.00, 347.20, 0.00, '2026-08-18 06:52:03', '2026-08-19 06:37:11'),
(12, 29, 10.80, 5.50, 148.33, 0.00, '2026-08-18 13:40:57', '2026-08-19 04:00:27'),
(13, 30, 900.00, 0.00, 1030.00, 0.00, '2026-08-20 09:41:13', '2026-08-21 06:46:38');

-- --------------------------------------------------------

--
-- Table structure for table `provider_wallet_transactions`
--

CREATE TABLE IF NOT EXISTS `provider_wallet_transactions` (
  `id` bigint UNSIGNED NOT NULL AUTO_INCREMENT,
  `provider_id` bigint UNSIGNED NOT NULL,
  `module_id` bigint UNSIGNED DEFAULT NULL,
  `module_slug` varchar(191) COLLATE utf8mb4_unicode_ci DEFAULT NULL,
  `reference_type` varchar(191) COLLATE utf8mb4_unicode_ci NOT NULL,
  `reference_id` bigint UNSIGNED NOT NULL,
  `total_amount` decimal(12,2) NOT NULL,
  `commission_amount` decimal(12,2) NOT NULL DEFAULT '0.00',
  `provider_amount` decimal(12,2) NOT NULL,
  `payment_method` varchar(191) COLLATE utf8mb4_unicode_ci NOT NULL DEFAULT 'cash',
  `transaction_type` enum('booking_earning','payout','refund','adjustment','commission_payment') COLLATE utf8mb4_unicode_ci NOT NULL DEFAULT 'booking_earning',
  `status` enum('completed','pending','failed') COLLATE utf8mb4_unicode_ci NOT NULL DEFAULT 'completed',
  `notes` text COLLATE utf8mb4_unicode_ci,
  `created_at` timestamp NULL DEFAULT NULL,
  `updated_at` timestamp NULL DEFAULT NULL,
  PRIMARY KEY (`id`),
  KEY `provider_wallet_transactions_module_id_foreign` (`module_id`),
  KEY `provider_wallet_transactions_reference_type_reference_id_index` (`reference_type`,`reference_id`),
  KEY `provider_wallet_transactions_provider_id_transaction_type_index` (`provider_id`,`transaction_type`),
  KEY `provider_wallet_transactions_provider_id_module_slug_index` (`provider_id`,`module_slug`),
  KEY `provider_wallet_transactions_module_slug_index` (`module_slug`)
) ENGINE=MyISAM AUTO_INCREMENT=107 DEFAULT CHARSET=utf8mb4 COLLATE=utf8mb4_unicode_ci;

--
-- Dumping data for table `provider_wallet_transactions`
--

INSERT INTO `provider_wallet_transactions` (`id`, `provider_id`, `module_id`, `module_slug`, `reference_type`, `reference_id`, `total_amount`, `commission_amount`, `provider_amount`, `payment_method`, `transaction_type`, `status`, `notes`, `created_at`, `updated_at`) VALUES
(1, 1, NULL, 'home_services', 'hs_booking', 16, 200.00, 20.00, 180.00, 'cash', 'booking_earning', 'completed', 'Booking #HS-SOQ2VEWW', '2026-05-28 04:51:23', '2026-05-28 04:51:23'),
(2, 1, NULL, 'home_services', 'hs_booking', 17, 200.00, 20.00, 180.00, 'online', 'booking_earning', 'completed', 'Booking #HS-XDAARGPI', '2026-05-28 04:54:24', '2026-05-28 04:54:24'),
(9, 1, NULL, 'home_services', 'hs_booking', 21, 200.00, 20.00, 180.00, 'cash', 'booking_earning', 'completed', 'Booking #HS-IVEWMT8E', '2026-05-28 05:30:03', '2026-05-28 05:30:03'),
(4, 1, NULL, 'home_services', 'hs_booking', 18, 200.00, 20.00, 180.00, 'cash', 'booking_earning', 'completed', 'Booking #HS-DWAZP1PS', '2026-05-28 05:08:17', '2026-05-28 05:08:17'),
(5, 1, NULL, 'home_services', 'hs_booking', 19, 200.00, 20.00, 180.00, 'cash', 'booking_earning', 'completed', 'Booking #HS-CYJYZK5G', '2026-05-28 05:14:07', '2026-05-28 05:25:21'),
(8, 1, NULL, 'all', 'provider_payout', 3, 180.00, 0.00, 180.00, 'bank_transfer', 'payout', 'completed', 'Payout approved by admin', '2026-05-28 05:28:54', '2026-05-28 05:28:54'),
(7, 1, NULL, 'home_services', 'hs_booking', 20, 200.00, 20.00, 180.00, 'cash', 'booking_earning', 'completed', 'Booking #HS-XXVUCL29', '2026-05-28 05:17:17', '2026-05-28 05:25:21'),
(10, 1, NULL, 'home_services', 'hs_booking', 22, 200.00, 20.00, 180.00, 'online', 'booking_earning', 'completed', 'Booking #HS-TDHTAIRA', '2026-05-28 05:32:07', '2026-05-28 05:32:07'),
(11, 1, NULL, 'home_services', 'hs_booking', 23, 200.00, 20.00, 180.00, 'online', 'booking_earning', 'completed', 'Booking #HS-60BQGJXR', '2026-05-28 05:41:47', '2026-05-28 05:41:47'),
(12, 1, NULL, 'all', 'commission_settlement', 2, 100.00, 100.00, 0.00, 'cash', 'commission_payment', 'completed', 'Commission settled on payout request (₹100 deducted from wallet)', '2026-05-28 05:42:25', '2026-05-28 05:42:25'),
(13, 1, NULL, 'all', 'provider_payout', 4, 260.00, 0.00, 260.00, 'bank_transfer', 'payout', 'completed', 'Payout approved by admin', '2026-05-28 05:43:09', '2026-05-28 05:43:09'),
(14, 1, NULL, 'home_services', 'hs_booking', 29, 500.00, 50.00, 450.00, 'online', 'booking_earning', 'completed', 'Booking #HS-JUKPNXNR', '2026-06-03 03:56:56', '2026-06-03 03:56:56'),
(15, 1, NULL, 'all', 'provider_payout', 5, 104.41, 0.00, 104.41, 'bank_transfer', 'payout', 'completed', 'Payout approved by admin', '2026-06-03 04:07:42', '2026-06-03 04:07:42'),
(16, 1, NULL, 'home_services', 'hs_booking', 30, 200.00, 20.00, 180.00, 'online', 'booking_earning', 'completed', 'Booking #HS-TO7F6ATA', '2026-06-04 00:26:38', '2026-06-04 00:26:38'),
(17, 4, NULL, 'doctor_appointment', 'da_appointment', 4, 50.00, 0.00, 50.00, 'online', 'booking_earning', 'completed', 'Appointment #DA-HWCTKN9H', '2026-06-05 05:21:42', '2026-06-05 05:21:42'),
(18, 5, NULL, 'salon_spa', 'ss_appointment', 1, 10.00, 0.00, 10.00, 'online', 'booking_earning', 'completed', 'Appointment #SS-PQIPNAWW', '2026-06-08 08:16:04', '2026-06-08 08:16:04'),
(19, 5, NULL, 'salon_spa', 'ss_appointment', 2, 40.00, 0.00, 40.00, 'online', 'booking_earning', 'completed', 'Appointment #SS-QJORFQ1T', '2026-06-08 08:33:50', '2026-06-08 08:33:50'),
(20, 5, NULL, 'salon_spa', 'ss_appointment', 4, 10.00, 0.00, 10.00, 'cash', 'booking_earning', 'completed', 'Appointment #SS-RLJAE70M', '2026-06-08 08:52:47', '2026-06-08 08:52:47'),
(21, 5, NULL, 'salon_spa', 'ss_appointment', 5, 40.00, 0.00, 40.00, 'online', 'booking_earning', 'completed', 'Appointment #SS-NCEBYRUG', '2026-06-09 02:56:17', '2026-06-09 02:56:17'),
(22, 5, NULL, 'salon_spa', 'ss_appointment', 6, 30.00, 0.00, 30.00, 'online', 'booking_earning', 'completed', 'Appointment #SS-3L4GL3S2', '2026-06-09 04:15:14', '2026-06-09 04:15:14'),
(23, 5, 5, 'SalonSpa', 'ss_appointment', 7, 10.00, 1.00, 9.00, 'online', 'booking_earning', 'completed', 'Appointment #SS-VOCJRVDD', '2026-06-09 04:21:29', '2026-06-09 04:21:29'),
(24, 4, NULL, 'doctor_appointment', 'da_appointment', 5, 50.00, 0.00, 50.00, 'online', 'booking_earning', 'completed', 'Appointment #DA-BV22ZYMU', '2026-06-09 04:27:34', '2026-06-09 04:27:34'),
(25, 4, 4, 'DoctorAppointment', 'da_appointment', 6, 50.00, 5.00, 45.00, 'online', 'booking_earning', 'completed', 'Appointment #DA-CZB5HJLX', '2026-06-09 04:34:51', '2026-06-09 04:34:51'),
(26, 4, 4, 'DoctorAppointment', 'da_appointment', 7, 50.00, 5.00, 45.00, 'online', 'booking_earning', 'completed', 'Appointment #DA-MPRNDGXN', '2026-06-09 04:41:33', '2026-06-09 04:41:33'),
(27, 6, 6, 'FitnessTrainer', 'ft_appointment', 7, 20.00, 2.00, 18.00, 'online', 'booking_earning', 'completed', 'FT Appointment #000007', '2026-06-11 05:09:07', '2026-06-11 05:09:07'),
(28, 6, 6, 'FitnessTrainer', 'ft_appointment', 11, 20.00, 2.00, 18.00, 'cash', 'booking_earning', 'completed', 'FT Appointment #000011', '2026-06-11 05:10:11', '2026-06-11 05:10:11'),
(29, 6, 6, 'FitnessTrainer', 'ft_appointment', 13, 100.00, 10.00, 90.00, 'cash', 'booking_earning', 'completed', 'FT Appointment #000013', '2026-06-11 05:12:51', '2026-06-11 05:12:51'),
(30, 6, 6, 'FitnessTrainer', 'ft_class_booking', 1, 70.00, 7.00, 63.00, 'online', 'booking_earning', 'completed', 'Group class booking: Yoga Batch', '2026-06-12 07:58:59', '2026-06-12 07:58:59'),
(31, 6, 6, 'FitnessTrainer', 'ft_class_booking', 3, 70.00, 7.00, 63.00, 'online', 'booking_earning', 'completed', 'Group class booking: Yoga Batch', '2026-06-12 07:58:59', '2026-06-12 07:58:59'),
(32, 6, 6, 'FitnessTrainer', 'ft_class_booking', 4, 70.00, 7.00, 63.00, 'online', 'booking_earning', 'completed', 'Group class booking: Yoga Batch', '2026-06-12 07:58:59', '2026-06-12 07:58:59'),
(33, 6, 6, 'FitnessTrainer', 'ft_class_booking', 5, 50.00, 5.00, 45.00, 'online', 'booking_earning', 'completed', 'Group class booking: Zumba Batch', '2026-06-12 07:58:59', '2026-06-12 07:58:59'),
(34, 6, 6, 'FitnessTrainer', 'ft_program_enrollment', 3, 100.00, 10.00, 90.00, 'online', 'booking_earning', 'completed', 'Program enrollment: Weight Loss Program', '2026-06-12 07:58:59', '2026-06-12 07:58:59'),
(35, 6, 6, 'FitnessTrainer', 'ft_program_enrollment', 4, 100.00, 10.00, 90.00, 'online', 'booking_earning', 'completed', 'Program enrollment: Muscle Gain Program', '2026-06-12 07:58:59', '2026-06-12 07:58:59'),
(36, 6, 6, 'FitnessTrainer', 'ft_program_enrollment', 5, 100.00, 10.00, 90.00, 'stripe', 'booking_earning', 'completed', 'Program enrollment: Weight Loss Program', '2026-06-12 08:00:32', '2026-06-12 08:00:32'),
(37, 6, 6, 'FitnessTrainer', 'ft_membership_purchase', 4, 200.00, 20.00, 180.00, 'stripe', 'booking_earning', 'completed', 'Membership purchase: Yearly Membership', '2026-06-12 08:44:25', '2026-06-12 08:44:25'),
(38, 6, 6, 'FitnessTrainer', 'ft_membership_purchase', 2, 80.00, 8.00, 72.00, 'stripe', 'booking_earning', 'completed', 'Membership purchase: Monthly Gym Membership', '2026-06-12 08:58:18', '2026-06-12 08:58:18'),
(39, 6, 6, 'FitnessTrainer', 'ft_membership_purchase', 1, 80.00, 8.00, 72.00, 'stripe', 'booking_earning', 'completed', 'Membership purchase: Monthly Gym Membership', '2026-06-12 09:00:24', '2026-06-12 09:00:24'),
(40, 7, 7, 'ParcelDelivery', 'pd_parcel', 3, 25.89, 2.59, 23.30, 'stripe', 'booking_earning', 'completed', 'Parcel Delivery booking: PD-HKGVIC1N', '2026-06-19 02:19:28', '2026-06-19 02:19:28'),
(41, 7, 7, 'ParcelDelivery', 'pd_parcel', 4, 35.00, 3.50, 31.50, 'stripe', 'booking_earning', 'completed', 'Parcel Delivery booking: PD-JJWGIMWO', '2026-06-19 02:51:25', '2026-06-19 02:51:25'),
(42, 7, 7, 'ParcelDelivery', 'pd_parcel', 5, 29.50, 2.95, 26.55, 'stripe', 'booking_earning', 'completed', 'Parcel Delivery booking: PD-K7DFTE53', '2026-06-19 04:56:33', '2026-06-19 04:56:33'),
(43, 7, NULL, 'parcel_delivery', 'pd_parcel', 6, 42.30, 0.00, 42.30, 'cash', 'booking_earning', 'completed', 'Parcel #PD-XFKHSLZL', '2026-06-25 01:46:02', '2026-06-25 01:46:02'),
(44, 7, 7, 'ParcelDelivery', 'pd_parcel', 7, 32.76, 3.28, 29.48, 'stripe', 'booking_earning', 'completed', 'Parcel Delivery booking: PD-CDFSM8TC', '2026-06-25 01:50:51', '2026-06-25 01:50:51'),
(45, 7, 7, 'ParcelDelivery', 'pd_parcel', 8, 45.91, 4.59, 41.32, 'stripe', 'booking_earning', 'completed', 'Parcel Delivery booking: PD-ZBJIE4VF', '2026-06-25 02:09:57', '2026-06-25 02:09:57'),
(46, 7, 7, 'ParcelDelivery', 'pd_parcel', 9, 50.79, 5.08, 45.71, 'online', 'booking_earning', 'completed', 'Parcel #PD-OBDPLZYT', '2026-06-25 02:21:35', '2026-06-25 02:21:35'),
(47, 7, 7, 'ParcelDelivery', 'pd_parcel', 10, 25.01, 2.50, 22.51, 'cash', 'booking_earning', 'completed', 'Parcel #PD-3FQN17S1', '2026-06-25 02:38:27', '2026-06-25 02:38:27'),
(48, 8, 10, 'ECommerce', 'ec_order', 2, 53.00, 5.30, 47.70, 'online', 'booking_earning', 'completed', 'Order #ORD-5CFAC1D4A8', '2026-06-30 09:11:13', '2026-06-30 09:11:13'),
(49, 8, 10, 'ECommerce', 'ec_order', 3, 20.00, 2.00, 18.00, 'online', 'booking_earning', 'completed', 'Order #ORD-F61DAF46EC', '2026-07-01 03:41:14', '2026-07-01 03:41:14'),
(50, 8, 10, 'ECommerce', 'ec_order', 4, 23.00, 2.30, 20.70, 'online', 'booking_earning', 'completed', 'Order #ORD-BE48CC9803', '2026-07-04 07:23:11', '2026-07-04 07:23:11'),
(51, 8, 10, 'ECommerce', 'ec_order', 5, 20.00, 2.00, 18.00, 'online', 'booking_earning', 'completed', 'Order #ORD-9A3A80729E', '2026-07-04 07:51:17', '2026-07-04 07:51:17'),
(52, 8, 10, 'ECommerce', 'ec_order', 6, 40.00, 4.00, 36.00, 'cash', 'booking_earning', 'completed', 'Order #ORD-C9A8873601', '2026-07-04 08:13:32', '2026-07-04 08:13:32'),
(53, 8, 10, 'ECommerce', 'ec_order', 7, 43.00, 4.30, 38.70, 'online', 'booking_earning', 'completed', 'Order #ORD-774E9D1A72', '2026-07-04 08:24:30', '2026-07-04 08:24:30'),
(54, 8, 10, 'ECommerce', 'ec_order', 14, 43.00, 4.30, 38.70, 'cash', 'booking_earning', 'completed', 'Order #ORD-976DEE72DC', '2026-07-05 07:52:19', '2026-07-05 07:52:19'),
(55, 1, NULL, 'all', 'ec_promotion', 3, 20.00, 0.00, -20.00, 'provider_wallet', 'adjustment', 'completed', 'Payment for ec_promotion #3', '2026-07-10 09:07:53', '2026-07-10 09:07:53'),
(56, 1, NULL, 'all', 'ec_promotion', 4, 5.00, 0.00, -5.00, 'provider_wallet', 'adjustment', 'completed', 'Payment for ec_promotion #4', '2026-07-11 05:43:54', '2026-07-11 05:43:54'),
(57, 1, NULL, 'all', 'ec_promotion', 5, 5.00, 0.00, -5.00, 'provider_wallet', 'adjustment', 'completed', 'Payment for ec_promotion #5', '2026-07-13 02:38:33', '2026-07-13 02:38:33'),
(58, 1, NULL, 'all', 'classified_promotion', 2, 5.00, 0.00, -5.00, 'provider_wallet', 'adjustment', 'completed', 'Payment for classified_promotion #2', '2026-07-14 01:38:45', '2026-07-14 01:38:45'),
(59, 1, NULL, 'home_services', 'hs_booking', 32, 200.00, 20.00, 180.00, 'online', 'booking_earning', 'completed', 'Booking #HS-SB5QXE8Z', '2026-07-15 05:29:18', '2026-07-15 05:29:18'),
(60, 1, NULL, 'home_services', 'hs_booking', 33, 400.00, 40.00, 360.00, 'cash', 'booking_earning', 'completed', 'Booking #HS-SHPUO4GS', '2026-07-15 05:34:38', '2026-07-15 05:34:38'),
(61, 4, 4, 'DoctorAppointment', 'da_appointment', 8, 50.00, 5.00, 45.00, 'cash', 'booking_earning', 'completed', 'Appointment #DA-5MSQ27IJ', '2026-07-15 05:44:02', '2026-07-15 05:44:02'),
(62, 5, 5, 'SalonSpa', 'ss_appointment', 8, 35.00, 3.50, 31.50, 'online', 'booking_earning', 'completed', 'Appointment #SS-OUUPIMRW', '2026-07-15 05:52:07', '2026-07-15 05:52:07'),
(63, 1, NULL, 'all', 'ft_promotion', 2, 20.00, 0.00, -20.00, 'provider_wallet', 'adjustment', 'completed', 'Payment for ft_promotion #2', '2026-07-15 05:59:08', '2026-07-15 05:59:08'),
(64, 7, 7, 'ParcelDelivery', 'pd_parcel', 14, 51.47, 5.15, 46.32, 'online', 'booking_earning', 'completed', 'Parcel #PD-AQGU3LWW', '2026-07-15 06:09:08', '2026-07-15 06:09:08'),
(65, 8, 10, 'ECommerce', 'ec_order', 18, 53.00, 5.30, 47.70, 'cash', 'booking_earning', 'completed', 'Order #ORD-DE3263CBCC', '2026-07-15 06:18:54', '2026-07-15 06:18:54'),
(66, 1, NULL, 'home_services', 'hs_booking', 38, 20.00, 2.00, 18.00, 'online', 'booking_earning', 'completed', 'Booking #HS-VVLAC6RV', '2026-07-17 22:27:03', '2026-07-17 22:27:03'),
(67, 6, 6, 'FitnessTrainer', 'ft_membership_purchase', 3, 80.00, 8.00, 72.00, 'flutterwave', 'booking_earning', 'completed', 'Membership purchase: Monthly Gym Membership', '2026-07-28 13:11:42', '2026-07-28 13:11:42'),
(68, 7, 7, 'ParcelDelivery', 'pd_parcel', 13, 21.13, 2.11, 19.02, 'online', 'booking_earning', 'completed', 'Parcel #PD-JSO5BHYT', '2026-08-03 05:15:11', '2026-08-03 05:15:11'),
(69, 7, 7, 'ParcelDelivery', 'pd_parcel', 20, 56.44, 5.64, 50.80, 'online', 'booking_earning', 'completed', 'Parcel #PD-XX8BTOHF (delivered by staff)', '2026-08-03 05:42:15', '2026-08-03 05:42:15'),
(70, 7, 7, 'ParcelDelivery', 'pd_parcel', 22, 158.13, 15.81, 142.32, 'online', 'booking_earning', 'completed', 'Parcel #PD-CGRFTFYN (delivered by staff)', '2026-08-03 06:16:29', '2026-08-03 06:16:29'),
(71, 1, NULL, 'home_services', 'hs_booking', 53, 200.00, 20.00, 180.00, 'online', 'booking_earning', 'completed', 'Booking #HS-LCU5QYWX (completed by staff)', '2026-08-03 08:02:36', '2026-08-03 08:02:36'),
(72, 1, NULL, 'home_services', 'hs_booking', 57, 500.00, 50.00, 450.00, 'cash', 'booking_earning', 'completed', 'Booking #HS-MDE0B9X6 (completed by staff)', '2026-08-03 08:31:35', '2026-08-03 08:31:35'),
(73, 1, NULL, 'home_services', 'hs_booking', 58, 28.60, 7.00, 21.60, 'online', 'booking_earning', 'completed', 'Booking #HS-QMLSIPTG', '2026-08-04 03:28:19', '2026-08-04 03:28:19'),
(74, 1, NULL, 'home_services', 'hs_booking', 59, 28.60, 7.00, 21.60, 'online', 'booking_earning', 'completed', 'Booking #HS-X1WPSUA7', '2026-08-04 05:24:05', '2026-08-04 05:24:05'),
(75, 1, NULL, 'home_services', 'hs_booking', 60, 241.00, 25.00, 216.00, 'online', 'booking_earning', 'completed', 'Booking #HS-3YMA85KR', '2026-08-04 05:27:01', '2026-08-04 05:27:01'),
(76, 4, 4, 'DoctorAppointment', 'da_appointment', 14, 59.00, 5.00, 54.00, 'online', 'booking_earning', 'completed', 'Appointment #DA-WIDI1NSF', '2026-08-04 06:16:31', '2026-08-04 06:22:24'),
(77, 4, 4, 'DoctorAppointment', 'da_appointment', 15, 50.00, 5.00, 45.00, 'online', 'booking_earning', 'completed', 'Appointment #DA-MFUEULNY', '2026-08-04 06:28:08', '2026-08-04 06:28:08'),
(78, 5, 5, 'SalonSpa', 'ss_appointment', 15, 35.40, 3.00, 32.40, 'online', 'booking_earning', 'completed', 'Appointment #SS-DQDQK1QL', '2026-08-04 06:59:38', '2026-08-04 06:59:38'),
(79, 6, 6, 'FitnessTrainer', 'ft_appointment', 17, 118.00, 10.00, 108.00, 'online', 'booking_earning', 'completed', 'FT Appointment #000017', '2026-08-04 07:14:20', '2026-08-04 07:14:20'),
(80, 1, NULL, 'home_services', 'hs_booking', 61, 123.00, 15.00, 108.00, 'online', 'booking_earning', 'completed', 'Booking #HS-I54VS0JB (completed by staff)', '2026-08-04 07:27:42', '2026-08-04 07:27:42'),
(81, 25, NULL, 'home_services', 'hs_booking', 62, 28.60, 7.00, 21.60, 'online', 'booking_earning', 'completed', 'Booking #HS-6CTDPEEV', '2026-08-14 13:20:18', '2026-08-14 13:20:18'),
(82, 26, 4, 'DoctorAppointment', 'da_appointment', 17, 105.00, 15.00, 90.00, 'online', 'booking_earning', 'completed', 'Appointment #DA-DEQCWJTC', '2026-08-17 08:07:27', '2026-08-17 08:07:27'),
(83, 26, NULL, 'all', 'da_promotion', 2, 5.00, 0.00, -5.00, 'provider_wallet', 'adjustment', 'completed', 'Payment for da_promotion #2', '2026-08-17 08:10:03', '2026-08-17 08:10:03'),
(84, 27, 5, 'SalonSpa', 'ss_appointment', 17, 11.80, 1.00, 10.80, 'online', 'booking_earning', 'completed', 'Appointment #SS-LYYDV9UF', '2026-08-17 13:14:08', '2026-08-17 13:14:08'),
(85, 27, 5, 'SalonSpa', 'ss_appointment', 18, 11.80, 1.00, 10.80, 'cash', 'booking_earning', 'completed', 'Appointment #SS-10YLXKQG', '2026-08-17 13:20:58', '2026-08-17 13:20:58'),
(86, 28, 6, 'FitnessTrainer', 'ft_appointment', 18, 23.60, 2.00, 21.60, 'online', 'booking_earning', 'completed', 'FT Appointment #000018', '2026-08-18 06:52:03', '2026-08-18 06:52:03'),
(87, 28, 6, 'FitnessTrainer', 'ft_appointment', 19, 23.60, 2.00, 21.60, 'online', 'booking_earning', 'completed', 'FT Appointment #000019', '2026-08-18 06:57:17', '2026-08-18 06:57:17'),
(88, 28, 6, 'FitnessTrainer', 'ft_class_booking', 11, 20.00, 2.00, 18.00, 'wallet', 'booking_earning', 'completed', 'Group class booking: Mornign Yoga', '2026-08-18 07:30:46', '2026-08-18 07:30:46'),
(89, 28, 6, 'FitnessTrainer', 'ft_membership_purchase', 6, 100.00, 10.00, 90.00, 'stripe', 'booking_earning', 'completed', 'Membership purchase: Monthly Membership', '2026-08-18 07:32:57', '2026-08-18 07:32:57'),
(90, 28, 6, 'FitnessTrainer', 'ft_program_enrollment', 9, 20.00, 2.00, 18.00, 'wallet', 'booking_earning', 'completed', 'Program enrollment: Weight Loss Program', '2026-08-18 07:33:52', '2026-08-18 07:33:52'),
(91, 28, 6, 'FitnessTrainer', 'ft_program_enrollment', 10, 20.00, 2.00, 18.00, 'wallet', 'booking_earning', 'completed', 'Program enrollment: Weight Loss Program', '2026-08-18 07:34:35', '2026-08-18 07:34:35'),
(92, 28, 6, 'FitnessTrainer', 'ft_program_enrollment', 11, 20.00, 2.00, 18.00, 'stripe', 'booking_earning', 'completed', 'Program enrollment: Weight Loss Program', '2026-08-18 07:40:29', '2026-08-18 07:40:29'),
(93, 28, 6, 'FitnessTrainer', 'ft_program_enrollment', 12, 20.00, 2.00, 18.00, 'stripe', 'booking_earning', 'completed', 'Program enrollment: Weight Loss Program', '2026-08-18 07:51:45', '2026-08-18 07:51:45'),
(94, 29, 7, 'ParcelDelivery', 'pd_parcel', 27, 29.89, 5.50, 5.40, 'cash', 'booking_earning', 'completed', 'Parcel #PD-OUVGT2BD', '2026-08-18 13:40:57', '2026-08-18 13:40:57'),
(95, 29, 7, 'ParcelDelivery', 'pd_parcel', 30, 26.10, 5.50, 5.40, 'online', 'booking_earning', 'completed', 'Parcel #PD-68EAJA12', '2026-08-19 02:37:53', '2026-08-19 02:37:53'),
(96, 26, NULL, 'all', 'pd_promotion', 2, 20.00, 0.00, -20.00, 'provider_wallet', 'adjustment', 'completed', 'Payment for pd_promotion #2', '2026-08-19 02:40:06', '2026-08-19 02:40:06'),
(97, 29, 7, 'ParcelDelivery', 'pd_parcel', 31, 92.34, 5.50, 5.40, 'online', 'booking_earning', 'completed', 'Parcel #PD-AYTBONLQ (delivered by staff)', '2026-08-19 04:00:27', '2026-08-19 04:00:27'),
(98, 28, 6, 'FitnessTrainer', 'ft_membership_purchase', 7, 100.00, 10.00, 90.00, 'stripe', 'booking_earning', 'completed', 'Membership purchase: Monthly Membership', '2026-08-19 06:37:11', '2026-08-19 06:37:11'),
(99, 30, 10, 'ECommerce', 'ec_order', 24, 410.00, 45.00, 360.00, 'online', 'booking_earning', 'completed', 'Order #ORD-6D26FA2414', '2026-08-20 09:41:13', '2026-08-20 09:41:13'),
(100, 30, 10, 'ECommerce', 'ec_order', 25, 410.00, 45.00, 365.00, 'online', 'booking_earning', 'completed', 'Order #ORD-F1E55A7A7A', '2026-08-20 09:50:05', '2026-08-20 09:50:05'),
(101, 30, NULL, 'all', 'ec_promotion', 6, 5.00, 0.00, -5.00, 'provider_wallet', 'adjustment', 'completed', 'Payment for ec_promotion #6', '2026-08-21 03:22:09', '2026-08-21 03:22:09'),
(102, 30, 10, 'ECommerce', 'ec_order', 26, 210.00, 25.00, 185.00, 'online', 'booking_earning', 'completed', 'Order #ORD-C244248A68', '2026-08-21 04:06:20', '2026-08-21 04:06:20'),
(103, 30, NULL, 'all', 'ec_promotion', 7, 5.00, 0.00, -5.00, 'provider_wallet', 'adjustment', 'completed', 'Payment for ec_promotion #7', '2026-08-21 06:46:38', '2026-08-21 06:46:38'),
(104, 1, NULL, 'all', 'classified_promotion', 3, 5.00, 0.00, -5.00, 'provider_wallet', 'adjustment', 'completed', 'Payment for classified_promotion #3', '2026-08-23 02:05:19', '2026-08-23 02:05:19'),
(105, 1, NULL, 'all', 'hs_promotion', 1, 10.00, 0.00, -10.00, 'provider_wallet', 'adjustment', 'completed', 'Payment for hs_promotion #1', '2026-08-23 03:23:08', '2026-08-23 03:23:08'),
(106, 1, NULL, 'all', 'ss_promotion', 2, 20.00, 0.00, -20.00, 'provider_wallet', 'adjustment', 'completed', 'Payment for ss_promotion #2', '2026-08-23 03:36:13', '2026-08-23 03:36:13');

-- --------------------------------------------------------

--
-- Table structure for table `reviews`
--

CREATE TABLE IF NOT EXISTS `reviews` (
  `id` bigint UNSIGNED NOT NULL AUTO_INCREMENT,
  `user_id` bigint UNSIGNED NOT NULL,
  `reviewable_type` varchar(191) COLLATE utf8mb4_unicode_ci NOT NULL,
  `reviewable_id` bigint UNSIGNED NOT NULL,
  `provider_id` bigint UNSIGNED NOT NULL,
  `module_id` bigint UNSIGNED DEFAULT NULL,
  `module` varchar(191) COLLATE utf8mb4_unicode_ci NOT NULL,
  `rating` tinyint UNSIGNED NOT NULL,
  `title` varchar(191) COLLATE utf8mb4_unicode_ci DEFAULT NULL,
  `body` text COLLATE utf8mb4_unicode_ci,
  `is_verified` tinyint(1) NOT NULL DEFAULT '0',
  `status` enum('pending','approved','rejected') COLLATE utf8mb4_unicode_ci NOT NULL DEFAULT 'pending',
  `provider_reply` text COLLATE utf8mb4_unicode_ci,
  `replied_at` timestamp NULL DEFAULT NULL,
  `created_at` timestamp NULL DEFAULT NULL,
  `updated_at` timestamp NULL DEFAULT NULL,
  PRIMARY KEY (`id`),
  KEY `reviews_user_id_foreign` (`user_id`),
  KEY `reviews_reviewable_type_reviewable_id_index` (`reviewable_type`,`reviewable_id`),
  KEY `reviews_provider_id_foreign` (`provider_id`),
  KEY `reviews_module_index` (`module`),
  KEY `reviews_module_id_foreign` (`module_id`)
) ENGINE=MyISAM AUTO_INCREMENT=33 DEFAULT CHARSET=utf8mb4 COLLATE=utf8mb4_unicode_ci;

--
-- Dumping data for table `reviews`
--

INSERT INTO `reviews` (`id`, `user_id`, `reviewable_type`, `reviewable_id`, `provider_id`, `module_id`, `module`, `rating`, `title`, `body`, `is_verified`, `status`, `provider_reply`, `replied_at`, `created_at`, `updated_at`) VALUES
(1, 5, 'App\\Models\\Provider', 1, 6, NULL, 'home_services', 4, 'good behavior', 'really appreciate this serviceman', 0, 'approved', NULL, NULL, '2026-05-09 06:20:54', '2026-05-09 06:20:54'),
(2, 5, 'Modules\\HomeServices\\Models\\HsBooking', 8, 6, NULL, 'home_services', 5, 'good', 'good service', 0, 'approved', NULL, NULL, '2026-05-09 12:13:11', '2026-05-09 12:13:11'),
(3, 5, 'Modules\\HomeServices\\Models\\HsBooking', 2, 6, NULL, 'home_services', 2, 'not good', 'need more perfections', 0, 'approved', NULL, NULL, '2026-05-09 12:14:07', '2026-05-09 12:14:07'),
(4, 5, 'Modules\\RealEstate\\Models\\Property', 2, 3, NULL, 'real_estate', 5, 'goog propery', 'i see this this verty good agent', 0, 'approved', NULL, NULL, '2026-06-01 13:50:03', '2026-06-01 13:50:03'),
(5, 5, 'Modules\\RealEstate\\Models\\Property', 5, 3, NULL, 'real_estate', 5, 'good properyt for mathc', 'verht dfksf ksdfjkosd fsdiof sfds', 0, 'approved', NULL, NULL, '2026-06-04 05:15:34', '2026-06-04 05:15:34'),
(6, 5, 'Modules\\RealEstate\\Models\\Property', 1, 3, 2, 'real_estate', 4, 'nice proery', 'sfsdfsfsaf sda fsdaf', 0, 'approved', NULL, NULL, '2026-06-04 05:35:19', '2026-06-04 05:35:19'),
(7, 5, 'Modules\\DoctorAppointment\\Models\\DaAppointment', 4, 4, 4, 'doctor_appointment', 4, 'good treatment', 'genteal doctor', 0, 'approved', NULL, NULL, '2026-06-05 05:40:51', '2026-06-05 05:40:51'),
(8, 5, 'Modules\\SalonSpa\\Models\\SsAppointment', 1, 5, 5, 'salon_spa', 4, 'great', 'all right', 1, 'approved', NULL, NULL, '2026-06-08 08:19:17', '2026-06-08 08:19:17'),
(9, 5, 'Modules\\SalonSpa\\Models\\SsAppointment', 2, 5, 5, 'salon_spa', 3, 'nice', 'hghghy', 1, 'approved', NULL, NULL, '2026-06-08 08:34:10', '2026-06-08 08:34:10'),
(10, 5, 'Modules\\SalonSpa\\Models\\SsAppointment', 5, 5, 5, 'salon_spa', 5, 'nice one', 'servich is really good', 1, 'approved', NULL, NULL, '2026-06-09 02:56:56', '2026-06-09 02:56:56'),
(11, 5, 'Modules\\FitnessTrainer\\Models\\FtAppointment', 13, 6, 6, 'fitness_trainer', 4, 'Good', 'sdfjsdfsdf', 1, 'approved', NULL, NULL, '2026-06-11 07:16:45', '2026-06-11 07:16:45'),
(12, 5, 'Modules\\FitnessTrainer\\Models\\FtAppointment', 12, 6, 6, 'fitness_trainer', 3, 'nic', 'three star', 1, 'approved', NULL, NULL, '2026-06-11 07:29:10', '2026-06-11 07:29:10'),
(13, 5, 'Modules\\ParcelDelivery\\Models\\PdParcel', 10, 7, 7, 'parcel_delivery', 4, NULL, 'good', 1, 'approved', NULL, NULL, '2026-06-25 03:41:01', '2026-06-25 03:41:01'),
(14, 5, 'Modules\\ParcelDelivery\\Models\\PdParcel', 9, 7, 7, 'parcel_delivery', 2, NULL, 'satisfied', 1, 'approved', NULL, NULL, '2026-06-25 03:46:39', '2026-06-25 03:46:39'),
(15, 5, 'ec_product', 4, 8, 10, 'ecommerce', 4, NULL, 'good', 0, 'approved', NULL, NULL, '2026-07-04 08:25:20', '2026-07-04 08:25:20'),
(16, 5, 'ec_product', 1, 8, 10, 'ecommerce', 5, NULL, NULL, 0, 'approved', NULL, NULL, '2026-07-05 07:50:25', '2026-07-05 07:50:25'),
(17, 5, 'ec_product', 1, 8, 10, 'ecommerce', 4, NULL, 'for product one', 0, 'approved', NULL, NULL, '2026-07-05 07:52:42', '2026-07-05 07:52:42'),
(18, 5, 'ec_product', 4, 8, 10, 'ecommerce', 3, NULL, 'produdt2', 0, 'approved', NULL, NULL, '2026-07-05 07:59:00', '2026-07-05 07:59:00'),
(19, 5, 'ec_product', 1, 8, 10, 'ecommerce', 3, NULL, 'prodcut 1', 0, 'approved', NULL, NULL, '2026-07-05 07:59:11', '2026-07-05 07:59:11'),
(20, 5, 'Modules\\SalonSpa\\Models\\SsAppointment', 8, 5, 5, 'salon_spa', 4, 'Nice', 'good timely', 1, 'approved', NULL, NULL, '2026-07-15 05:52:37', '2026-07-15 05:52:37'),
(21, 5, 'ec_product', 4, 8, 10, 'ecommerce', 4, NULL, 'dsfsdf', 0, 'approved', NULL, NULL, '2026-07-15 06:19:35', '2026-07-15 06:19:35'),
(22, 5, 'ec_product', 1, 8, 10, 'ecommerce', 4, NULL, NULL, 0, 'approved', NULL, NULL, '2026-07-15 06:20:03', '2026-07-15 06:20:03'),
(23, 5, 'Modules\\ParcelDelivery\\Models\\PdParcel', 14, 7, 7, 'parcel_delivery', 3, NULL, 'good', 1, 'approved', NULL, NULL, '2026-07-21 11:32:16', '2026-07-21 11:32:16'),
(24, 27, 'Modules\\RealEstate\\Models\\Property', 8, 22, 2, 'real_estate', 4, 'good one', 'verty godd proesodfsdfsdf sd', 0, 'approved', NULL, NULL, '2026-08-13 09:08:02', '2026-08-13 09:08:02'),
(25, 27, 'Modules\\HomeServices\\Models\\HsBooking', 62, 25, 3, 'home_services', 4, 'nic', 'verty good service', 0, 'approved', NULL, NULL, '2026-08-14 13:41:34', '2026-08-14 13:41:34'),
(26, 27, 'Modules\\DoctorAppointment\\Models\\DaAppointment', 17, 26, 4, 'doctor_appointment', 5, 'super', 'very politlery handled', 0, 'approved', NULL, NULL, '2026-08-17 08:09:08', '2026-08-17 08:09:08'),
(27, 27, 'Modules\\SalonSpa\\Models\\SsAppointment', 18, 27, 5, 'salon_spa', 5, 'super', 'cut was so nice', 1, 'approved', NULL, NULL, '2026-08-17 13:21:44', '2026-08-17 13:21:44'),
(28, 27, 'Modules\\FitnessTrainer\\Models\\FtAppointment', 19, 28, 6, 'fitness_trainer', 4, 'good', 'with four start', 1, 'approved', NULL, NULL, '2026-08-18 06:57:37', '2026-08-18 06:57:37'),
(29, 27, 'Modules\\FitnessTrainer\\Models\\FtAppointment', 18, 28, 6, 'fitness_trainer', 5, 'nice', 'with 5 start', 1, 'approved', NULL, NULL, '2026-08-18 06:58:11', '2026-08-18 06:58:11'),
(30, 27, 'Modules\\ParcelDelivery\\Models\\PdParcel', 31, 29, 7, 'parcel_delivery', 3, NULL, 'good servcie', 1, 'approved', NULL, NULL, '2026-08-19 04:01:00', '2026-08-19 04:01:00'),
(31, 27, 'ec_product', 41, 30, 10, 'ecommerce', 3, NULL, 'nice one', 0, 'approved', NULL, NULL, '2026-08-21 04:06:36', '2026-08-21 04:06:36'),
(32, 27, 'ec_product', 41, 30, 10, 'ecommerce', 5, NULL, 'i good to know very good product', 0, 'approved', NULL, NULL, '2026-08-21 07:34:42', '2026-08-21 07:34:42');

-- --------------------------------------------------------

--
-- Table structure for table `re_properties`
--

CREATE TABLE IF NOT EXISTS `re_properties` (
  `id` bigint UNSIGNED NOT NULL AUTO_INCREMENT,
  `user_id` bigint UNSIGNED NOT NULL,
  `provider_id` bigint UNSIGNED DEFAULT NULL,
  `category_id` bigint UNSIGNED NOT NULL,
  `title` varchar(191) COLLATE utf8mb4_unicode_ci NOT NULL,
  `slug` varchar(191) COLLATE utf8mb4_unicode_ci NOT NULL,
  `description` text COLLATE utf8mb4_unicode_ci NOT NULL,
  `purpose` enum('sale','rent','lease') COLLATE utf8mb4_unicode_ci NOT NULL DEFAULT 'sale',
  `property_type` varchar(191) COLLATE utf8mb4_unicode_ci DEFAULT NULL,
  `price` decimal(15,2) DEFAULT NULL,
  `currency_code` varchar(3) COLLATE utf8mb4_unicode_ci DEFAULT NULL,
  `exchange_rate` decimal(14,8) DEFAULT NULL,
  `base_price` decimal(15,2) DEFAULT NULL,
  `area` decimal(10,2) DEFAULT NULL,
  `area_unit` varchar(191) COLLATE utf8mb4_unicode_ci NOT NULL DEFAULT 'sqft',
  `bedrooms` tinyint UNSIGNED DEFAULT NULL,
  `bathrooms` tinyint UNSIGNED DEFAULT NULL,
  `furnishing` enum('furnished','semi-furnished','unfurnished') COLLATE utf8mb4_unicode_ci DEFAULT NULL,
  `address` varchar(191) COLLATE utf8mb4_unicode_ci DEFAULT NULL,
  `city` varchar(191) COLLATE utf8mb4_unicode_ci DEFAULT NULL,
  `state` varchar(191) COLLATE utf8mb4_unicode_ci DEFAULT NULL,
  `country` varchar(191) COLLATE utf8mb4_unicode_ci DEFAULT NULL,
  `zip` varchar(191) COLLATE utf8mb4_unicode_ci DEFAULT NULL,
  `latitude` decimal(10,7) DEFAULT NULL,
  `longitude` decimal(10,7) DEFAULT NULL,
  `status` varchar(50) COLLATE utf8mb4_unicode_ci NOT NULL DEFAULT 'active',
  `is_featured` tinyint(1) NOT NULL DEFAULT '0',
  `is_urgent` tinyint(1) NOT NULL DEFAULT '0',
  `featured_until` timestamp NULL DEFAULT NULL,
  `expires_at` timestamp NULL DEFAULT NULL,
  `views` int UNSIGNED NOT NULL DEFAULT '0',
  `inquiry_count` int UNSIGNED NOT NULL DEFAULT '0',
  `amenities` json DEFAULT NULL,
  `rejection_reason` text COLLATE utf8mb4_unicode_ci,
  `created_at` timestamp NULL DEFAULT NULL,
  `updated_at` timestamp NULL DEFAULT NULL,
  PRIMARY KEY (`id`),
  UNIQUE KEY `re_properties_slug_unique` (`slug`),
  KEY `re_properties_user_id_foreign` (`user_id`),
  KEY `re_properties_provider_id_foreign` (`provider_id`),
  KEY `re_properties_category_id_foreign` (`category_id`),
  KEY `re_properties_status_purpose_city_index` (`status`,`purpose`,`city`),
  KEY `re_properties_latitude_longitude_index` (`latitude`,`longitude`),
  KEY `re_properties_is_featured_index` (`is_featured`)
) ENGINE=MyISAM AUTO_INCREMENT=12 DEFAULT CHARSET=utf8mb4 COLLATE=utf8mb4_unicode_ci;

--
-- Dumping data for table `re_properties`
--

INSERT INTO `re_properties` (`id`, `user_id`, `provider_id`, `category_id`, `title`, `slug`, `description`, `purpose`, `property_type`, `price`, `currency_code`, `exchange_rate`, `base_price`, `area`, `area_unit`, `bedrooms`, `bathrooms`, `furnishing`, `address`, `city`, `state`, `country`, `zip`, `latitude`, `longitude`, `status`, `is_featured`, `is_urgent`, `featured_until`, `expires_at`, `views`, `inquiry_count`, `amenities`, `rejection_reason`, `created_at`, `updated_at`) VALUES
(1, 6, 3, 35, '3BHK 3Baths', '3bhk-3baths', 'Address: Kharar, Chandigarh, India\r\n\r\n 3 bhk fully furnished park facing flats in a gated society with spacious rooms and well maintained facility situated on chandigarh kurali national highway with commercial market place nearby consisting restaurants, multiplex , breweries, schools and colleges.', 'sale', 'Apartment', 500000.00, NULL, NULL, NULL, 1200.00, 'sqft', 3, 3, 'semi-furnished', 'chandigarh', 'Mohali', 'punjab', NULL, '4102535', 30.7296804, 76.6385800, 'active', 1, 0, NULL, NULL, 20, 2, '[\"Parking\", \"Garden\", \"Security\", \"Gas Pipeline\", \"Play Area\"]', NULL, '2026-06-01 12:32:05', '2026-08-23 08:08:47'),
(2, 6, 3, 46, 'Land for sale', 'land-for-sale', 'land for sale', 'sale', 'Plot', 20000.00, NULL, NULL, NULL, 1000.00, 'sqft', NULL, NULL, NULL, 'KHARAR', 'MOHALI', 'PUNJAB', NULL, '140301', 30.7298524, 76.6386112, 'active', 0, 0, NULL, NULL, 13, 0, NULL, NULL, '2026-06-01 13:32:24', '2026-08-13 08:18:03'),
(3, 6, 3, 36, '6Bedrooms 4Baths', '6bedrooms-4baths', 'Address: Sector 18 Chandigarh, Chandigarh, India\r\nFor sale: 1 kanal old liveable house north east direction in sector 18 chandigarh\r\n\r\n\r\nDhawan properties', 'sale', 'House', 200000.00, NULL, NULL, NULL, 2000.00, 'sqft', 5, 5, 'furnished', 'Sector 18 Chandigarh, Chandigarh,', 'Chandigarh', 'Punjab', NULL, '140301', 30.7299228, 76.6386102, 'active', 1, 0, NULL, NULL, 10, 0, '[\"Parking\", \"Swimming Pool\", \"Gym\", \"Power Backup\", \"CCTV\", \"Water Supply\"]', NULL, '2026-06-02 03:58:02', '2026-08-23 04:11:06'),
(4, 6, 3, 36, '9 Bedrooms 9 Baths', '9-bedrooms-9-baths', '9Bedrooms 9Baths\r\nFEATURED DEALER\r\nContact DealerFREE', 'sale', 'House', 5500000.00, 'INR', NULL, 58945.87, 3000.00, 'sqft', 6, 5, 'furnished', 'KHARAR', 'MOHALI', 'Punjab', NULL, '140301', 30.7299096, 76.6386263, 'active', 0, 0, NULL, NULL, 1, 0, '[\"Solar Power\", \"Maintenance Staff\"]', NULL, '2026-06-02 06:19:56', '2026-06-03 04:29:16'),
(5, 6, 3, 35, 'House for luxery', 'house-for-luxery', 'descriptio', 'sale', 'House', 2000.00, 'EUR', 0.92000000, 2173.91, 3000.00, 'sqft', 2, 1, 'furnished', 'mohali', 'chandigarh', 'Punjab', NULL, '140301', 30.7299051, 76.6386263, 'active', 1, 0, NULL, NULL, 22, 0, '[\"Parking\"]', NULL, '2026-06-02 07:04:01', '2026-08-14 06:41:56'),
(6, 6, 3, 36, 'New Koti', 'new-koti', 'new koti for rent', 'rent', 'Villa', 200.00, 'USD', 1.00000000, 200.00, 3000.00, 'sqft', NULL, NULL, NULL, 'Mohali chandighr', 'mohali', 'Punjab', NULL, '140301', 30.7300491, 76.6386287, 'active', 0, 0, NULL, NULL, 31, 0, '[\"Parking\", \"Garden\", \"Lift\", \"Gas Pipeline\", \"Club House\", \"CCTV\", \"Water Supply\"]', NULL, '2026-06-03 02:34:18', '2026-08-13 09:13:55'),
(7, 29, 22, 35, 'Mohali estate', 'mohali-estate', 'Mohali estateMohali estateMohali estateMohali estateMohali estate', 'sale', 'House', 2000.00, 'USD', 1.00000000, 2000.00, 1200.00, 'sqft', 3, 3, 'semi-furnished', '3b2 moahli', 'mohali', 'Punjab', NULL, '140301', 30.7245536, 76.6820446, 'active', 0, 0, NULL, NULL, 19, 3, '[\"Parking\", \"Swimming Pool\", \"Gym\", \"Garden\", \"Power Backup\", \"Lift\", \"Gas Pipeline\", \"CCTV\"]', NULL, '2026-08-13 08:24:05', '2026-08-22 07:10:56'),
(8, 29, 22, 37, 'chanidgarh flat', 'chanidgarh-flat', 'chanidgarh flatchanidgarh flatchanidgarh flat', 'sale', 'Villa', 2000.00, 'USD', 1.00000000, 2000.00, 1000.00, 'sqft', 2, 2, 'unfurnished', 'chanidarh mohali road', 'mohali', 'punjab', NULL, '140301', 30.7046486, 76.7178726, 'active', 0, 0, NULL, NULL, 12, 0, '[\"Parking\", \"Swimming Pool\", \"Garden\", \"Security\", \"Power Backup\"]', NULL, '2026-08-13 08:35:22', '2026-08-14 07:00:52'),
(10, 33, 23, 34, 'reprt 1', 'reprt-1', 'dfsdf', 'sale', 'House', 100.00, 'USD', 1.00000000, 100.00, 1200.00, 'sqft', NULL, NULL, NULL, 'chanidarh mohali road', 'mohali', 'Punjab', NULL, '140301', 30.7301816, 76.6389407, 'active', 0, 0, NULL, NULL, 33, 0, '[\"Parking\", \"Power Backup\"]', NULL, '2026-08-14 07:10:25', '2026-08-23 04:10:45'),
(11, 33, 23, 36, 'test', 'test', 'sfsdfs', 'rent', NULL, NULL, 'USD', 1.00000000, 0.00, NULL, 'sqft', NULL, NULL, NULL, NULL, NULL, NULL, NULL, NULL, NULL, NULL, 'active', 0, 0, NULL, NULL, 0, 0, '[\"Parking\", \"Power Backup\"]', NULL, '2026-08-23 07:53:25', '2026-08-23 07:53:42');

-- --------------------------------------------------------

--
-- Table structure for table `re_property_promotions`
--

CREATE TABLE IF NOT EXISTS `re_property_promotions` (
  `id` bigint UNSIGNED NOT NULL AUTO_INCREMENT,
  `property_id` bigint UNSIGNED NOT NULL,
  `provider_id` bigint UNSIGNED NOT NULL,
  `promotion_plan_id` bigint UNSIGNED NOT NULL,
  `promotion_type` varchar(191) COLLATE utf8mb4_unicode_ci NOT NULL,
  `start_date` datetime DEFAULT NULL,
  `end_date` datetime DEFAULT NULL,
  `payment_id` bigint UNSIGNED DEFAULT NULL,
  `status` enum('pending','active','expired','cancelled') COLLATE utf8mb4_unicode_ci NOT NULL DEFAULT 'pending',
  `created_at` timestamp NULL DEFAULT NULL,
  `updated_at` timestamp NULL DEFAULT NULL,
  PRIMARY KEY (`id`),
  KEY `re_property_promotions_property_id_foreign` (`property_id`),
  KEY `re_property_promotions_provider_id_foreign` (`provider_id`),
  KEY `re_property_promotions_promotion_plan_id_foreign` (`promotion_plan_id`),
  KEY `re_property_promotions_payment_id_foreign` (`payment_id`)
) ENGINE=MyISAM AUTO_INCREMENT=4 DEFAULT CHARSET=utf8mb4 COLLATE=utf8mb4_unicode_ci;

--
-- Dumping data for table `re_property_promotions`
--

INSERT INTO `re_property_promotions` (`id`, `property_id`, `provider_id`, `promotion_plan_id`, `promotion_type`, `start_date`, `end_date`, `payment_id`, `status`, `created_at`, `updated_at`) VALUES
(1, 6, 3, 1, 'featured', '2026-06-04 10:17:19', '2026-06-11 10:17:19', 17, 'active', '2026-06-04 04:42:53', '2026-06-04 04:47:19'),
(2, 6, 3, 4, 'homepage_featured', '2026-06-04 10:26:14', '2026-06-11 10:26:14', 18, 'active', '2026-06-04 04:54:05', '2026-06-04 04:56:14'),
(3, 8, 22, 3, 'urgent', '2026-08-13 14:52:12', '2026-08-20 14:52:12', 147, 'active', '2026-08-13 09:21:45', '2026-08-13 09:22:12');

-- --------------------------------------------------------

--
-- Table structure for table `re_visits`
--

CREATE TABLE IF NOT EXISTS `re_visits` (
  `id` bigint UNSIGNED NOT NULL AUTO_INCREMENT,
  `property_id` bigint UNSIGNED NOT NULL,
  `user_id` bigint UNSIGNED NOT NULL,
  `provider_id` bigint UNSIGNED NOT NULL,
  `scheduled_date` date NOT NULL,
  `scheduled_time` time NOT NULL,
  `status` enum('pending','approved','rejected','completed','rescheduled') COLLATE utf8mb4_unicode_ci NOT NULL DEFAULT 'pending',
  `customer_phone` varchar(20) COLLATE utf8mb4_unicode_ci DEFAULT NULL,
  `notes` text COLLATE utf8mb4_unicode_ci,
  `agent_notes` text COLLATE utf8mb4_unicode_ci,
  `created_at` timestamp NULL DEFAULT NULL,
  `updated_at` timestamp NULL DEFAULT NULL,
  PRIMARY KEY (`id`),
  KEY `re_visits_property_id_foreign` (`property_id`),
  KEY `re_visits_user_id_foreign` (`user_id`),
  KEY `re_visits_provider_id_foreign` (`provider_id`)
) ENGINE=MyISAM AUTO_INCREMENT=7 DEFAULT CHARSET=utf8mb4 COLLATE=utf8mb4_unicode_ci;

--
-- Dumping data for table `re_visits`
--

INSERT INTO `re_visits` (`id`, `property_id`, `user_id`, `provider_id`, `scheduled_date`, `scheduled_time`, `status`, `customer_phone`, `notes`, `agent_notes`, `created_at`, `updated_at`) VALUES
(1, 6, 5, 3, '2026-06-05', '09:00:00', 'completed', NULL, 'i want to on exact time', 'ok', '2026-06-04 00:54:18', '2026-06-04 01:12:01'),
(2, 6, 5, 3, '2026-06-05', '09:30:00', 'completed', '9854859658', 'phone test', NULL, '2026-06-04 01:07:05', '2026-06-04 01:11:55'),
(3, 6, 5, 3, '2026-06-05', '09:30:00', 'completed', '+33677824359', 'ddd', NULL, '2026-06-04 01:21:49', '2026-06-04 01:25:45'),
(4, 6, 5, 3, '2026-06-05', '10:00:00', 'approved', '+33677824359', 'dddd', NULL, '2026-06-04 01:27:24', '2026-06-04 01:27:59'),
(5, 6, 27, 3, '2026-08-14', '09:30:00', 'pending', '+91 9876543210', 'sss', NULL, '2026-08-13 09:04:28', '2026-08-13 09:04:28'),
(6, 8, 27, 22, '2026-08-14', '10:00:00', 'completed', '+91 9876543210', 'dd', NULL, '2026-08-13 09:06:23', '2026-08-13 09:07:27');

-- --------------------------------------------------------

--
-- Table structure for table `roles`
--

CREATE TABLE IF NOT EXISTS `roles` (
  `id` bigint UNSIGNED NOT NULL AUTO_INCREMENT,
  `name` varchar(125) COLLATE utf8mb4_unicode_ci NOT NULL,
  `guard_name` varchar(125) COLLATE utf8mb4_unicode_ci NOT NULL,
  `created_at` timestamp NULL DEFAULT NULL,
  `updated_at` timestamp NULL DEFAULT NULL,
  PRIMARY KEY (`id`),
  UNIQUE KEY `roles_name_guard_name_unique` (`name`,`guard_name`)
) ENGINE=MyISAM DEFAULT CHARSET=utf8mb4 COLLATE=utf8mb4_unicode_ci;

-- --------------------------------------------------------

--
-- Table structure for table `role_has_permissions`
--

CREATE TABLE IF NOT EXISTS `role_has_permissions` (
  `permission_id` bigint UNSIGNED NOT NULL,
  `role_id` bigint UNSIGNED NOT NULL,
  PRIMARY KEY (`permission_id`,`role_id`),
  KEY `role_has_permissions_role_id_foreign` (`role_id`)
) ENGINE=MyISAM DEFAULT CHARSET=utf8mb4 COLLATE=utf8mb4_unicode_ci;

-- --------------------------------------------------------

--
-- Table structure for table `sessions`
--

CREATE TABLE IF NOT EXISTS `sessions` (
  `id` varchar(191) COLLATE utf8mb4_unicode_ci NOT NULL,
  `user_id` bigint UNSIGNED DEFAULT NULL,
  `ip_address` varchar(45) COLLATE utf8mb4_unicode_ci DEFAULT NULL,
  `user_agent` text COLLATE utf8mb4_unicode_ci,
  `payload` longtext COLLATE utf8mb4_unicode_ci NOT NULL,
  `last_activity` int NOT NULL,
  PRIMARY KEY (`id`),
  KEY `sessions_user_id_index` (`user_id`),
  KEY `sessions_last_activity_index` (`last_activity`)
) ENGINE=MyISAM DEFAULT CHARSET=utf8mb4 COLLATE=utf8mb4_unicode_ci;

--
-- Dumping data for table `sessions`
--

INSERT INTO `sessions` (`id`, `user_id`, `ip_address`, `user_agent`, `payload`, `last_activity`) VALUES
('w5ZTW5yyTgGJ3HXuvvKShXBWUo06P71Xpq8W1xfW', 6, '127.0.0.1', 'Mozilla/5.0 (Windows NT 10.0; Win64; x64; rv:151.0) Gecko/20100101 Firefox/151.0', 'eyJfdG9rZW4iOiJld0ZMdmNVakFyMGx1eVhHQVF2dHNieHRXdU8wdnVHUmREUERodzY3IiwibG9naW5fd2ViXzU5YmEzNmFkZGMyYjJmOTQwMTU4MGYwMTRjN2Y1OGVhNGUzMDk4OWQiOjYsImN1cnJlbmN5IjoiVVNEIiwiX3ByZXZpb3VzIjp7InVybCI6Imh0dHA6XC9cL2xvY2FsaG9zdFwvYnV6emlmaWVkXC9wdWJsaWNcL3Byb3ZpZGVyXC9kb2N0b3ItYXBwb2ludG1lbnRcL2FwcG9pbnRtZW50c1wvNiIsInJvdXRlIjoicHJvdmlkZXIuZGEuYXBwb2ludG1lbnRzLnNob3cifSwiX2ZsYXNoIjp7Im9sZCI6W10sIm5ldyI6W119fQ==', 1780999494),
('bBn224uubVTGjQ10QHyyr00tHPSGLzoJIxgxjPOQ', 5, '::1', 'Mozilla/5.0 (Windows NT 10.0; Win64; x64) AppleWebKit/537.36 (KHTML, like Gecko) Chrome/150.0.0.0 Safari/537.36', 'eyJfdG9rZW4iOiJOTWVMTElEWDlaYWZNVXVDcHRlWm1odWlXNUlwcE52UUJONFoxMFREIiwiX3ByZXZpb3VzIjp7InVybCI6Imh0dHA6XC9cL2xvY2FsaG9zdFwvYnV6emlmaWVkXC9wdWJsaWNcL3BheW1lbnRcL3N1Y2Nlc3M/bWV0aG9kPXdhbGxldCZyZWZlcmVuY2VfaWQ9MTQmc291cmNlX3R5cGU9ZnRfYXBwb2ludG1lbnQiLCJyb3V0ZSI6InBheW1lbnRzLnN1Y2Nlc3MifSwiX2ZsYXNoIjp7Im9sZCI6W10sIm5ldyI6W119fQ==', 1784345328),
('v44EZj6zLaXxU0lHX8mLVr6KhfLURgo1xTkcUqNY', 6, '127.0.0.1', 'Mozilla/5.0 (Windows NT 10.0; Win64; x64; rv:153.0) Gecko/20100101 Firefox/153.0', 'eyJfdG9rZW4iOiJUaTNGaDVhMHp6M0lTdkFvajVaajRzUHBxWEFBVVo2RW9JaGxpa3BOIiwibG9naW5fd2ViXzU5YmEzNmFkZGMyYjJmOTQwMTU4MGYwMTRjN2Y1OGVhNGUzMDk4OWQiOjYsIl9wcmV2aW91cyI6eyJ1cmwiOiJodHRwOlwvXC9sb2NhbGhvc3RcL2J1enppZmllZFwvcHVibGljXC9wcm92aWRlclwvc3NcL2FwcG9pbnRtZW50c1wvMTYiLCJyb3V0ZSI6InByb3ZpZGVyLnNzLmFwcG9pbnRtZW50cy5zaG93In0sIl9mbGFzaCI6eyJvbGQiOltdLCJuZXciOltdfX0=', 1785846978),
('OaDRtrBKXMJON2jNyyctzX0bxfnlfjt73aTyCAAz', 6, '127.0.0.1', 'Mozilla/5.0 (Windows NT 10.0; Win64; x64; rv:153.0) Gecko/20100101 Firefox/153.0', 'eyJfdG9rZW4iOiJrbzN0U0RGT3RUeThralRnQkI1QnRlbHdhOXlEZG5nSWNaV2dGemdvIiwibG9naW5fd2ViXzU5YmEzNmFkZGMyYjJmOTQwMTU4MGYwMTRjN2Y1OGVhNGUzMDk4OWQiOjYsIl9wcmV2aW91cyI6eyJ1cmwiOiJodHRwOlwvXC9sb2NhbGhvc3RcL2J1enppZmllZFwvcHVibGljXC9wcm92aWRlclwvZml0bmVzc1wvYXBwb2ludG1lbnRzXC8xNyIsInJvdXRlIjoicHJvdmlkZXIuZml0bmVzcy5hcHBvaW50bWVudHMuc2hvdyJ9LCJfZmxhc2giOnsib2xkIjpbXSwibmV3IjpbXX19', 1785847462),
('RybBsgNIILW8ldXMYA03FrNbNcSaaVQ0AfAx7QU5', NULL, '127.0.0.1', 'Mozilla/5.0 (Windows NT 10.0; Win64; x64; rv:153.0) Gecko/20100101 Firefox/153.0', 'eyJfdG9rZW4iOiJzSDVNYlhhVXlUZXE5WmRkVnZLelhLa3VNNkYzVkdDWlZKdkVHZloxIiwiX3ByZXZpb3VzIjp7InVybCI6Imh0dHA6XC9cL2xvY2FsaG9zdFwvYnV6emlmaWVkXC9wdWJsaWNcL3ZlcmlmeS1vdHAiLCJyb3V0ZSI6Im90cC52ZXJpZnkifSwiX2ZsYXNoIjp7Im9sZCI6W10sIm5ldyI6W119fQ==', 1786011917),
('UljFdAaDwPurNhXpR1576aOwcOU0Z7zAgceRtbrs', NULL, '127.0.0.1', 'Mozilla/5.0 (Windows NT 10.0; Win64; x64; rv:153.0) Gecko/20100101 Firefox/153.0', 'eyJfdG9rZW4iOiJmMnNBODlWQ0dtMmJLMENzQTFldGdjU3lXRjNYS05OaWd6NXZNeTVvIiwidXJsIjp7ImludGVuZGVkIjoiaHR0cDpcL1wvbG9jYWxob3N0XC9idXp6aWZpZWRcL3B1YmxpY1wvcHJvdmlkZXJcL2ZpdG5lc3NcL2FwcG9pbnRtZW50cyJ9LCJfcHJldmlvdXMiOnsidXJsIjoiaHR0cDpcL1wvbG9jYWxob3N0XC9idXp6aWZpZWRcL3B1YmxpY1wvcHJvdmlkZXJcL2ZpdG5lc3NcL2FwcG9pbnRtZW50cyIsInJvdXRlIjoicHJvdmlkZXIuZml0bmVzcy5hcHBvaW50bWVudHMuaW5kZXgifSwiX2ZsYXNoIjp7Im9sZCI6W10sIm5ldyI6W119fQ==', 1787056039),
('h2zSxWFWmRdI71tMggb8gZJrLgDc6LQffVhNDwdy', NULL, '::1', 'Mozilla/5.0 (Windows NT 10.0; Win64; x64) AppleWebKit/537.36 (KHTML, like Gecko) Chrome/151.0.0.0 Safari/537.36', 'eyJfdG9rZW4iOiJJTFNsaDlOVjR5anNoQVFoT3N5a2xpWjR4Z1NyR3RNbDA3V0RZVlh4IiwiX3ByZXZpb3VzIjp7InVybCI6Imh0dHA6XC9cL2xvY2FsaG9zdFwvYnV6emlmaWVkXC9wdWJsaWNcL2UtY29tbWVyY2UiLCJyb3V0ZSI6ImVjb21tZXJjZS5pbmRleCJ9LCJfZmxhc2giOnsib2xkIjpbXSwibmV3IjpbXX19', 1787313167);

-- --------------------------------------------------------

--
-- Table structure for table `ss_appointments`
--

CREATE TABLE IF NOT EXISTS `ss_appointments` (
  `id` bigint UNSIGNED NOT NULL AUTO_INCREMENT,
  `user_id` bigint UNSIGNED NOT NULL,
  `provider_id` bigint UNSIGNED NOT NULL,
  `package_id` bigint UNSIGNED DEFAULT NULL,
  `staff_id` bigint UNSIGNED DEFAULT NULL,
  `appointment_ref` varchar(191) COLLATE utf8mb4_unicode_ci NOT NULL,
  `appointment_type` enum('at_salon','home_service') COLLATE utf8mb4_unicode_ci NOT NULL DEFAULT 'at_salon',
  `scheduled_date` date NOT NULL,
  `scheduled_time` time NOT NULL,
  `status` enum('draft','pending','confirmed','in_progress','completed','cancelled','no_show') COLLATE utf8mb4_unicode_ci NOT NULL DEFAULT 'draft',
  `payment_status` enum('unpaid','paid','refunded') COLLATE utf8mb4_unicode_ci NOT NULL DEFAULT 'unpaid',
  `payment_method` varchar(191) COLLATE utf8mb4_unicode_ci DEFAULT NULL,
  `total_price` decimal(10,2) NOT NULL DEFAULT '0.00',
  `total_duration_mins` int UNSIGNED NOT NULL DEFAULT '0',
  `customer_name` varchar(191) COLLATE utf8mb4_unicode_ci NOT NULL,
  `customer_phone` varchar(191) COLLATE utf8mb4_unicode_ci NOT NULL,
  `customer_address` text COLLATE utf8mb4_unicode_ci,
  `notes` text COLLATE utf8mb4_unicode_ci,
  `cancellation_reason` text COLLATE utf8mb4_unicode_ci,
  `review_requested` tinyint(1) NOT NULL DEFAULT '0',
  `confirmed_at` timestamp NULL DEFAULT NULL,
  `completed_at` timestamp NULL DEFAULT NULL,
  `cancelled_at` timestamp NULL DEFAULT NULL,
  `created_at` timestamp NULL DEFAULT NULL,
  `updated_at` timestamp NULL DEFAULT NULL,
  PRIMARY KEY (`id`),
  UNIQUE KEY `ss_appointments_appointment_ref_unique` (`appointment_ref`),
  KEY `ss_appointments_staff_id_foreign` (`staff_id`),
  KEY `ss_appointments_provider_id_scheduled_date_index` (`provider_id`,`scheduled_date`),
  KEY `ss_appointments_user_id_status_index` (`user_id`,`status`),
  KEY `ss_appointments_status_index` (`status`),
  KEY `ss_appointments_package_id_foreign` (`package_id`)
) ENGINE=MyISAM AUTO_INCREMENT=20 DEFAULT CHARSET=utf8mb4 COLLATE=utf8mb4_unicode_ci;

--
-- Dumping data for table `ss_appointments`
--

INSERT INTO `ss_appointments` (`id`, `user_id`, `provider_id`, `package_id`, `staff_id`, `appointment_ref`, `appointment_type`, `scheduled_date`, `scheduled_time`, `status`, `payment_status`, `payment_method`, `total_price`, `total_duration_mins`, `customer_name`, `customer_phone`, `customer_address`, `notes`, `cancellation_reason`, `review_requested`, `confirmed_at`, `completed_at`, `cancelled_at`, `created_at`, `updated_at`) VALUES
(1, 5, 5, NULL, 1, 'SS-PQIPNAWW', 'at_salon', '2026-06-08', '09:00:00', 'completed', 'paid', 'stripe', 10.00, 30, 'user3', '09878787878', NULL, 'gooasds', NULL, 0, '2026-06-08 08:08:35', '2026-06-08 08:16:04', NULL, '2026-06-08 08:01:00', '2026-06-08 08:16:04'),
(2, 5, 5, NULL, 2, 'SS-QJORFQ1T', 'at_salon', '2026-06-09', '09:00:00', 'completed', 'paid', 'stripe', 40.00, 60, 'user3', '0677824359', NULL, 'sdjflksjf sfkjsdf', NULL, 0, '2026-06-08 08:31:01', '2026-06-08 08:33:50', NULL, '2026-06-08 08:30:37', '2026-06-08 08:33:50'),
(3, 5, 5, NULL, NULL, 'SS-ECZ3FRBL', 'at_salon', '2026-06-09', '09:00:00', 'cancelled', 'paid', 'stripe', 10.00, 30, 'user3', '0677824359', NULL, 'sss', NULL, 0, '2026-06-08 08:38:41', NULL, '2026-06-08 08:48:05', '2026-06-08 08:38:17', '2026-06-08 08:48:05'),
(4, 5, 5, NULL, NULL, 'SS-RLJAE70M', 'at_salon', '2026-06-09', '09:00:00', 'completed', 'paid', 'cash', 10.00, 30, 'user3', '0677824359', NULL, NULL, NULL, 0, '2026-06-08 08:51:36', '2026-06-08 08:52:47', NULL, '2026-06-08 08:49:22', '2026-06-08 08:52:47'),
(5, 5, 5, 1, NULL, 'SS-NCEBYRUG', 'at_salon', '2026-06-09', '09:00:00', 'completed', 'paid', 'stripe', 40.00, 75, 'user3', '0677824359', NULL, 'test', NULL, 0, '2026-06-09 02:55:47', '2026-06-09 02:56:17', NULL, '2026-06-09 02:44:26', '2026-06-09 02:56:17'),
(6, 5, 5, NULL, NULL, 'SS-3L4GL3S2', 'at_salon', '2026-06-09', '09:00:00', 'completed', 'paid', 'stripe', 30.00, 30, 'user3', '0677824359', NULL, NULL, NULL, 0, '2026-06-09 04:15:06', '2026-06-09 04:15:14', NULL, '2026-06-09 04:12:49', '2026-06-09 04:15:14'),
(7, 5, 5, NULL, NULL, 'SS-VOCJRVDD', 'at_salon', '2026-06-09', '09:00:00', 'completed', 'paid', 'stripe', 10.00, 30, 'user3', '0677824359', NULL, NULL, NULL, 0, '2026-06-09 04:21:18', '2026-06-09 04:21:29', NULL, '2026-06-09 04:19:48', '2026-06-09 04:21:29'),
(8, 5, 5, NULL, 1, 'SS-OUUPIMRW', 'at_salon', '2026-07-15', '09:30:00', 'completed', 'paid', 'stripe', 35.00, 45, 'User Singh', '917458965856', NULL, 'sfsd', NULL, 0, '2026-07-15 05:51:51', '2026-07-15 05:52:07', NULL, '2026-07-15 05:50:48', '2026-07-15 05:52:07'),
(9, 5, 5, NULL, NULL, 'SS-AJSXS5XO', 'at_salon', '2026-07-16', '09:15:00', 'cancelled', 'refunded', 'wallet', 10.00, 30, 'User Singh', '917458965856', NULL, NULL, NULL, 0, NULL, NULL, '2026-07-16 08:32:17', '2026-07-16 08:23:45', '2026-07-16 08:32:17'),
(10, 5, 5, NULL, NULL, 'SS-ILXTERMH', 'at_salon', '2026-07-16', '09:00:00', 'cancelled', 'unpaid', 'cash', 30.00, 30, 'User Singh', '917458965856', NULL, NULL, NULL, 0, NULL, NULL, '2026-07-16 08:33:15', '2026-07-16 08:32:56', '2026-07-16 08:33:15'),
(11, 5, 5, NULL, NULL, 'SS-CSVCUKJQ', 'at_salon', '2026-07-21', '09:30:00', 'pending', 'unpaid', NULL, 30.00, 30, 'User Singh', '917458965856', NULL, NULL, NULL, 0, NULL, NULL, NULL, '2026-07-18 05:02:06', '2026-07-18 05:02:06'),
(12, 5, 5, NULL, NULL, 'SS-FGS9NUVB', 'at_salon', '2026-07-21', '16:45:00', 'pending', 'unpaid', NULL, 10.00, 30, 'User Singh', '917458965856', NULL, NULL, NULL, 0, NULL, NULL, NULL, '2026-07-18 05:20:03', '2026-07-18 05:20:03'),
(13, 5, 5, NULL, NULL, 'SS-G6HU4HFO', 'at_salon', '2026-07-24', '09:30:00', 'cancelled', 'refunded', 'wallet', 30.00, 30, 'User Singh', '917458965856', NULL, NULL, NULL, 0, NULL, NULL, '2026-07-18 05:28:29', '2026-07-18 05:27:59', '2026-07-18 05:28:29'),
(14, 5, 5, NULL, NULL, 'SS-WZJJHIXW', 'at_salon', '2026-08-04', '09:15:00', 'pending', 'unpaid', NULL, 30.00, 30, 'User Singh', '917458965856', NULL, NULL, NULL, 0, NULL, NULL, NULL, '2026-08-04 06:54:19', '2026-08-04 06:54:19'),
(15, 5, 5, NULL, NULL, 'SS-DQDQK1QL', 'at_salon', '2026-08-04', '09:45:00', 'completed', 'paid', 'wallet', 35.40, 30, 'User Singh', '917458965856', NULL, NULL, NULL, 0, NULL, '2026-08-04 06:59:38', NULL, '2026-08-04 06:58:35', '2026-08-04 06:59:38'),
(16, 5, 5, NULL, NULL, 'SS-BWAVKK6D', 'at_salon', '2026-08-04', '12:30:00', 'cancelled', 'refunded', 'wallet', 11.80, 30, 'User Singh', '917458965856', NULL, NULL, NULL, 0, NULL, NULL, '2026-08-04 07:06:15', '2026-08-04 07:03:30', '2026-08-04 07:06:15'),
(17, 27, 27, NULL, NULL, 'SS-LYYDV9UF', 'at_salon', '2026-08-18', '09:15:00', 'completed', 'paid', 'wallet', 11.80, 30, 'John Doe', '+91 9876543210', NULL, 'sf', NULL, 0, '2026-08-17 13:13:52', '2026-08-17 13:14:08', NULL, '2026-08-17 12:49:20', '2026-08-17 13:14:08'),
(18, 27, 27, NULL, 3, 'SS-10YLXKQG', 'at_salon', '2026-08-19', '09:00:00', 'completed', 'paid', 'cash', 11.80, 30, 'John Doe', '+91 9876543210', NULL, NULL, NULL, 0, '2026-08-17 13:20:46', '2026-08-17 13:20:58', NULL, '2026-08-17 13:15:31', '2026-08-17 13:20:58'),
(19, 27, 27, NULL, NULL, 'SS-N46UU4BQ', 'at_salon', '2026-08-20', '09:30:00', 'pending', 'paid', 'stripe', 11.80, 30, 'John', '+91 9876543210', NULL, NULL, NULL, 0, NULL, NULL, NULL, '2026-08-19 06:33:48', '2026-08-19 06:34:33');

-- --------------------------------------------------------

--
-- Table structure for table `ss_appointment_services`
--

CREATE TABLE IF NOT EXISTS `ss_appointment_services` (
  `id` bigint UNSIGNED NOT NULL AUTO_INCREMENT,
  `appointment_id` bigint UNSIGNED NOT NULL,
  `service_id` bigint UNSIGNED DEFAULT NULL,
  `service_name` varchar(191) COLLATE utf8mb4_unicode_ci NOT NULL,
  `price` decimal(10,2) NOT NULL DEFAULT '0.00',
  `duration_mins` int UNSIGNED NOT NULL DEFAULT '0',
  PRIMARY KEY (`id`),
  KEY `ss_appointment_services_appointment_id_foreign` (`appointment_id`),
  KEY `ss_appointment_services_service_id_foreign` (`service_id`)
) ENGINE=MyISAM AUTO_INCREMENT=24 DEFAULT CHARSET=utf8mb4 COLLATE=utf8mb4_unicode_ci;

--
-- Dumping data for table `ss_appointment_services`
--

INSERT INTO `ss_appointment_services` (`id`, `appointment_id`, `service_id`, `service_name`, `price`, `duration_mins`) VALUES
(1, 1, 1, 'Hircur', 10.00, 30),
(2, 2, 1, 'Hircur', 10.00, 30),
(3, 2, 2, 'Facial', 30.00, 30),
(4, 3, 1, 'Hircur', 10.00, 30),
(5, 4, 1, 'Hircur', 10.00, 30),
(6, 5, 1, 'Hircur', 10.00, 30),
(7, 5, 2, 'Facial', 30.00, 30),
(8, 5, 3, 'Manicure ladies', 5.00, 15),
(9, 6, 2, 'Facial', 30.00, 30),
(10, 7, 1, 'Hircur', 10.00, 30),
(11, 8, 2, 'Facial', 30.00, 30),
(12, 8, 3, 'Manicure ladies', 5.00, 15),
(13, 9, 1, 'Hircur', 10.00, 30),
(14, 10, 2, 'Facial', 30.00, 30),
(15, 11, 2, 'Facial', 30.00, 30),
(16, 12, 1, 'Hircur', 10.00, 30),
(17, 13, 2, 'Facial', 30.00, 30),
(18, 14, 2, 'Facial', 30.00, 30),
(19, 15, 2, 'Facial', 30.00, 30),
(20, 16, 1, 'Hircur', 10.00, 30),
(21, 17, 4, 'Haircut', 10.00, 30),
(22, 18, 4, 'Haircut', 10.00, 30),
(23, 19, 4, 'Haircut', 10.00, 30);

-- --------------------------------------------------------

--
-- Table structure for table `ss_gallery`
--

CREATE TABLE IF NOT EXISTS `ss_gallery` (
  `id` bigint UNSIGNED NOT NULL AUTO_INCREMENT,
  `provider_id` bigint UNSIGNED NOT NULL,
  `image_path` varchar(191) COLLATE utf8mb4_unicode_ci NOT NULL,
  `caption` varchar(191) COLLATE utf8mb4_unicode_ci DEFAULT NULL,
  `type` enum('portfolio','before_after','salon') COLLATE utf8mb4_unicode_ci NOT NULL DEFAULT 'portfolio',
  `sort_order` int UNSIGNED NOT NULL DEFAULT '0',
  `created_at` timestamp NULL DEFAULT NULL,
  `updated_at` timestamp NULL DEFAULT NULL,
  PRIMARY KEY (`id`),
  KEY `ss_gallery_provider_id_type_index` (`provider_id`,`type`)
) ENGINE=MyISAM AUTO_INCREMENT=7 DEFAULT CHARSET=utf8mb4 COLLATE=utf8mb4_unicode_ci;

--
-- Dumping data for table `ss_gallery`
--

INSERT INTO `ss_gallery` (`id`, `provider_id`, `image_path`, `caption`, `type`, `sort_order`, `created_at`, `updated_at`) VALUES
(1, 5, 'ss/gallery/nXDTUY8Ro1Qc7edpkYhjh9ulsr6JVvouGcFTLARO.jpg', 'gallary', 'portfolio', 1, '2026-06-08 08:56:45', '2026-06-08 08:56:45'),
(2, 5, 'ss/gallery/XOaPgtFDGErwbez44Pi6JyriyCCHd1svfBufTEB3.jpg', 'gallary', 'portfolio', 2, '2026-06-08 08:56:45', '2026-06-08 08:56:45'),
(3, 5, 'ss/gallery/pQhnbKmEVbwQD4D1qhdIUEjz6DtEoqzrA1CXq8MM.png', NULL, 'before_after', 3, '2026-06-09 00:04:00', '2026-06-09 00:04:00'),
(4, 5, 'ss/gallery/ZmBf4uNzT2hLGSZXayn7zxcf6qEn6X9N1pySq7Gb.jpg', NULL, 'before_after', 4, '2026-06-09 00:04:00', '2026-06-09 00:04:00'),
(5, 5, 'ss/gallery/WiBWMtY6JBq9aBq84Kb2rdznq8KATNjy2bplSqf6.webp', 'interior', 'salon', 5, '2026-06-09 00:05:00', '2026-06-09 00:05:00'),
(6, 5, 'ss/gallery/RxXss3Ij1s99EVLa5JAAfLl82GAKgsx3iQMt9508.jpg', 'banner', 'portfolio', 6, '2026-06-09 00:07:56', '2026-06-09 00:07:56');

-- --------------------------------------------------------

--
-- Table structure for table `ss_packages`
--

CREATE TABLE IF NOT EXISTS `ss_packages` (
  `id` bigint UNSIGNED NOT NULL AUTO_INCREMENT,
  `provider_id` bigint UNSIGNED NOT NULL,
  `name` varchar(191) COLLATE utf8mb4_unicode_ci NOT NULL,
  `slug` varchar(191) COLLATE utf8mb4_unicode_ci NOT NULL,
  `description` text COLLATE utf8mb4_unicode_ci,
  `price` decimal(10,2) NOT NULL DEFAULT '0.00',
  `base_price` decimal(10,2) NOT NULL DEFAULT '0.00',
  `currency_code` varchar(3) COLLATE utf8mb4_unicode_ci DEFAULT NULL,
  `exchange_rate` decimal(15,8) NOT NULL DEFAULT '1.00000000',
  `duration_mins` int UNSIGNED NOT NULL DEFAULT '0',
  `image` varchar(191) COLLATE utf8mb4_unicode_ci DEFAULT NULL,
  `status` enum('active','inactive') COLLATE utf8mb4_unicode_ci NOT NULL DEFAULT 'active',
  `sort_order` int UNSIGNED NOT NULL DEFAULT '0',
  `created_at` timestamp NULL DEFAULT NULL,
  `updated_at` timestamp NULL DEFAULT NULL,
  PRIMARY KEY (`id`),
  KEY `ss_packages_provider_id_status_index` (`provider_id`,`status`)
) ENGINE=MyISAM AUTO_INCREMENT=2 DEFAULT CHARSET=utf8mb4 COLLATE=utf8mb4_unicode_ci;

--
-- Dumping data for table `ss_packages`
--

INSERT INTO `ss_packages` (`id`, `provider_id`, `name`, `slug`, `description`, `price`, `base_price`, `currency_code`, `exchange_rate`, `duration_mins`, `image`, `status`, `sort_order`, `created_at`, `updated_at`) VALUES
(1, 5, 'Bridal package', 'bridal-package-dJfS', 'facial, mackup, dress', 40.00, 40.00, 'USD', 1.00000000, 75, 'ss/packages/9uSqdPGDT67YofhM8k327EXE8q1VBFydcWG9AJgg.jpg', 'active', 0, '2026-06-09 02:37:19', '2026-06-09 02:37:19');

-- --------------------------------------------------------

--
-- Table structure for table `ss_package_services`
--

CREATE TABLE IF NOT EXISTS `ss_package_services` (
  `id` bigint UNSIGNED NOT NULL AUTO_INCREMENT,
  `package_id` bigint UNSIGNED NOT NULL,
  `service_id` bigint UNSIGNED NOT NULL,
  PRIMARY KEY (`id`),
  UNIQUE KEY `ss_package_services_package_id_service_id_unique` (`package_id`,`service_id`),
  KEY `ss_package_services_service_id_foreign` (`service_id`)
) ENGINE=MyISAM AUTO_INCREMENT=4 DEFAULT CHARSET=utf8mb4 COLLATE=utf8mb4_unicode_ci;

--
-- Dumping data for table `ss_package_services`
--

INSERT INTO `ss_package_services` (`id`, `package_id`, `service_id`) VALUES
(1, 1, 1),
(2, 1, 2),
(3, 1, 3);

-- --------------------------------------------------------

--
-- Table structure for table `ss_promotions`
--

CREATE TABLE IF NOT EXISTS `ss_promotions` (
  `id` bigint UNSIGNED NOT NULL AUTO_INCREMENT,
  `provider_id` bigint UNSIGNED NOT NULL,
  `promotion_plan_id` bigint UNSIGNED NOT NULL,
  `promotion_type` varchar(191) COLLATE utf8mb4_unicode_ci NOT NULL,
  `status` enum('pending','active','expired','cancelled') COLLATE utf8mb4_unicode_ci NOT NULL DEFAULT 'pending',
  `start_date` timestamp NULL DEFAULT NULL,
  `end_date` timestamp NULL DEFAULT NULL,
  `payment_id` bigint UNSIGNED DEFAULT NULL,
  `created_at` timestamp NULL DEFAULT NULL,
  `updated_at` timestamp NULL DEFAULT NULL,
  PRIMARY KEY (`id`),
  KEY `ss_promotions_promotion_plan_id_foreign` (`promotion_plan_id`),
  KEY `ss_promotions_payment_id_foreign` (`payment_id`),
  KEY `ss_promotions_provider_id_status_index` (`provider_id`,`status`),
  KEY `ss_promotions_status_end_date_index` (`status`,`end_date`)
) ENGINE=MyISAM AUTO_INCREMENT=3 DEFAULT CHARSET=utf8mb4 COLLATE=utf8mb4_unicode_ci;

--
-- Dumping data for table `ss_promotions`
--

INSERT INTO `ss_promotions` (`id`, `provider_id`, `promotion_plan_id`, `promotion_type`, `status`, `start_date`, `end_date`, `payment_id`, `created_at`, `updated_at`) VALUES
(1, 5, 8, 'featured_salon', 'active', '2026-06-08 09:11:36', '2026-06-15 09:11:36', 27, '2026-06-08 09:11:06', '2026-06-08 09:11:36'),
(2, 5, 8, 'featured_salon', 'active', '2026-08-23 03:36:13', '2026-08-30 03:36:13', 191, '2026-08-23 03:36:08', '2026-08-23 03:36:13');

-- --------------------------------------------------------

--
-- Table structure for table `ss_services`
--

CREATE TABLE IF NOT EXISTS `ss_services` (
  `id` bigint UNSIGNED NOT NULL AUTO_INCREMENT,
  `provider_id` bigint UNSIGNED NOT NULL,
  `category_id` bigint UNSIGNED DEFAULT NULL,
  `name` varchar(191) COLLATE utf8mb4_unicode_ci NOT NULL,
  `slug` varchar(191) COLLATE utf8mb4_unicode_ci NOT NULL,
  `description` text COLLATE utf8mb4_unicode_ci,
  `price` decimal(10,2) NOT NULL DEFAULT '0.00',
  `base_price` decimal(10,2) NOT NULL DEFAULT '0.00',
  `currency_code` varchar(3) COLLATE utf8mb4_unicode_ci DEFAULT NULL,
  `exchange_rate` decimal(15,8) NOT NULL DEFAULT '1.00000000',
  `duration_mins` int UNSIGNED NOT NULL DEFAULT '30',
  `image` varchar(191) COLLATE utf8mb4_unicode_ci DEFAULT NULL,
  `status` enum('active','inactive') COLLATE utf8mb4_unicode_ci NOT NULL DEFAULT 'active',
  `sort_order` int UNSIGNED NOT NULL DEFAULT '0',
  `created_at` timestamp NULL DEFAULT NULL,
  `updated_at` timestamp NULL DEFAULT NULL,
  PRIMARY KEY (`id`),
  KEY `ss_services_category_id_foreign` (`category_id`),
  KEY `ss_services_provider_id_status_index` (`provider_id`,`status`)
) ENGINE=MyISAM AUTO_INCREMENT=5 DEFAULT CHARSET=utf8mb4 COLLATE=utf8mb4_unicode_ci;

--
-- Dumping data for table `ss_services`
--

INSERT INTO `ss_services` (`id`, `provider_id`, `category_id`, `name`, `slug`, `description`, `price`, `base_price`, `currency_code`, `exchange_rate`, `duration_mins`, `image`, `status`, `sort_order`, `created_at`, `updated_at`) VALUES
(1, 5, 49, 'Hircur', 'hircur-z3XM', 'good hair cut', 10.00, 10.00, 'USD', 1.00000000, 30, 'ss/services/vYIhYbeu12eCkxzxW7pEl4bnJBofowc6oUan2W1p.jpg', 'active', 0, '2026-06-08 07:54:01', '2026-06-08 07:54:01'),
(2, 5, 52, 'Facial', 'facial-gZRP', 'good facial , clean', 30.00, 30.00, 'USD', 1.00000000, 30, 'ss/services/EEy5wchXJ5w6qvOk1NMik36qx4y6C67GJ00pbSgn.jpg', 'active', 0, '2026-06-08 07:55:05', '2026-06-08 07:55:05'),
(3, 5, 53, 'Manicure ladies', 'manicure-ladies-VX3b', 'manicure with good shap', 5.00, 5.00, 'USD', 1.00000000, 15, 'ss/services/1nFXIFqtGkf171paSP3FbXK71wcnqlyHaLLcDvMU.jpg', 'active', 0, '2026-06-08 07:56:27', '2026-06-08 07:56:27'),
(4, 27, 49, 'Haircut', 'haircut-6Fz4', 'sdfsdfsdf', 10.00, 10.00, 'USD', 1.00000000, 30, 'ss/services/nfWoo7un0KZBcx2QpzF0LKYaPelAO5hsdBctTjub.webp', 'active', 0, '2026-08-17 12:47:50', '2026-08-17 12:47:50');

-- --------------------------------------------------------

--
-- Table structure for table `ss_staff`
--

CREATE TABLE IF NOT EXISTS `ss_staff` (
  `id` bigint UNSIGNED NOT NULL AUTO_INCREMENT,
  `provider_id` bigint UNSIGNED NOT NULL,
  `name` varchar(191) COLLATE utf8mb4_unicode_ci NOT NULL,
  `email` varchar(191) COLLATE utf8mb4_unicode_ci DEFAULT NULL,
  `mobile` varchar(191) COLLATE utf8mb4_unicode_ci DEFAULT NULL,
  `designation` varchar(191) COLLATE utf8mb4_unicode_ci DEFAULT NULL,
  `photo` varchar(191) COLLATE utf8mb4_unicode_ci DEFAULT NULL,
  `status` enum('active','inactive') COLLATE utf8mb4_unicode_ci NOT NULL DEFAULT 'active',
  `created_at` timestamp NULL DEFAULT NULL,
  `updated_at` timestamp NULL DEFAULT NULL,
  PRIMARY KEY (`id`),
  KEY `ss_staff_provider_id_status_index` (`provider_id`,`status`)
) ENGINE=MyISAM AUTO_INCREMENT=4 DEFAULT CHARSET=utf8mb4 COLLATE=utf8mb4_unicode_ci;

--
-- Dumping data for table `ss_staff`
--

INSERT INTO `ss_staff` (`id`, `provider_id`, `name`, `email`, `mobile`, `designation`, `photo`, `status`, `created_at`, `updated_at`) VALUES
(1, 5, 'Hassal', NULL, NULL, 'Senior Guy', NULL, 'active', '2026-06-08 07:58:26', '2026-06-08 07:58:26'),
(2, 5, 'Mitali', NULL, NULL, 'Ladies', NULL, 'active', '2026-06-08 07:59:07', '2026-06-08 07:59:07'),
(3, 27, 'Staff1', NULL, NULL, 'Srinor', NULL, 'active', '2026-08-17 13:14:41', '2026-08-17 13:14:41');

-- --------------------------------------------------------

--
-- Table structure for table `ss_staff_services`
--

CREATE TABLE IF NOT EXISTS `ss_staff_services` (
  `id` bigint UNSIGNED NOT NULL AUTO_INCREMENT,
  `staff_id` bigint UNSIGNED NOT NULL,
  `service_id` bigint UNSIGNED NOT NULL,
  PRIMARY KEY (`id`),
  UNIQUE KEY `ss_staff_services_staff_id_service_id_unique` (`staff_id`,`service_id`),
  KEY `ss_staff_services_service_id_foreign` (`service_id`)
) ENGINE=MyISAM AUTO_INCREMENT=5 DEFAULT CHARSET=utf8mb4 COLLATE=utf8mb4_unicode_ci;

--
-- Dumping data for table `ss_staff_services`
--

INSERT INTO `ss_staff_services` (`id`, `staff_id`, `service_id`) VALUES
(1, 1, 1),
(2, 1, 2),
(3, 2, 2),
(4, 2, 3);

-- --------------------------------------------------------

--
-- Table structure for table `user_payouts`
--

CREATE TABLE IF NOT EXISTS `user_payouts` (
  `id` bigint UNSIGNED NOT NULL AUTO_INCREMENT,
  `user_id` bigint UNSIGNED NOT NULL,
  `amount` decimal(12,2) NOT NULL DEFAULT '0.00',
  `method` varchar(191) COLLATE utf8mb4_unicode_ci DEFAULT NULL COMMENT 'bank_transfer | upi | cheque',
  `notes` text COLLATE utf8mb4_unicode_ci,
  `status` varchar(191) COLLATE utf8mb4_unicode_ci NOT NULL DEFAULT 'pending',
  `requested_at` timestamp NULL DEFAULT NULL,
  `processed_at` timestamp NULL DEFAULT NULL,
  `paid_at` timestamp NULL DEFAULT NULL,
  `rejection_reason` varchar(191) COLLATE utf8mb4_unicode_ci DEFAULT NULL,
  `processed_by` bigint UNSIGNED DEFAULT NULL,
  `created_at` timestamp NULL DEFAULT NULL,
  `updated_at` timestamp NULL DEFAULT NULL,
  PRIMARY KEY (`id`),
  KEY `user_payouts_user_id_foreign` (`user_id`),
  KEY `user_payouts_processed_by_foreign` (`processed_by`)
) ENGINE=MyISAM AUTO_INCREMENT=3 DEFAULT CHARSET=utf8mb4 COLLATE=utf8mb4_unicode_ci;

--
-- Dumping data for table `user_payouts`
--

INSERT INTO `user_payouts` (`id`, `user_id`, `amount`, `method`, `notes`, `status`, `requested_at`, `processed_at`, `paid_at`, `rejection_reason`, `processed_by`, `created_at`, `updated_at`) VALUES
(1, 5, 20.00, 'upi', 'djfsdf@upi.com', 'rejected', '2026-07-07 11:52:46', '2026-07-07 12:17:38', NULL, 'not allowed', 1, '2026-07-07 11:52:46', '2026-07-07 12:17:38'),
(2, 5, 13.00, 'bank_transfer', 'sss', 'paid', '2026-07-07 12:23:39', '2026-07-07 12:24:16', '2026-07-07 12:24:16', NULL, 1, '2026-07-07 12:23:39', '2026-07-07 12:24:16');

-- --------------------------------------------------------

--
-- Table structure for table `user_wallet_transactions`
--

CREATE TABLE IF NOT EXISTS `user_wallet_transactions` (
  `id` bigint UNSIGNED NOT NULL AUTO_INCREMENT,
  `user_id` bigint UNSIGNED NOT NULL,
  `type` enum('credit','debit') COLLATE utf8mb4_unicode_ci NOT NULL,
  `amount` decimal(10,2) NOT NULL,
  `description` varchar(191) COLLATE utf8mb4_unicode_ci DEFAULT NULL,
  `reference_type` varchar(191) COLLATE utf8mb4_unicode_ci DEFAULT NULL,
  `reference_id` bigint UNSIGNED DEFAULT NULL,
  `created_at` timestamp NULL DEFAULT NULL,
  `updated_at` timestamp NULL DEFAULT NULL,
  PRIMARY KEY (`id`),
  KEY `user_wallet_transactions_user_id_foreign` (`user_id`)
) ENGINE=MyISAM AUTO_INCREMENT=67 DEFAULT CHARSET=utf8mb4 COLLATE=utf8mb4_unicode_ci;

--
-- Dumping data for table `user_wallet_transactions`
--

INSERT INTO `user_wallet_transactions` (`id`, `user_id`, `type`, `amount`, `description`, `reference_type`, `reference_id`, `created_at`, `updated_at`) VALUES
(1, 5, 'credit', 23.00, 'Refund for cancelled order ORD-2DD35D0171', 'ec_order', 10, '2026-07-05 07:30:43', '2026-07-05 07:30:43'),
(2, 5, 'credit', 40.00, 'Refund for cancelled order ORD-ADBA5456F4', 'ec_order', 13, '2026-07-05 07:44:30', '2026-07-05 07:44:30'),
(3, 5, 'debit', 20.00, 'Payment for ec_order #15', 'ec_order', 15, '2026-07-07 07:52:10', '2026-07-07 07:52:10'),
(4, 5, 'debit', 20.00, 'Withdrawal request', 'user_payout', 1, '2026-07-07 11:52:46', '2026-07-07 11:52:46'),
(5, 5, 'credit', 20.00, 'Refund for rejected withdrawal request', 'user_payout', 1, '2026-07-07 12:17:38', '2026-07-07 12:17:38'),
(6, 5, 'debit', 13.00, 'Withdrawal request', 'user_payout', 2, '2026-07-07 12:23:39', '2026-07-07 12:23:39'),
(7, 5, 'debit', 23.00, 'Payment for ec_order #17', 'ec_order', 17, '2026-07-11 05:56:05', '2026-07-11 05:56:05'),
(8, 5, 'credit', 123.20, 'Refund for cancelled parcel #PD-EBAHFL03', NULL, 16, '2026-07-16 07:29:26', '2026-07-16 07:29:26'),
(9, 5, 'credit', 54.76, 'Refund for cancelled parcel #PD-POJMOUMT', NULL, 17, '2026-07-16 07:35:05', '2026-07-16 07:35:05'),
(10, 5, 'debit', 108.70, 'Payment for hs_booking #35', 'hs_booking', 35, '2026-07-16 07:40:03', '2026-07-16 07:40:03'),
(11, 5, 'debit', 20.00, 'Payment for hs_booking #36', 'hs_booking', 36, '2026-07-16 08:14:10', '2026-07-16 08:14:10'),
(12, 5, 'debit', 20.00, 'Payment for hs_booking #37', 'hs_booking', 37, '2026-07-16 08:16:19', '2026-07-16 08:16:19'),
(13, 5, 'credit', 20.00, 'Refund for cancelled home service booking #HS-YU4Y94SI', 'hs_booking', 37, '2026-07-16 08:17:28', '2026-07-16 08:17:28'),
(14, 5, 'debit', 50.00, 'Payment for da_appointment #9', 'da_appointment', 9, '2026-07-16 08:18:42', '2026-07-16 08:18:42'),
(15, 5, 'credit', 50.00, 'Refund for cancelled appointment #DA-QL8G78T3', 'da_appointment', 10, '2026-07-16 08:23:00', '2026-07-16 08:23:00'),
(16, 5, 'debit', 10.00, 'Payment for ss_appointment #9', 'ss_appointment', 9, '2026-07-16 08:23:50', '2026-07-16 08:23:50'),
(17, 5, 'credit', 10.00, 'Refund for cancelled salon/spa appointment #SS-AJSXS5XO', 'ss_appointment', 9, '2026-07-16 08:32:17', '2026-07-16 08:32:17'),
(18, 5, 'debit', 20.00, 'Payment for ft_appointment #14', 'ft_appointment', 14, '2026-07-17 21:58:45', '2026-07-17 21:58:45'),
(19, 5, 'credit', 20.00, 'Refund for cancelled fitness appointment #14', 'ft_appointment', 14, '2026-07-17 22:05:52', '2026-07-17 22:05:52'),
(20, 5, 'debit', 20.00, 'Payment for ft_appointment #15', 'ft_appointment', 15, '2026-07-17 22:06:50', '2026-07-17 22:06:50'),
(21, 5, 'debit', 20.00, 'Payment for ft_appointment #15', 'ft_appointment', 15, '2026-07-17 22:07:14', '2026-07-17 22:07:14'),
(22, 5, 'credit', 20.00, 'Refund for cancelled fitness appointment #15 by Provider', 'ft_appointment', 15, '2026-07-17 22:12:42', '2026-07-17 22:12:42'),
(23, 5, 'debit', 45.91, 'Payment for pd_parcel #18', 'pd_parcel', 18, '2026-07-17 22:16:17', '2026-07-17 22:16:17'),
(24, 5, 'credit', 45.91, 'Refund for cancelled parcel #PD-WC7YIMBP', 'pd_parcel', 18, '2026-07-17 22:17:08', '2026-07-17 22:17:08'),
(25, 5, 'debit', 20.00, 'Payment for hs_booking #38', 'hs_booking', 38, '2026-07-17 22:22:31', '2026-07-17 22:22:31'),
(26, 5, 'debit', 20.00, 'Payment for hs_booking #39', 'hs_booking', 39, '2026-07-17 22:27:46', '2026-07-17 22:27:46'),
(27, 5, 'credit', 20.00, 'Refund for cancelled home service booking #HS-Q4VSGVG0 by Provider', 'hs_booking', 39, '2026-07-17 22:28:18', '2026-07-17 22:28:18'),
(28, 5, 'debit', 30.00, 'Payment for ss_appointment #13', 'ss_appointment', 13, '2026-07-18 05:28:11', '2026-07-18 05:28:11'),
(29, 5, 'credit', 30.00, 'Refund for cancelled salon appointment #SS-G6HU4HFO by Provider', 'ss_appointment', 13, '2026-07-18 05:28:29', '2026-07-18 05:28:29'),
(30, 5, 'credit', 500.00, 'Refund for cancelled home service booking #HS-7AUTMUOM by Provider', 'hs_booking', 43, '2026-07-18 07:09:17', '2026-07-18 07:09:17'),
(31, 5, 'debit', 50.00, 'Payment for da_appointment #12', 'da_appointment', 12, '2026-07-18 07:23:55', '2026-07-18 07:23:55'),
(32, 5, 'credit', 50.00, 'Refund for cancelled doctor appointment #DA-ESUX6X2A by Provider', 'da_appointment', 12, '2026-07-18 07:24:19', '2026-07-18 07:24:19'),
(33, 5, 'debit', 100.00, 'Payment for ft_appointment #16', 'ft_appointment', 16, '2026-07-18 07:26:44', '2026-07-18 07:26:44'),
(34, 5, 'credit', 100.00, 'Refund for cancelled fitness appointment #16 by Provider', 'ft_appointment', 16, '2026-07-18 07:37:06', '2026-07-18 07:37:06'),
(35, 5, 'debit', 51.00, 'Payment for pd_parcel #19', 'pd_parcel', 19, '2026-07-18 07:39:34', '2026-07-18 07:39:34'),
(36, 5, 'credit', 51.00, 'Refund for cancelled parcel #PD-ZH7JLLMU by Provider', 'pd_parcel', 19, '2026-07-18 07:39:49', '2026-07-18 07:39:49'),
(37, 5, 'debit', 20.00, 'Payment for ec_order #20', 'ec_order', 20, '2026-07-18 07:47:26', '2026-07-18 07:47:26'),
(38, 5, 'credit', 20.00, 'Refund for cancelled order ORD-9F420A8109', 'ec_order', 20, '2026-07-18 07:48:20', '2026-07-18 07:48:20'),
(39, 5, 'debit', 163.15, 'Payment for ec_order #21', 'ec_order', 21, '2026-07-21 11:43:21', '2026-07-21 11:43:21'),
(40, 5, 'credit', 400.00, 'Refund for cancelled home service booking #HS-D32HNWNQ by Provider', 'hs_booking', 52, '2026-07-24 07:40:24', '2026-07-24 07:40:24'),
(41, 5, 'credit', 35.00, 'Refund for cancelled parcel #PD-JJWGIMWO by Provider', 'pd_parcel', 4, '2026-08-03 00:07:55', '2026-08-03 00:07:55'),
(42, 5, 'debit', 56.44, 'Payment for pd_parcel #20', 'pd_parcel', 20, '2026-08-03 05:39:02', '2026-08-03 05:39:02'),
(43, 5, 'debit', 316.45, 'Payment for pd_parcel #21', 'pd_parcel', 21, '2026-08-03 05:55:53', '2026-08-03 05:55:53'),
(44, 5, 'credit', 316.45, 'Refund for cancelled parcel #PD-ERFTVQNP by Staff', 'pd_parcel', 21, '2026-08-03 05:57:10', '2026-08-03 05:57:10'),
(45, 5, 'debit', 158.13, 'Payment for pd_parcel #22', 'pd_parcel', 22, '2026-08-03 06:00:32', '2026-08-03 06:00:32'),
(46, 5, 'debit', 200.00, 'Payment for hs_booking #53', 'hs_booking', 53, '2026-08-03 08:00:20', '2026-08-03 08:00:20'),
(47, 5, 'debit', 100.00, 'Payment for hs_booking #56', 'hs_booking', 56, '2026-08-03 08:24:16', '2026-08-03 08:24:16'),
(48, 5, 'debit', 37.89, 'Payment for pd_parcel #23', 'pd_parcel', 23, '2026-08-03 08:40:08', '2026-08-03 08:40:08'),
(49, 5, 'debit', 28.60, 'Payment for hs_booking #58', 'hs_booking', 58, '2026-08-04 03:16:48', '2026-08-04 03:16:48'),
(50, 5, 'debit', 28.60, 'Payment for hs_booking #59', 'hs_booking', 59, '2026-08-04 05:23:07', '2026-08-04 05:23:07'),
(51, 5, 'debit', 59.00, 'Payment for da_appointment #14', 'da_appointment', 14, '2026-08-04 06:13:07', '2026-08-04 06:13:07'),
(52, 5, 'debit', 50.00, 'Payment for da_appointment #15', 'da_appointment', 15, '2026-08-04 06:27:29', '2026-08-04 06:27:29'),
(53, 5, 'debit', 35.40, 'Payment for ss_appointment #15', 'ss_appointment', 15, '2026-08-04 06:58:40', '2026-08-04 06:58:40'),
(54, 5, 'debit', 11.80, 'Payment for ss_appointment #16', 'ss_appointment', 16, '2026-08-04 07:03:35', '2026-08-04 07:03:35'),
(55, 5, 'credit', 11.80, 'Refund for cancelled salon appointment #SS-BWAVKK6D by Provider', 'ss_appointment', 16, '2026-08-04 07:06:15', '2026-08-04 07:06:15'),
(56, 5, 'credit', 1508.14, 'Refund for cancelled order ORD-BDFDC22677', 'ec_order', 22, '2026-08-04 07:21:40', '2026-08-04 07:21:40'),
(57, 5, 'debit', 123.00, 'Payment for hs_booking #61', 'hs_booking', 61, '2026-08-04 07:26:32', '2026-08-04 07:26:32'),
(58, 27, 'credit', 105.00, 'Refund for cancelled appointment #DA-M8FSHTLA', 'da_appointment', 18, '2026-08-17 08:06:50', '2026-08-17 08:06:50'),
(59, 27, 'debit', 11.80, 'Payment for ss_appointment #17', 'ss_appointment', 17, '2026-08-17 12:53:35', '2026-08-17 12:53:35'),
(60, 27, 'debit', 23.60, 'Payment for ft_class #11', 'ft_class', 11, '2026-08-18 07:30:46', '2026-08-18 07:30:46'),
(61, 27, 'debit', 23.60, 'Payment for ft_program #9', 'ft_program', 9, '2026-08-18 07:33:52', '2026-08-18 07:33:52'),
(62, 27, 'debit', 23.60, 'Payment for ft_program #10', 'ft_program', 10, '2026-08-18 07:34:35', '2026-08-18 07:34:35'),
(63, 27, 'credit', 31.89, 'Refund for cancelled parcel #PD-6PKX5MJO', 'pd_parcel', 25, '2026-08-18 13:29:29', '2026-08-18 13:29:29'),
(64, 27, 'debit', 26.78, 'Payment for pd_parcel #28', 'pd_parcel', 28, '2026-08-18 13:42:44', '2026-08-18 13:42:44'),
(65, 27, 'credit', 26.78, 'Refund for cancelled parcel #PD-Q25ONPB3 by Provider', 'pd_parcel', 28, '2026-08-18 13:43:29', '2026-08-18 13:43:29'),
(66, 27, 'debit', 45.92, 'Payment for pd_parcel #29', 'pd_parcel', 29, '2026-08-19 02:33:13', '2026-08-19 02:33:13');
COMMIT;

